404
CXUS53 KUNR 011604
CLMUNR


CLIMATE REPORT
NATIONAL WEATHER SERVICE RAPID CITY SD
1004 AM MDT TUE JUL 1 2014

...................................

...THE EAST RAPID CITY SD CLIMATE SUMMARY FOR THE MONTH OF JUNE 2014...

CLIMATE NORMAL PERIOD 1981 TO 2010
CLIMATE RECORD PERIOD 1888 TO 2014

WEATHER         OBSERVED          NORMAL  DEPART  LAST YEAR`S
                 VALUE   DATE(S)  VALUE   FROM    VALUE  DATE(S)
                                          NORMAL
................................................................
TEMPERATURE (F)
RECORD
 HIGH             106   06/26/2012
 LOW               31   06/03/1998
HIGHEST            83   06/26                         88  06/27
LOWEST             43   06/07                         43  06/02
                        06/06
AVG. MAXIMUM     71.5              76.0    -4.5     76.2
AVG. MINIMUM     52.8              54.2    -1.4     55.7
MEAN             62.1              65.1    -3.0     65.9
DAYS MAX >= 90      0                                  0
DAYS MAX <= 32      0                                  0
DAYS MIN <= 32      0                                  0
DAYS MIN <= 0       0                                  0

PRECIPITATION (INCHES)
RECORD
 MAXIMUM         9.07   MM
 MINIMUM         0.50   1898
TOTALS           6.05              3.16    2.89     1.67
DAILY AVG.       0.20              0.11    0.09     0.06
DAYS >= .01        19                                  8
DAYS >= .10        13                                  5
DAYS >= .50         5                                  2
DAYS >= 1.00        0                                  0
GREATEST
 24 HR. TOTAL    0.95   06/26 TO 06/26              0.51

SNOWFALL (INCHES)
RECORDS
 TOTAL            3.0   1998
TOTALS            0.0               0.0     0.0      0.0
SINCE 7/1        73.5              49.3    24.2     73.0
SNOWDEPTH AVG.      0                MM      MM        0
DAYS >= 1.0         0               0.0     0.0        0
GREATEST
 SNOW DEPTH         0   MM                             0  MM
 24 HR TOTAL      0.0   06/30 TO 06/30               0.0

DEGREE_DAYS
HEATING TOTAL     108                88      20       58
 SINCE 7/1       7404              6860     544     6692
COOLING TOTAL      28                91     -63       95
 SINCE 1/1         56               109     -53      119
.................................................................

WIND (MPH)
AVERAGE WIND SPEED              8.1
HIGHEST WIND SPEED/DIRECTION    39/010    DATE  06/16
HIGHEST GUST SPEED/DIRECTION    56/350    DATE  06/16

AVERAGE RH (PERCENT)     66

WEATHER CONDITIONS. NUMBER OF DAYS WITH
THUNDERSTORM              0     MIXED PRECIP               0
HEAVY RAIN                4     RAIN                       8
LIGHT RAIN               18     FREEZING RAIN              0
LT FREEZING RAIN          0     HAIL                       2
HEAVY SNOW                0     SNOW                       0
LIGHT SNOW                0     SLEET                      0
FOG                       4     FOG W/VIS <= 1/4 MILE      1
HAZE                      0

-  INDICATES NEGATIVE NUMBERS.
R  INDICATES RECORD WAS SET OR TIED.
MM INDICATES DATA IS MISSING.
T  INDICATES TRACE AMOUNT.

$$




U.S. Dept. of Commerce
NOAA National Weather Service
1325 East West Highway
Silver Spring, MD 20910
E-mail: w-nws.webmaster@noaa.gov
Page last modified: May 16, 2007
NATIONAL WEATHER SERVICE: for Safety, for Work, for Fun - FOR LIFE