058
CXUS53 KUNR 011624
CLMUNR


CLIMATE REPORT
NATIONAL WEATHER SERVICE RAPID CITY SD
1007 AM MDT TUE APR 1 2014

...................................

...THE EAST RAPID CITY SD CLIMATE SUMMARY FOR THE MONTH OF MARCH 2014...

CLIMATE NORMAL PERIOD 1981 TO 2010
CLIMATE RECORD PERIOD 1888 TO 2014

WEATHER         OBSERVED          NORMAL  DEPART  LAST YEAR`S
                 VALUE   DATE(S)  VALUE   FROM    VALUE  DATE(S)
                                          NORMAL
................................................................
TEMPERATURE (F)
RECORD
 HIGH              85   03/22/1910
 LOW              -17   03/03/1891
HIGHEST            72   03/09                         72  03/14
LOWEST            -16   03/02                          8  03/24
AVG. MAXIMUM     43.6              46.5    -2.9     45.7
AVG. MINIMUM     20.0              24.9    -4.9     22.9
MEAN             31.8              35.7    -3.9     34.3
DAYS MAX >= 90      0                                  0
DAYS MAX <= 32      7                                  5
DAYS MIN <= 32     27                                 26
DAYS MIN <= 0       3                                  0

PRECIPITATION (INCHES)
RECORD
 MAXIMUM         3.34   1902
 MINIMUM         0.09   2012
                        1909
TOTALS           1.13              0.99    0.14     0.69
DAILY AVG.       0.04              0.03    0.01     0.02
DAYS >= .01        14                                  5
DAYS >= .10         4                                  2
DAYS >= .50         0                                  0
DAYS >= 1.00        0                                  0
GREATEST
 24 HR. TOTAL    0.31   03/18 TO 03/18              0.29

SNOWFALL (INCHES)
RECORDS
 TOTAL           33.5   1950
TOTALS           14.4              11.8     2.6     11.8
SINCE 7/1        64.5              38.5    26.0     33.5
SNOWDEPTH AVG.      1                 3      -2        1
DAYS >= 1.0         5               3.2     1.8        3
GREATEST
 SNOW DEPTH         3   03/18                          6  03/17
                        03/04
                        03/03
 24 HR TOTAL      3.3   MM                           5.8

DEGREE_DAYS
HEATING TOTAL    1020               908     112      944
 SINCE 7/1       6368              5862     506     5569
COOLING TOTAL       0                 0       0        0
 SINCE 1/1          0                 0       0        0
.................................................................

WIND (MPH)
AVERAGE WIND SPEED              9.8
HIGHEST WIND SPEED/DIRECTION    36/350    DATE  03/20
HIGHEST GUST SPEED/DIRECTION    54/350    DATE  03/20

AVERAGE RH (PERCENT)     63

WEATHER CONDITIONS. NUMBER OF DAYS WITH
THUNDERSTORM              0     MIXED PRECIP               1
HEAVY RAIN                0     RAIN                       0
LIGHT RAIN                7     FREEZING RAIN              0
LT FREEZING RAIN          3     HAIL                       0
HEAVY SNOW                1     SNOW                       4
LIGHT SNOW               11     SLEET                      1
FOG                       4     FOG W/VIS <= 1/4 MILE      1
HAZE                      0

-  INDICATES NEGATIVE NUMBERS.
R  INDICATES RECORD WAS SET OR TIED.
MM INDICATES DATA IS MISSING.
T  INDICATES TRACE AMOUNT.

$$





U.S. Dept. of Commerce
NOAA National Weather Service
1325 East West Highway
Silver Spring, MD 20910
E-mail: w-nws.webmaster@noaa.gov
Page last modified: May 16, 2007
NATIONAL WEATHER SERVICE: for Safety, for Work, for Fun - FOR LIFE