708
CXUS53 KUNR 011602
CLMUNR


CLIMATE REPORT
NATIONAL WEATHER SERVICE RAPID CITY SD
1001 AM MDT FRI AUG 1 2014

...................................

...THE EAST RAPID CITY SD CLIMATE SUMMARY FOR THE MONTH OF JULY 2014...

CLIMATE NORMAL PERIOD 1981 TO 2010
CLIMATE RECORD PERIOD 1888 TO 2014

WEATHER         OBSERVED          NORMAL  DEPART  LAST YEAR`S
                 VALUE   DATE(S)  VALUE   FROM    VALUE  DATE(S)
                                          NORMAL
................................................................
TEMPERATURE (F)
RECORD
 HIGH             107   07/12/1954
                        07/09/1954
 LOW               40   07/01/1959
HIGHEST            98   07/21                         98  07/11
LOWEST             49   07/15                         51  07/28
                                                          07/27
AVG. MAXIMUM     81.4              84.3    -2.9     85.5
AVG. MINIMUM     60.7              61.7    -1.0     61.6
MEAN             71.1              73.0    -1.9     73.5
DAYS MAX >= 90      5                                  7
DAYS MAX <= 32      0                                  0
DAYS MIN <= 32      0                                  0
DAYS MIN <= 0       0                                  0

PRECIPITATION (INCHES)
RECORD
 MAXIMUM         9.66   1905
 MINIMUM         0.13   1890
TOTALS           1.42              2.50   -1.08     2.32
DAILY AVG.       0.05              0.08   -0.03     0.07
DAYS >= .01         9                                 12
DAYS >= .10         6                                  5
DAYS >= .50         0                                  2
DAYS >= 1.00        0                                  0
GREATEST
 24 HR. TOTAL    0.46   07/23 TO 07/23              0.77

SNOWFALL (INCHES)
RECORDS
 TOTAL            0.0   1955
TOTALS            0.0               0.0     0.0      0.0
SINCE 7/1         0.0               0.0     0.0      0.0
SNOWDEPTH AVG.      0                MM      MM        0
DAYS >= 1.0         0               0.0     0.0        0
GREATEST
 SNOW DEPTH         0   MM                             0  MM
 24 HR TOTAL      0.0   07/31 TO 07/31               0.0

DEGREE_DAYS
HEATING TOTAL      11                12      -1        6
 SINCE 7/1         11                12      -1        6
COOLING TOTAL     209               260     -51      278
 SINCE 1/1        265               369    -104      397
.................................................................

WIND (MPH)
AVERAGE WIND SPEED              8.1
HIGHEST WIND SPEED/DIRECTION    33/330    DATE  07/23
HIGHEST GUST SPEED/DIRECTION    46/330    DATE  07/23

AVERAGE RH (PERCENT)     55

WEATHER CONDITIONS. NUMBER OF DAYS WITH
THUNDERSTORM              0     MIXED PRECIP               0
HEAVY RAIN                1     RAIN                       5
LIGHT RAIN               11     FREEZING RAIN              0
LT FREEZING RAIN          0     HAIL                       0
HEAVY SNOW                0     SNOW                       0
LIGHT SNOW                0     SLEET                      0
FOG                       0     FOG W/VIS <= 1/4 MILE      0
HAZE                      0

-  INDICATES NEGATIVE NUMBERS.
R  INDICATES RECORD WAS SET OR TIED.
MM INDICATES DATA IS MISSING.
T  INDICATES TRACE AMOUNT.

$$




U.S. Dept. of Commerce
NOAA National Weather Service
1325 East West Highway
Silver Spring, MD 20910
E-mail: w-nws.webmaster@noaa.gov
Page last modified: May 16, 2007
NATIONAL WEATHER SERVICE: for Safety, for Work, for Fun - FOR LIFE