750
CXUS53 KLSX 050147 CCA
CLMUIN

CLIMATE REPORT
NATIONAL WEATHER SERVICE ST LOUIS MO
1106 AM CDT SAT NOV 1 2014

...................................

...THE QUINCY IL CLIMATE SUMMARY FOR THE MONTH OF OCTOBER 2014...

CLIMATE NORMAL PERIOD 1981 TO 2010
CLIMATE RECORD PERIOD 1901 TO 2014

WEATHER         OBSERVED          NORMAL  DEPART  LAST YEAR`S
                 VALUE   DATE(S)  VALUE   FROM    VALUE
                                          NORMAL
.............................................................
TEMPERATURE (F)
RECORD
 HIGH              96   10/07/1939
 LOW               10   10/30/1925
HIGHEST            77   10/27                         88
                        10/25
LOWEST             27   10/31                         23
AVG. MAXIMUM     63.9              65.0    -1.1     66.3
AVG. MINIMUM     45.2              44.4     0.8     44.4
MEAN             54.6              54.7    -0.1     55.3
DAYS MAX >= 90      0               0.1    -0.1        0
DAYS MAX <= 32      0               0.0     0.0        0
DAYS MIN <= 32      1               2.5    -1.5        3
DAYS MIN <= 0       0               0.0     0.0        0

PRECIPITATION (INCHES)
RECORD
 MAXIMUM        10.84   1969
 MINIMUM         0.16   1904
TOTALS           6.07              3.01    3.06     2.84
DAILY AVG.       0.20              0.10    0.10     0.09
DAYS >= .01        12               8.7     3.3       11
DAYS >= .10         6               5.7     0.3        5
DAYS >= .50         4               1.9     2.1        2
DAYS >= 1.00        3               0.8     2.2        2
GREATEST
 24 HR. TOTAL    2.57   10/01 TO 10/02

DEGREE_DAYS
HEATING TOTAL     321               337     -16      336
 SINCE 7/1        413               424     -11      373
COOLING TOTAL       5                17     -12       43
 SINCE 1/1       1021              1093     -72     1242
..............................................................

WIND (MPH)
HIGHEST WIND SPEED/DIRECTION    31/340    DATE  10/31
HIGHEST GUST SPEED/DIRECTION    39/330    DATE  10/31

SKY COVER
NUMBER OF DAYS FAIR           15
NUMBER OF DAYS PC              9
NUMBER OF DAYS CLOUDY          7


WEATHER CONDITIONS. NUMBER OF DAYS WITH
THUNDERSTORM              3     MIXED PRECIP               0
HEAVY RAIN                4     RAIN                       7
LIGHT RAIN               13     FREEZING RAIN              0
LT FREEZING RAIN          0     HEAVY SNOW                 0
SNOW                      0     LIGHT SNOW                 0
SLEET                     0     FOG                       12
FOG W/VIS <= 1/4 MILE     5     HAZE                       8

-  INDICATES NEGATIVE NUMBERS.
R  INDICATES RECORD WAS SET OR TIED.
MM INDICATES DATA IS MISSING.
T  INDICATES TRACE AMOUNT.

$$

** RECORD DAILY HIGH MINIMUM OF 63 DEGREES ON 10/27.

** A RECORD RAINFALL OF 1.90" WAS RECORDED OCTOBER 1ST WHICH
   BREAKS THE PREVIOUS RECORD OF 1.19" SET IN 1925.

** OCTOBER 2014 WAS THE 9TH WETTEST ON RECORD.












U.S. Dept. of Commerce
NOAA National Weather Service
1325 East West Highway
Silver Spring, MD 20910
E-mail: w-nws.webmaster@noaa.gov
Page last modified: May 16, 2007
NATIONAL WEATHER SERVICE: for Safety, for Work, for Fun - FOR LIFE