869
CXUS53 KLSX 021224 CCA
CLMUIN

CLIMATE REPORT
NATIONAL WEATHER SERVICE ST LOUIS MO
1141 AM CST THU JAN 1 2015

...................................

...THE QUINCY IL CLIMATE SUMMARY FOR THE MONTH OF DECEMBER 2014...

CLIMATE NORMAL PERIOD 1981 TO 2010
CLIMATE RECORD PERIOD 1901 TO 2014

WEATHER         OBSERVED          NORMAL  DEPART  LAST YEAR`S
                 VALUE   DATE(S)  VALUE   FROM    VALUE
                                          NORMAL
.............................................................
TEMPERATURE (F)
RECORD
 HIGH              74   12/03/2012
 LOW              -22   12/22/1989
HIGHEST            58   12/14                         60
LOWEST              6   12/31                         -1
AVG. MAXIMUM     39.3              37.5     1.8     35.6
AVG. MINIMUM     28.1              22.1     6.0     17.5
MEAN             33.7              29.8     3.9     26.6
DAYS MAX >= 90      0               0.0     0.0        0
DAYS MAX <= 32      6               9.4    -3.4       16
DAYS MIN <= 32     21              25.4    -4.4       27
DAYS MIN <= 0       0               1.5    -1.5        1

PRECIPITATION (INCHES)
RECORD
 MAXIMUM         8.62   1982
 MINIMUM         0.15   1955
TOTALS           1.31              2.25   -0.94     1.08
DAILY AVG.       0.04              0.07   -0.03     0.03
DAYS >= .01         4               8.5    -4.5        5
DAYS >= .10         3               4.1    -1.1        4
DAYS >= .50         1               1.3    -0.3        1
DAYS >= 1.00        0               0.6    -0.6        0
GREATEST
 24 HR. TOTAL    0.50   12/05

DEGREE_DAYS
HEATING TOTAL     963              1091    -128     1183
 SINCE 7/1       2240              2191      49     2316
COOLING TOTAL       0                 0       0        0
 SINCE 1/1       1021              1094     -73     1242
..............................................................

WIND (MPH)
HIGHEST WIND SPEED/DIRECTION    30/120    DATE  12/15
HIGHEST GUST SPEED/DIRECTION    40/120    DATE  12/15

SKY COVER
NUMBER OF DAYS FAIR           10
NUMBER OF DAYS PC              5
NUMBER OF DAYS CLOUDY         16


WEATHER CONDITIONS. NUMBER OF DAYS WITH
THUNDERSTORM              0     MIXED PRECIP               0
HEAVY RAIN                0     RAIN                       3
LIGHT RAIN                7     FREEZING RAIN              0
LT FREEZING RAIN          1     HEAVY SNOW                 0
SNOW                      0     LIGHT SNOW                 2
SLEET                     0     FOG                       16
FOG W/VIS <= 1/4 MILE     3     HAZE                      13

-  INDICATES NEGATIVE NUMBERS.
R  INDICATES RECORD WAS SET OR TIED.
MM INDICATES DATA IS MISSING.
T  INDICATES TRACE AMOUNT.


...MONTHLY...

NO MONTHLY RECORDS OF NOTE.


...DAILY...

2 RECORD HIGH MINIMUM TEMPERATURES SET (12/15 AND 12/14).

$$







U.S. Dept. of Commerce
NOAA National Weather Service
1325 East West Highway
Silver Spring, MD 20910
E-mail: w-nws.webmaster@noaa.gov
Page last modified: May 16, 2007
NATIONAL WEATHER SERVICE: for Safety, for Work, for Fun - FOR LIFE