106
CXUS56 KSEW 011032
CLMUIL


CLIMATE REPORT
NATIONAL WEATHER SERVICE SEATTLE WA
332 AM PDT FRI AUG 1 2014

...................................

...THE QUILLAYUTE WA AIRPORT CLIMATE SUMMARY FOR THE MONTH OF JULY 2014...

CLIMATE NORMAL PERIOD 1981 TO 2010
CLIMATE RECORD PERIOD 1966 TO 2014

WEATHER         OBSERVED          NORMAL  DEPART  LAST YEAR`S
                 VALUE   DATE(S)  VALUE   FROM    VALUE  DATE(S)
                                          NORMAL
................................................................
TEMPERATURE (F)
RECORD
 HIGH              97   07/19/1988
                        10/07/5881
                        10/07/5881
 LOW               38   07/05/2002
                        07/14/2000
                        07/18/1977
HIGHEST            91   07/01        MM      MM       91  07/16
LOWEST             44   07/04        MM      MM       46  07/26
                                                          07/15
AVG. MAXIMUM     69.6              67.4     2.2     68.9
AVG. MINIMUM     51.4              50.5     0.9     53.7
MEAN             60.5              58.9     1.6     61.3
DAYS MAX >= 90      1               0.3     0.7        1
DAYS MAX <= 32      0               0.0     0.0        0
DAYS MIN <= 32      0               0.0     0.0        0
DAYS MIN <= 0       0               0.0     0.0        0

PRECIPITATION (INCHES)
RECORD
 MAXIMUM        11.02   1983
 MINIMUM         0.01   2013
TOTALS           0.82              1.98   -1.16     0.01
DAILY AVG.       0.03              0.06   -0.03     0.00
DAYS >= .01         8              10.3    -2.3        1
DAYS >= .10         3               4.1    -1.1        0
DAYS >= .50         0               0.9    -0.9        0
DAYS >= 1.00        0               0.4    -0.4        0
GREATEST
 24 HR. TOTAL    0.29   07/19 TO 07/19
                        07/18 TO 07/19
                        07/19 TO 07/19

DEGREE_DAYS
HEATING TOTAL     136               194     -58      113
 SINCE 7/1        136               194     -58      113
COOLING TOTAL       6                 7      -1        6
 SINCE 1/1         10                11      -1       16
.................................................................

WIND (MPH)
AVERAGE WIND SPEED              4.8
HIGHEST WIND SPEED/DIRECTION    18/330    DATE  07/27
HIGHEST GUST SPEED/DIRECTION    26/190    DATE  07/23

SKY COVER
POSSIBLE SUNSHINE (PERCENT)   MM
AVERAGE SKY COVER           0.60
NUMBER OF DAYS FAIR            6
NUMBER OF DAYS PC             15
NUMBER OF DAYS CLOUDY         10

AVERAGE RH (PERCENT)     81

WEATHER CONDITIONS. NUMBER OF DAYS WITH
THUNDERSTORM              0     MIXED PRECIP               0
HEAVY RAIN                0     RAIN                       4
LIGHT RAIN                9     FREEZING RAIN              0
LT FREEZING RAIN          0     HAIL                       0
HEAVY SNOW                0     SNOW                       0
LIGHT SNOW                0     SLEET                      0
FOG                      30     FOG W/VIS <= 1/4 MILE      9
HAZE                      7

-  INDICATES NEGATIVE NUMBERS.
R  INDICATES RECORD WAS SET OR TIED.
MM INDICATES DATA IS MISSING.
T  INDICATES TRACE AMOUNT.

$$




U.S. Dept. of Commerce
NOAA National Weather Service
1325 East West Highway
Silver Spring, MD 20910
E-mail: w-nws.webmaster@noaa.gov
Page last modified: May 16, 2007
NATIONAL WEATHER SERVICE: for Safety, for Work, for Fun - FOR LIFE