271
CXUS56 KSEW 021730
CLMUIL


CLIMATE REPORT
NATIONAL WEATHER SERVICE SEATTLE WA
1030 AM PDT THU OCT 2 2014

...................................

...THE QUILLAYUTE WA AIRPORT CLIMATE SUMMARY FOR THE MONTH OF SEPTEMBER 2014...

CLIMATE NORMAL PERIOD 1981 TO 2010
CLIMATE RECORD PERIOD 1966 TO 2014

WEATHER         OBSERVED          NORMAL  DEPART  LAST YEAR`S
                 VALUE   DATE(S)  VALUE   FROM    VALUE  DATE(S)
                                          NORMAL
................................................................
TEMPERATURE (F)
RECORD
 HIGH              97   09/02/1988
 LOW               28   09/27/1972
HIGHEST            89   09/06        MM      MM       87  09/10
LOWEST             42   09/14        MM      MM       41  09/26
                        09/13                             09/25
                        09/12
AVG. MAXIMUM     71.1              66.2     4.9     69.0
AVG. MINIMUM     49.5              46.9     2.6     53.6
MEAN             60.3              56.6     3.7     61.3
DAYS MAX >= 90      0               0.1    -0.1        0
DAYS MAX <= 32      0               0.0     0.0        0
DAYS MIN <= 32      0               0.1    -0.1        0
DAYS MIN <= 0       0               0.0     0.0        0

PRECIPITATION (INCHES)
RECORD
 MAXIMUM        12.82   1997
 MINIMUM         0.12   1991
TOTALS           4.55              3.82    0.73     9.59
DAILY AVG.       0.15              0.13    0.02     0.32
DAYS >= .01        12              10.9     1.1       17
DAYS >= .10         6               6.2    -0.2       12
DAYS >= .50         3               2.8     0.2        4
DAYS >= 1.00        2               1.0     1.0        4
GREATEST
 24 HR. TOTAL    3.11   09/25 TO 09/26

DEGREE_DAYS
HEATING TOTAL     139               256    -117      119
 SINCE 7/1        389               625    -236      291
COOLING TOTAL       7                 2       5       14
 SINCE 1/1         25                19       6       39
.................................................................

WIND (MPH)
AVERAGE WIND SPEED              5.0
HIGHEST WIND SPEED/DIRECTION    23/190    DATE  09/24
HIGHEST GUST SPEED/DIRECTION    37/190    DATE  09/24

SKY COVER
POSSIBLE SUNSHINE (PERCENT)   MM
AVERAGE SKY COVER           0.50
NUMBER OF DAYS FAIR           11
NUMBER OF DAYS PC              6
NUMBER OF DAYS CLOUDY         13

AVERAGE RH (PERCENT)     76

WEATHER CONDITIONS. NUMBER OF DAYS WITH
THUNDERSTORM              0     MIXED PRECIP               0
HEAVY RAIN                3     RAIN                       4
LIGHT RAIN               13     FREEZING RAIN              0
LT FREEZING RAIN          0     HAIL                       0
HEAVY SNOW                0     SNOW                       0
LIGHT SNOW                0     SLEET                      0
FOG                      24     FOG W/VIS <= 1/4 MILE      5
HAZE                      1

-  INDICATES NEGATIVE NUMBERS.
R  INDICATES RECORD WAS SET OR TIED.
MM INDICATES DATA IS MISSING.
T  INDICATES TRACE AMOUNT.

$$




U.S. Dept. of Commerce
NOAA National Weather Service
1325 East West Highway
Silver Spring, MD 20910
E-mail: w-nws.webmaster@noaa.gov
Page last modified: May 16, 2007
NATIONAL WEATHER SERVICE: for Safety, for Work, for Fun - FOR LIFE