381
CXUS53 KLOT 011224
CLMUGN


CLIMATE REPORT
NATIONAL WEATHER SERVICE CHICAGO IL
610 AM CST MON DEC 1 2014

...................................

...THE WAUKEGAN   CLIMATE SUMMARY FOR THE MONTH OF NOVEMBER 2014...

CLIMATE NORMAL PERIOD 1981 TO 2010
CLIMATE RECORD PERIOD 2000 TO 2014

WEATHER         OBSERVED          NORMAL  DEPART  LAST YEAR`S
                 VALUE   DATE(S)  VALUE   FROM    VALUE
                                          NORMAL
.............................................................
TEMPERATURE (F)
RECORD
 HIGH              74   11/09/1999
 LOW                7   11/21/2014

HIGHEST            61   11/03                         69
LOWEST              7R  11/21                          8

AVG. MAXIMUM     40.6              46.7    -6.1     43.7
AVG. MINIMUM     23.4              31.4    -8.0     27.6
MEAN             32.0              39.1    -7.1     35.7

PRECIPITATION (INCHES)
RECORD
 MAXIMUM         5.24   2003
 MINIMUM         0.26   1999
TOTALS           1.26              2.76   -1.50     1.94

DEGREE_DAYS
HEATING TOTAL     984               779     205      872
 SINCE 7/1       1663              1385     278     1512
COOLING TOTAL       0                 0       0        0
 SINCE 1/1        424               564    -140      590
..............................................................

WIND (MPH)
AVERAGE WIND SPEED              8.9
HIGHEST WIND SPEED/DIRECTION    31/200    DATE  11/09
HIGHEST GUST SPEED/DIRECTION    39/220    DATE  11/09

AVERAGE RH (PERCENT)     70


-  INDICATES NEGATIVE NUMBERS.
R  INDICATES RECORD WAS SET OR TIED.
MM INDICATES DATA IS MISSING.
T  INDICATES TRACE AMOUNT.

$$





U.S. Dept. of Commerce
NOAA National Weather Service
1325 East West Highway
Silver Spring, MD 20910
E-mail: w-nws.webmaster@noaa.gov
Page last modified: May 16, 2007
NATIONAL WEATHER SERVICE: for Safety, for Work, for Fun - FOR LIFE