365
CXUS53 KLOT 011137
CLMUGN


CLIMATE REPORT
NATIONAL WEATHER SERVICE CHICAGO IL
627 AM CDT MON SEP 1 2014

...................................

...THE WAUKEGAN   CLIMATE SUMMARY FOR THE MONTH OF AUGUST 2014...

CLIMATE NORMAL PERIOD 1981 TO 2010
CLIMATE RECORD PERIOD 2000 TO 2014

WEATHER         OBSERVED          NORMAL  DEPART  LAST YEAR`S
                 VALUE   DATE(S)  VALUE   FROM    VALUE
                                          NORMAL
.............................................................
TEMPERATURE (F)
RECORD
 HIGH              97   08/02/2006
 LOW               45   08/15/2004
HIGHEST            87   08/03
LOWEST             49   08/15
                        08/14
AVG. MAXIMUM     78.3              79.0    -0.7     80.0
AVG. MINIMUM     61.3              60.8     0.5     59.5
MEAN             69.8              69.9    -0.1     69.7

PRECIPITATION (INCHES)
RECORD
 MAXIMUM        10.22   2007
 MINIMUM         1.03   2008
TOTALS           3.71              3.83   -0.12     1.36

DEGREE_DAYS
HEATING TOTAL       9                16      -7
COOLING TOTAL     164               167      -3
 SINCE 1/1        371               502    -131
..............................................................

WIND (MPH)
HIGHEST WIND SPEED/DIRECTION    28/210    DATE  08/30
HIGHEST GUST SPEED/DIRECTION    33/220    DATE  08/30



-  INDICATES NEGATIVE NUMBERS.
R  INDICATES RECORD WAS SET OR TIED.
MM INDICATES DATA IS MISSING.
T  INDICATES TRACE AMOUNT.

$$





U.S. Dept. of Commerce
NOAA National Weather Service
1325 East West Highway
Silver Spring, MD 20910
E-mail: w-nws.webmaster@noaa.gov
Page last modified: May 16, 2007
NATIONAL WEATHER SERVICE: for Safety, for Work, for Fun - FOR LIFE