120
CXUS53 KLOT 011420
CLMUGN


CLIMATE REPORT
NATIONAL WEATHER SERVICE CHICAGO IL
918 AM CDT WED OCT 1 2014

...................................

...THE WAUKEGAN   CLIMATE SUMMARY FOR THE MONTH OF SEPTEMBER 2014...

CLIMATE NORMAL PERIOD 1981 TO 2010
CLIMATE RECORD PERIOD 2000 TO 2014

WEATHER         OBSERVED          NORMAL  DEPART  LAST YEAR`S
                 VALUE   DATE(S)  VALUE   FROM    VALUE
                                          NORMAL
.............................................................
TEMPERATURE (F)
RECORD
 HIGH              96   09/10/2013
 LOW               34   09/19/2012
HIGHEST            86   09/05        MM      MM       96
LOWEST             39   09/13        MM      MM       40
AVG. MAXIMUM     70.8              71.4    -0.6     73.2
AVG. MINIMUM     51.0              53.1    -2.1     53.3
MEAN             60.9              62.2    -1.3     63.2

PRECIPITATION (INCHES)
RECORD
 MAXIMUM         8.06   2008
 MINIMUM         0.68   2004
TOTALS           3.66              3.46    0.20     2.57

DEGREE_DAYS
HEATING TOTAL     162               138      24      139
 SINCE 7/1        205               166      39      178
COOLING TOTAL      51                55      -4       93
 SINCE 1/1        422               557    -135      583
..............................................................

WIND (MPH)
AVERAGE WIND SPEED              5.9
HIGHEST WIND SPEED/DIRECTION    25/170    DATE  09/04
HIGHEST GUST SPEED/DIRECTION    32/MM     DATE   MM

AVERAGE RH (PERCENT)     76


-  INDICATES NEGATIVE NUMBERS.
R  INDICATES RECORD WAS SET OR TIED.
MM INDICATES DATA IS MISSING.
T  INDICATES TRACE AMOUNT.

$$




U.S. Dept. of Commerce
NOAA National Weather Service
1325 East West Highway
Silver Spring, MD 20910
E-mail: w-nws.webmaster@noaa.gov
Page last modified: May 16, 2007
NATIONAL WEATHER SERVICE: for Safety, for Work, for Fun - FOR LIFE