715
CXUS53 KLOT 011323
CLMUGN


CLIMATE REPORT
NATIONAL WEATHER SERVICE CHICAGO IL
712 AM CST THU JAN 1 2015

...................................

...THE WAUKEGAN   CLIMATE SUMMARY FOR THE MONTH OF DECEMBER 2014...

CLIMATE NORMAL PERIOD 1981 TO 2010
CLIMATE RECORD PERIOD 2000 TO 2014

WEATHER         OBSERVED          NORMAL  DEPART  LAST YEAR`S
                 VALUE   DATE(S)  VALUE   FROM    VALUE
                                          NORMAL
.............................................................
TEMPERATURE (F)
RECORD
 HIGH              69   12/05/2001
 LOW               -9   12/22/2000
HIGHEST            50   12/14        MM      MM       53
LOWEST              2   12/31        MM      MM       -7
AVG. MAXIMUM     36.1              34.4     1.7     28.9
AVG. MINIMUM     25.9              20.5     5.4     12.0
MEAN             31.0              27.5     3.5     20.5

PRECIPITATION (INCHES)
RECORD
 MAXIMUM         4.08   2008
 MINIMUM         0.50   2005
TOTALS           0.80              2.00   -1.20     0.56

DEGREE_DAYS
HEATING TOTAL    1047              1164    -117     1376
 SINCE 7/1       2710              2549     161     2888
COOLING TOTAL       0                 0       0        0
 SINCE 1/1        424               564    -140      590
..............................................................

WIND (MPH)
AVERAGE WIND SPEED              7.9
HIGHEST WIND SPEED/DIRECTION    28/210    DATE  12/27
HIGHEST GUST SPEED/DIRECTION    37/220    DATE  12/27

AVERAGE RH (PERCENT)     77


-  INDICATES NEGATIVE NUMBERS.
R  INDICATES RECORD WAS SET OR TIED.
MM INDICATES DATA IS MISSING.
T  INDICATES TRACE AMOUNT.

$$




U.S. Dept. of Commerce
NOAA National Weather Service
1325 East West Highway
Silver Spring, MD 20910
E-mail: w-nws.webmaster@noaa.gov
Page last modified: May 16, 2007
NATIONAL WEATHER SERVICE: for Safety, for Work, for Fun - FOR LIFE