244
CXUS53 KLOT 011319
CLMUGN

CLIMATE REPORT
NATIONAL WEATHER SERVICE CHICAGO IL
759 AM CDT SAT NOV 1 2014

...................................
...THE WAUKEGAN   CLIMATE SUMMARY FOR THE MONTH OF OCTOBER 2014...

CLIMATE NORMAL PERIOD 1981 TO 2010
CLIMATE RECORD PERIOD 2000 TO 2014

WEATHER         OBSERVED          NORMAL  DEPART  LAST YEAR`S
                 VALUE   DATE(S)  VALUE   FROM    VALUE
                                          NORMAL
.............................................................
TEMPERATURE (F)
RECORD
 HIGH              87   10/07/2007
 LOW               23   10/25/2006

HIGHEST            75   10/27        MM      MM       78
LOWEST             31   10/30        MM      MM       28
                        10/23
                        10/22
AVG. MAXIMUM     58.6              59.9    -1.3     59.1
AVG. MINIMUM     41.3              42.2    -0.9     41.1
MEAN             49.9              51.0    -1.1     50.1

PRECIPITATION (INCHES)
RECORD
 MAXIMUM         7.16   2009
 MINIMUM         0.77   2005

TOTALS           3.50              2.92    0.58     1.83

DEGREE_DAYS
HEATING TOTAL     459               440      19      462
 SINCE 7/1        679               606      73      640
COOLING TOTAL       2                 7      -5        7
 SINCE 1/1        424               564    -140      590
..............................................................

WIND (MPH)
AVERAGE WIND SPEED              7.1
HIGHEST WIND SPEED/DIRECTION    29/350    DATE  10/31
HIGHEST GUST SPEED/DIRECTION    45/340    DATE  10/31

AVERAGE RH (PERCENT)     74


-  INDICATES NEGATIVE NUMBERS.
R  INDICATES RECORD WAS SET OR TIED.
MM INDICATES DATA IS MISSING.
T  INDICATES TRACE AMOUNT.

$$





U.S. Dept. of Commerce
NOAA National Weather Service
1325 East West Highway
Silver Spring, MD 20910
E-mail: w-nws.webmaster@noaa.gov
Page last modified: May 16, 2007
NATIONAL WEATHER SERVICE: for Safety, for Work, for Fun - FOR LIFE