116
CXUS54 KMRX 011600 RRA
CLMTYS

CLIMATE REPORT
NATIONAL WEATHER SERVICE MORRISTOWN TN
1200 PM EDT TUE APR 1 2014

...................................

...THE KNOXVILLE CLIMATE SUMMARY FOR THE MONTH OF MARCH 2014...

CLIMATE NORMAL PERIOD 1981 TO 2010
CLIMATE RECORD PERIOD 1871 TO 2014

WEATHER         OBSERVED          NORMAL  DEPART
                 VALUE   DATE(S)  VALUE   FROM
                                          NORMAL
................................................
TEMPERATURE (F)
HIGHEST            74   03/11
LOWEST             24   03/26
AVG. MAXIMUM     59.5              61.4    -1.9
AVG. MINIMUM     35.7              39.2    -3.5
MEAN             47.6              50.3    -2.7
DAYS MAX >= 90      0
DAYS MAX <= 32      0
DAYS MIN <= 32     12
DAYS MIN <= 0       0

PRECIPITATION (INCHES)
RECORD
 MAXIMUM        13.35   1917
 MINIMUM         0.72   1910
TOTALS           2.42              4.34   -1.92
DAYS >= .01         8
DAYS >= .10         5
DAYS >= .50         1
DAYS >= 1.00        0
GREATEST
 24 HR. TOTAL    0.92   03/03 TO 03/03

SNOWFALL (INCHES)
TOTALS            0.5               0.9    -0.4
SINCE 7/1        12.4
SNOWDEPTH AVG.      0
DAYS >= TRACE       4
GREATEST
 SNOW DEPTH         T   03/12

DEGREE_DAYS
HEATING TOTAL     533               461      72
 SINCE 7/1       3580              3357     223
COOLING TOTAL       0                 5      -5
 SINCE 1/1          0                 5      -5
.................................................



-  INDICATES NEGATIVE NUMBERS.
R  INDICATES RECORD WAS SET OR TIED.
MM INDICATES DATA IS MISSING.
T  INDICATES TRACE AMOUNT.

$$




U.S. Dept. of Commerce
NOAA National Weather Service
1325 East West Highway
Silver Spring, MD 20910
E-mail: w-nws.webmaster@noaa.gov
Page last modified: May 16, 2007
NATIONAL WEATHER SERVICE: for Safety, for Work, for Fun - FOR LIFE