002
CXUS54 KMRX 020027
CLMTYS

CLIMATE REPORT
NATIONAL WEATHER SERVICE MORRISTOWN TN
823 PM EDT WED OCT 1 2014

...................................

...THE KNOXVILLE CLIMATE SUMMARY FOR THE MONTH OF SEPTEMBER 2014...

CLIMATE NORMAL PERIOD 1981 TO 2010
CLIMATE RECORD PERIOD 1871 TO 2014

WEATHER         OBSERVED          NORMAL  DEPART
                 VALUE   DATE(S)  VALUE   FROM
                                          NORMAL
................................................
TEMPERATURE (F)
HIGHEST            89   09/11
                        09/06
                        09/02
LOWEST             50   09/23
AVG. MAXIMUM     82.9              81.8     1.1
AVG. MINIMUM     63.2              60.4     2.8
MEAN             73.1              71.1     2.0
DAYS MAX >= 90      0
DAYS MAX <= 32      0
DAYS MIN <= 32      0
DAYS MIN <= 0       0

PRECIPITATION (INCHES)
RECORD
 MAXIMUM         9.19   1989
 MINIMUM         0.22   1879
TOTALS           0.19R             3.24   -3.05
DAYS >= .01         7
DAYS >= .10         0
DAYS >= .50         0
DAYS >= 1.00        0
GREATEST
 24 HR. TOTAL    0.09   09/02 TO 09/03

SNOWFALL (INCHES)
TOTALS            0.0               0.0     0.0
SINCE 7/1         0.0
SNOWDEPTH AVG.      0
DAYS >= TRACE       0
GREATEST
 SNOW DEPTH         0   MM

DEGREE_DAYS
HEATING TOTAL       1                23     -22
 SINCE 7/1          1                23     -22
COOLING TOTAL     251               206      45
 SINCE 1/1       1450              1487     -37
.................................................



-  INDICATES NEGATIVE NUMBERS.
R  INDICATES RECORD WAS SET OR TIED.
MM INDICATES DATA IS MISSING.
T  INDICATES TRACE AMOUNT.

$$




U.S. Dept. of Commerce
NOAA National Weather Service
1325 East West Highway
Silver Spring, MD 20910
E-mail: w-nws.webmaster@noaa.gov
Page last modified: May 16, 2007
NATIONAL WEATHER SERVICE: for Safety, for Work, for Fun - FOR LIFE