449
CXUS54 KMRX 011834
CLMTYS

CLIMATE REPORT
NATIONAL WEATHER SERVICE MORRISTOWN TN
134 PM EST THU JAN 1 2015

...................................

...THE KNOXVILLE CLIMATE SUMMARY FOR THE MONTH OF DECEMBER 2014...

CLIMATE NORMAL PERIOD 1981 TO 2010
CLIMATE RECORD PERIOD 1871 TO 2014

WEATHER         OBSERVED          NORMAL  DEPART
                 VALUE   DATE(S)  VALUE   FROM
                                          NORMAL
................................................
TEMPERATURE (F)
HIGHEST            64   12/01
LOWEST             22   12/12
AVG. MAXIMUM     50.2              49.8     0.4
AVG. MINIMUM     36.3              31.7     4.6
MEAN             43.2              40.8     2.4
DAYS MAX >= 90      0
DAYS MAX <= 32      0
DAYS MIN <= 32     10
DAYS MIN <= 0       0

PRECIPITATION (INCHES)
RECORD
 MAXIMUM        12.34   1901
 MINIMUM         0.45   1965
TOTALS           4.24              4.50   -0.26
DAYS >= .01        13
DAYS >= .10         9
DAYS >= .50         2
DAYS >= 1.00        1
GREATEST
 24 HR. TOTAL    1.49   12/23 TO 12/24

SNOWFALL (INCHES)
TOTALS            0.0               0.8    -0.8
SINCE 7/1           T
SNOWDEPTH AVG.      0
DAYS >= TRACE       0
GREATEST
 SNOW DEPTH         0   MM

DEGREE_DAYS
HEATING TOTAL     664               752     -88
 SINCE 7/1       1490              1433      57
COOLING TOTAL       0                 0       0
 SINCE 1/1       1486              1526     -40
.................................................



-  INDICATES NEGATIVE NUMBERS.
R  INDICATES RECORD WAS SET OR TIED.
MM INDICATES DATA IS MISSING.
T  INDICATES TRACE AMOUNT.

$$




U.S. Dept. of Commerce
NOAA National Weather Service
1325 East West Highway
Silver Spring, MD 20910
E-mail: w-nws.webmaster@noaa.gov
Page last modified: May 16, 2007
NATIONAL WEATHER SERVICE: for Safety, for Work, for Fun - FOR LIFE