134
CXUS54 KMRX 012305
CLMTYS

CLIMATE REPORT
NATIONAL WEATHER SERVICE MORRISTOWN TN
604 PM EST MON DEC 1 2014

...................................

...THE KNOXVILLE CLIMATE SUMMARY FOR THE MONTH OF NOVEMBER 2014...

CLIMATE NORMAL PERIOD 1981 TO 2010
CLIMATE RECORD PERIOD 1871 TO 2014

WEATHER         OBSERVED          NORMAL  DEPART
                 VALUE   DATE(S)  VALUE   FROM
                                          NORMAL
................................................
TEMPERATURE (F)
HIGHEST            70   11/24
LOWEST             18   11/19
AVG. MAXIMUM     53.4              60.4    -7.0
AVG. MINIMUM     33.0              39.0    -6.0
MEAN             43.2              49.7    -6.5
DAYS MAX >= 90      0
DAYS MAX <= 32      1
DAYS MIN <= 32     13
DAYS MIN <= 0       0

PRECIPITATION (INCHES)
RECORD
 MAXIMUM        10.36   1948
 MINIMUM         0.17   1890
TOTALS           2.10              4.01   -1.91
DAYS >= .01         7
DAYS >= .10         5
DAYS >= .50         1
DAYS >= 1.00        1
GREATEST
 24 HR. TOTAL    1.01   11/17 TO 11/17

SNOWFALL (INCHES)
TOTALS              T                 T     0.0
SINCE 7/1           T
SNOWDEPTH AVG.      0
DAYS >= TRACE       5
GREATEST
 SNOW DEPTH         0   MM

DEGREE_DAYS
HEATING TOTAL     648               462     186
 SINCE 7/1        826               681     145
COOLING TOTAL       0                 3      -3
 SINCE 1/1       1486              1526     -40
.................................................



-  INDICATES NEGATIVE NUMBERS.
R  INDICATES RECORD WAS SET OR TIED.
MM INDICATES DATA IS MISSING.
T  INDICATES TRACE AMOUNT.

$$




U.S. Dept. of Commerce
NOAA National Weather Service
1325 East West Highway
Silver Spring, MD 20910
E-mail: w-nws.webmaster@noaa.gov
Page last modified: May 16, 2007
NATIONAL WEATHER SERVICE: for Safety, for Work, for Fun - FOR LIFE