466
CXUS54 KMRX 011739
CLMTYS

CLIMATE REPORT
NATIONAL WEATHER SERVICE MORRISTOWN TN
139 PM EDT TUE JUL 1 2014

...................................

...THE KNOXVILLE CLIMATE SUMMARY FOR THE MONTH OF JUNE 2014...

CLIMATE NORMAL PERIOD 1981 TO 2010
CLIMATE RECORD PERIOD 1871 TO 2014

WEATHER         OBSERVED          NORMAL  DEPART
                 VALUE   DATE(S)  VALUE   FROM
                                          NORMAL
................................................
TEMPERATURE (F)
HIGHEST            91   06/16
LOWEST             61   06/13
                        06/09
                        06/02
AVG. MAXIMUM     85.5              85.4     0.1
AVG. MINIMUM     66.1              64.7     1.4
MEAN             75.8              75.0     0.8
DAYS MAX >= 90      3
DAYS MAX <= 32      0
DAYS MIN <= 32      0
DAYS MIN <= 0       0

PRECIPITATION (INCHES)
RECORD
 MAXIMUM        11.83   1928
 MINIMUM         0.20   1944
TOTALS           4.55              3.81    0.74
DAYS >= .01        14
DAYS >= .10        11
DAYS >= .50         3
DAYS >= 1.00        1
GREATEST
 24 HR. TOTAL    1.46   06/27 TO 06/27
                        06/26 TO 06/27
                        06/27 TO 06/27

SNOWFALL (INCHES)
TOTALS            0.0               0.0     0.0
SINCE 7/1        12.4
SNOWDEPTH AVG.      0
DAYS >= TRACE       0
GREATEST
 SNOW DEPTH         0   MM

DEGREE_DAYS
HEATING TOTAL       0                 4      -4
 SINCE 7/1       3797              3637     160
COOLING TOTAL     330               305      25
 SINCE 1/1        535               467      68
.................................................



-  INDICATES NEGATIVE NUMBERS.
R  INDICATES RECORD WAS SET OR TIED.
MM INDICATES DATA IS MISSING.
T  INDICATES TRACE AMOUNT.

$$




U.S. Dept. of Commerce
NOAA National Weather Service
1325 East West Highway
Silver Spring, MD 20910
E-mail: w-nws.webmaster@noaa.gov
Page last modified: May 16, 2007
NATIONAL WEATHER SERVICE: for Safety, for Work, for Fun - FOR LIFE