118
CXUS54 KJAN 021434
CLMTVR


CLIMATE REPORT
NATIONAL WEATHER SERVICE JACKSON MS
831 AM CST SUN NOV 2 2014

...................................

...THE VICKSBURG CLIMATE SUMMARY FOR THE MONTH OF OCTOBER 2014...

CLIMATE NORMAL PERIOD 1981 TO 2010
CLIMATE RECORD PERIOD 1948 TO 2014

WEATHER         OBSERVED          NORMAL  DEPART  LAST YEAR`S
                 VALUE   DATE(S)  VALUE   FROM    VALUE
                                          NORMAL
.............................................................
TEMPERATURE (F)
RECORD
 HIGH              95   10/05/2006
                        10/04/2006
                        10/03/2006
 LOW               22   10/30/1952
                        10/29/1952
HIGHEST            92   10/01        MM      MM       90
LOWEST             37   10/30        MM      MM       35
                        10/24
AVG. MAXIMUM     80.8              78.5     2.3     78.6
AVG. MINIMUM     52.5              52.5     0.0     53.0
MEAN             66.6              65.5     1.1     65.8
DAYS MAX >= 90      3               1.4     1.6        2
DAYS MAX <= 32      0               0.0     0.0        0
DAYS MIN <= 32      0               0.5    -0.5        0
DAYS MIN <= 0       0               0.0     0.0        0

PRECIPITATION (INCHES)
RECORD
 MAXIMUM        13.21   2009
 MINIMUM         0.00   1963
TOTALS           4.86              4.67    0.19     3.55
DAILY AVG.       0.16              0.15    0.01     0.11
DAYS >= .01         8                MM      MM        8
DAYS >= .10         6                MM      MM        4
DAYS >= .50         3                MM      MM        3
DAYS >= 1.00        3                MM      MM        1
GREATEST
 24 HR. TOTAL    2.26   10/12 TO 10/13              2.03

SNOWFALL (INCHES)
TOTALS            0.0

DEGREE_DAYS
HEATING TOTAL      83                97     -14      101
 SINCE 7/1         83               102     -19      101
COOLING TOTAL     138               112      26      136
 SINCE 1/1       2182              2209     -27     2248
..............................................................

WIND (MPH)
AVERAGE WIND SPEED              5.0
HIGHEST WIND SPEED/DIRECTION    33/170    DATE  10/13
HIGHEST GUST SPEED/DIRECTION    43/170    DATE  10/13

SKY COVER
POSSIBLE SUNSHINE (PERCENT)   MM
AVERAGE SKY COVER           0.20
NUMBER OF DAYS FAIR           23
NUMBER OF DAYS PC              8
NUMBER OF DAYS CLOUDY          0

AVERAGE RH (PERCENT)     70

WEATHER CONDITIONS. NUMBER OF DAYS WITH
THUNDERSTORM              3     MIXED PRECIP               0
HEAVY RAIN                5     RAIN                       5
LIGHT RAIN                9     FREEZING RAIN              0
LT FREEZING RAIN          0     HAIL                       0
HEAVY SNOW                0     SNOW                       0
LIGHT SNOW                0     SLEET                      0
FOG                       8     FOG W/VIS <= 1/4 MILE      4
HAZE                      0

-  INDICATES NEGATIVE NUMBERS.
R  INDICATES RECORD WAS SET OR TIED.
MM INDICATES DATA IS MISSING.
T  INDICATES TRACE AMOUNT.

$$





U.S. Dept. of Commerce
NOAA National Weather Service
1325 East West Highway
Silver Spring, MD 20910
E-mail: w-nws.webmaster@noaa.gov
Page last modified: May 16, 2007
NATIONAL WEATHER SERVICE: for Safety, for Work, for Fun - FOR LIFE