666
CXUS54 KJAN 012249
CLMTVR


CLIMATE REPORT
NATIONAL WEATHER SERVICE JACKSON MS
448 PM CST MON DEC 1 2014

...................................

...THE VICKSBURG CLIMATE SUMMARY FOR THE MONTH OF NOVEMBER 2014...

CLIMATE NORMAL PERIOD 1981 TO 2010
CLIMATE RECORD PERIOD 1948 TO 2014

WEATHER         OBSERVED          NORMAL  DEPART  LAST YEAR`S
                 VALUE   DATE(S)  VALUE   FROM    VALUE
                                          NORMAL
.............................................................
TEMPERATURE (F)
RECORD
 HIGH              88   11/03/1971
                        11/13/1955
 LOW               15   11/19/1951
HIGHEST            80   11/04        MM      MM       82
LOWEST             23   11/19        MM      MM       20
AVG. MAXIMUM     62.7              67.7    -5.0     63.5
AVG. MINIMUM     37.0              43.4    -6.4     38.5
MEAN             49.8              55.5    -5.7     51.0
DAYS MAX >= 90      0               0.0     0.0        0
DAYS MAX <= 32      0               0.0     0.0        0
DAYS MIN <= 32     14               3.7    10.3        8
DAYS MIN <= 0       0               0.0     0.0        0

PRECIPITATION (INCHES)
RECORD
 MAXIMUM        23.22   1948
 MINIMUM         0.08   1949
TOTALS           3.81              5.00   -1.19     6.23
DAILY AVG.       0.13              0.17   -0.04     0.21
DAYS >= .01         6                MM      MM        9
DAYS >= .10         4                MM      MM        6
DAYS >= .50         1                MM      MM        3
DAYS >= 1.00        1                MM      MM        2
GREATEST
 24 HR. TOTAL    3.35   11/16 TO 11/17              3.73

SNOWFALL (INCHES)
TOTALS            0.0

DEGREE_DAYS
HEATING TOTAL     455               300     155      429
 SINCE 7/1        538               402     136      530
COOLING TOTAL       7                16      -9       16
 SINCE 1/1       2189              2225     -36     2264
..............................................................

WIND (MPH)
AVERAGE WIND SPEED              6.9
HIGHEST WIND SPEED/DIRECTION    26/110    DATE  11/23
HIGHEST GUST SPEED/DIRECTION    36/110    DATE  11/23

SKY COVER
POSSIBLE SUNSHINE (PERCENT)   MM
AVERAGE SKY COVER           0.30
NUMBER OF DAYS FAIR           20
NUMBER OF DAYS PC              7
NUMBER OF DAYS CLOUDY          3

AVERAGE RH (PERCENT)     66

WEATHER CONDITIONS. NUMBER OF DAYS WITH
THUNDERSTORM              1     MIXED PRECIP               0
HEAVY RAIN                3     RAIN                       4
LIGHT RAIN                8     FREEZING RAIN              0
LT FREEZING RAIN          0     HAIL                       0
HEAVY SNOW                0     SNOW                       0
LIGHT SNOW                0     SLEET                      0
FOG                      12     FOG W/VIS <= 1/4 MILE      3
HAZE                      2

-  INDICATES NEGATIVE NUMBERS.
R  INDICATES RECORD WAS SET OR TIED.
MM INDICATES DATA IS MISSING.
T  INDICATES TRACE AMOUNT.

$$





U.S. Dept. of Commerce
NOAA National Weather Service
1325 East West Highway
Silver Spring, MD 20910
E-mail: w-nws.webmaster@noaa.gov
Page last modified: May 16, 2007
NATIONAL WEATHER SERVICE: for Safety, for Work, for Fun - FOR LIFE