654
CXUS54 KJAN 030303
CLMTVR


CLIMATE REPORT
NATIONAL WEATHER SERVICE JACKSON MS
955 PM CDT SAT AUG 2 2014

...................................

...THE VICKSBURG CLIMATE SUMMARY FOR THE MONTH OF JULY 2014...

CLIMATE NORMAL PERIOD 1981 TO 2010
CLIMATE RECORD PERIOD 1948 TO 2014

WEATHER         OBSERVED          NORMAL  DEPART  LAST YEAR`S
                 VALUE   DATE(S)  VALUE   FROM    VALUE
                                          NORMAL
.............................................................
TEMPERATURE (F)
RECORD
 HIGH             104   07/16/1954
 LOW               54   07/15/1967
HIGHEST            94   07/27        MM      MM       95
                        07/26
                        07/11
LOWEST             58   07/16        MM      MM       60
                        07/05
AVG. MAXIMUM     88.7              92.0    -3.3     90.6
AVG. MINIMUM     67.0              70.9    -3.9     67.8
MEAN             77.9              81.4    -3.5     79.2
DAYS MAX >= 90     18              22.1    -4.1       23
DAYS MAX <= 32      0               0.0     0.0        0
DAYS MIN <= 32      0               0.0     0.0        0
DAYS MIN <= 0       0               0.0     0.0        0

PRECIPITATION (INCHES)
RECORD
 MAXIMUM         8.88   2009
 MINIMUM         0.05   2008
TOTALS           2.93              3.63   -0.70     6.45
DAILY AVG.       0.09              0.12   -0.03     0.21
DAYS >= .01        10                MM      MM        6
DAYS >= .10         4                MM      MM        4
DAYS >= .50         2                MM      MM        3
DAYS >= 1.00        2                MM      MM        2
GREATEST
 24 HR. TOTAL    1.27   07/17 TO 07/18              2.95

SNOWFALL (INCHES)
TOTALS            0.0

DEGREE_DAYS
HEATING TOTAL       0                 0       0        0
 SINCE 7/1          0                 0       0        0
COOLING TOTAL     407               510    -103      449
 SINCE 1/1       1181              1298    -117     1220
..............................................................

WIND (MPH)
AVERAGE WIND SPEED              3.6
HIGHEST WIND SPEED/DIRECTION    18/350    DATE  07/02
HIGHEST GUST SPEED/DIRECTION    29/330    DATE  07/02

SKY COVER
POSSIBLE SUNSHINE (PERCENT)   MM
AVERAGE SKY COVER           0.20
NUMBER OF DAYS FAIR           24
NUMBER OF DAYS PC              5
NUMBER OF DAYS CLOUDY          2

AVERAGE RH (PERCENT)     76

WEATHER CONDITIONS. NUMBER OF DAYS WITH
THUNDERSTORM              0     MIXED PRECIP               0
HEAVY RAIN                4     RAIN                       5
LIGHT RAIN               12     FREEZING RAIN              0
LT FREEZING RAIN          0     HAIL                       0
HEAVY SNOW                0     SNOW                       0
LIGHT SNOW                0     SLEET                      0
FOG                      30     FOG W/VIS <= 1/4 MILE      7
HAZE                      1

-  INDICATES NEGATIVE NUMBERS.
R  INDICATES RECORD WAS SET OR TIED.
MM INDICATES DATA IS MISSING.
T  INDICATES TRACE AMOUNT.

$$





U.S. Dept. of Commerce
NOAA National Weather Service
1325 East West Highway
Silver Spring, MD 20910
E-mail: w-nws.webmaster@noaa.gov
Page last modified: May 16, 2007
NATIONAL WEATHER SERVICE: for Safety, for Work, for Fun - FOR LIFE