789
CXUS54 KJAN 011924
CLMTVR


CLIMATE REPORT
NATIONAL WEATHER SERVICE JACKSON MS
223 PM CDT WED OCT 1 2014

...................................

...THE VICKSBURG CLIMATE SUMMARY FOR THE MONTH OF SEPTEMBER 2014...

CLIMATE NORMAL PERIOD 1981 TO 2010
CLIMATE RECORD PERIOD 1948 TO 2014

WEATHER         OBSERVED          NORMAL  DEPART  LAST YEAR`S
                 VALUE   DATE(S)  VALUE   FROM    VALUE
                                          NORMAL
.............................................................
TEMPERATURE (F)
RECORD
 HIGH             104   09/02/2000
 LOW               34   09/29/1967
HIGHEST            95   09/11        MM      MM       97
LOWEST             54   09/25        MM      MM       49
                        09/24
AVG. MAXIMUM     89.1              86.8     2.3     91.5
AVG. MINIMUM     66.4              63.4     3.0     64.9
MEAN             77.8              75.1     2.7     78.2
DAYS MAX >= 90     18               8.7     9.3       18
DAYS MAX <= 32      0               0.0     0.0        0
DAYS MIN <= 32      0               0.0     0.0        0
DAYS MIN <= 0       0               0.0     0.0        0

PRECIPITATION (INCHES)
RECORD
 MAXIMUM        10.23   1958
 MINIMUM         0.28   2010
TOTALS           1.00              2.89   -1.89     5.65
DAILY AVG.       0.03              0.10   -0.07     0.19
DAYS >= .01         3                MM      MM        6
DAYS >= .10         1                MM      MM        6
DAYS >= .50         1                MM      MM        5
DAYS >= 1.00        0                MM      MM        2
GREATEST
 24 HR. TOTAL    0.95   09/02 TO 09/02              2.24
                        09/01 TO 09/02
                        09/02 TO 09/02

SNOWFALL (INCHES)
TOTALS            0.0

DEGREE_DAYS
HEATING TOTAL       0                 5      -5        0
 SINCE 7/1          0                 5      -5        0
COOLING TOTAL     386               308      78      405
 SINCE 1/1       2044              2097     -53     2112
..............................................................

WIND (MPH)
AVERAGE WIND SPEED              4.7
HIGHEST WIND SPEED/DIRECTION    31/170    DATE  09/01
HIGHEST GUST SPEED/DIRECTION    37/160    DATE  09/01

SKY COVER
POSSIBLE SUNSHINE (PERCENT)   MM
AVERAGE SKY COVER           0.20
NUMBER OF DAYS FAIR           23
NUMBER OF DAYS PC              5
NUMBER OF DAYS CLOUDY          2

AVERAGE RH (PERCENT)     72

WEATHER CONDITIONS. NUMBER OF DAYS WITH
THUNDERSTORM              0     MIXED PRECIP               0
HEAVY RAIN                2     RAIN                       1
LIGHT RAIN                3     FREEZING RAIN              0
LT FREEZING RAIN          0     HAIL                       0
HEAVY SNOW                0     SNOW                       0
LIGHT SNOW                0     SLEET                      0
FOG                       5     FOG W/VIS <= 1/4 MILE      0
HAZE                      0

-  INDICATES NEGATIVE NUMBERS.
R  INDICATES RECORD WAS SET OR TIED.
MM INDICATES DATA IS MISSING.
T  INDICATES TRACE AMOUNT.

$$




U.S. Dept. of Commerce
NOAA National Weather Service
1325 East West Highway
Silver Spring, MD 20910
E-mail: w-nws.webmaster@noaa.gov
Page last modified: May 16, 2007
NATIONAL WEATHER SERVICE: for Safety, for Work, for Fun - FOR LIFE