737
CXUS53 KAPX 012323
CLMTVC


CLIMATE REPORT
NATIONAL WEATHER SERVICE GAYLORD MI
722 PM EDT SAT NOV 1 2014

...................................

...THE TRAVERSE CITY MI CLIMATE SUMMARY FOR THE MONTH OF OCTOBER 2014...

CLIMATE NORMAL PERIOD 1981 TO 2010
CLIMATE RECORD PERIOD 1896 TO 2014

WEATHER         OBSERVED          NORMAL  DEPART  LAST YEAR`S
                 VALUE   DATE(S)  VALUE   FROM    VALUE  DATE(S)
                                          NORMAL
................................................................
TEMPERATURE (F)
RECORD
 HIGH              89   10/02/1922
 LOW               15   10/18/1896
HIGHEST            69   10/01        MM      MM       79  10/01
LOWEST             27   10/22        MM      MM       25  10/29
AVG. MAXIMUM     56.4              57.2    -0.8     60.0
AVG. MINIMUM     41.7              39.2     2.5     42.3
MEAN             49.0              48.2     0.8     51.2
DAYS MAX >= 90      0               0.0     0.0        0
DAYS MAX <= 32      0               0.0     0.0        0
DAYS MIN <= 32      6               6.4    -0.4        3
DAYS MIN <= 0       0               0.0     0.0        0

PRECIPITATION (INCHES)
RECORD
 MAXIMUM           MM   MM
 MINIMUM           MM   MM
TOTALS           5.37              3.22    2.15     6.94
DAILY AVG.       0.17              0.10    0.07     0.22
DAYS >= .01        17              13.2     3.8       21
DAYS >= .10         9               7.0     2.0       15
DAYS >= .50         4               1.8     2.2        3
DAYS >= 1.00        2               0.6     1.4        2
GREATEST
 24 HR. TOTAL    1.93   10/13 TO 10/14
 STORM TOTAL       MM
 (MM/DD(HH))            MM

SNOWFALL (INCHES)
RECORDS
 TOTAL             MM   MM
TOTALS             MM               0.2      MM       MM
SINCE 7/1          MM               0.2      MM       MM
SNOWDEPTH AVG.      0                MM      MM       MM
DAYS >= TRACE       0               0.5    -0.5        0
DAYS >= 1.0         0               0.1    -0.1        0
GREATEST
 SNOW DEPTH         0   MM                            MM  MM
 24 HR TOTAL       MM                                 MM

DEGREE_DAYS
HEATING TOTAL     488               525     -37
 SINCE 7/1        720               787     -67
COOLING TOTAL       0                 4      -4
 SINCE 1/1        374               411     -37

FREEZE DATES
RECORD
 EARLIEST     MM
 LATEST       MM
EARLIEST      10/19             MM
LATEST                          MM
.................................................................

WIND (MPH)
AVERAGE WIND SPEED              6.5
HIGHEST WIND SPEED/DIRECTION    26/280    DATE  10/25
HIGHEST GUST SPEED/DIRECTION    41/MM     DATE   MM

SKY COVER
POSSIBLE SUNSHINE (PERCENT)   MM
AVERAGE SKY COVER           0.70
NUMBER OF DAYS FAIR            4
NUMBER OF DAYS PC             10
NUMBER OF DAYS CLOUDY         17

AVERAGE RH (PERCENT)     73

WEATHER CONDITIONS. NUMBER OF DAYS WITH
THUNDERSTORM              0     MIXED PRECIP               0
HEAVY RAIN                6     RAIN                       6
LIGHT RAIN               22     FREEZING RAIN              0
LT FREEZING RAIN          0     HAIL                       0
HEAVY SNOW                0     SNOW                       1
LIGHT SNOW                1     SLEET                      0
FOG                      13     FOG W/VIS <= 1/4 MILE      0
HAZE                      4

-  INDICATES NEGATIVE NUMBERS.
R  INDICATES RECORD WAS SET OR TIED.
MM INDICATES DATA IS MISSING.
T  INDICATES TRACE AMOUNT.

$$




U.S. Dept. of Commerce
NOAA National Weather Service
1325 East West Highway
Silver Spring, MD 20910
E-mail: w-nws.webmaster@noaa.gov
Page last modified: May 16, 2007
NATIONAL WEATHER SERVICE: for Safety, for Work, for Fun - FOR LIFE