569
CXUS53 KAPX 010812
CLMTVC


CLIMATE REPORT
NATIONAL WEATHER SERVICE GAYLORD MI
411 AM EDT WED OCT 1 2014

...................................

...THE TRAVERSE CITY MI CLIMATE SUMMARY FOR THE MONTH OF SEPTEMBER 2014...

CLIMATE NORMAL PERIOD 1981 TO 2010
CLIMATE RECORD PERIOD 1896 TO 2014

WEATHER         OBSERVED          NORMAL  DEPART  LAST YEAR`S
                 VALUE   DATE(S)  VALUE   FROM    VALUE  DATE(S)
                                          NORMAL
................................................................
TEMPERATURE (F)
RECORD
 HIGH              96   09/02/1953
                        09/01/1953
                        09/15/1939
 LOW               26   09/30/1945
HIGHEST            82   09/09        MM      MM       90  09/10
LOWEST             39   09/14        MM      MM       38  09/23
AVG. MAXIMUM     70.7              70.0     0.7     71.0
AVG. MINIMUM     51.3              49.7     1.6     51.0
MEAN             61.0              59.8     1.2     61.0
DAYS MAX >= 90      0               0.2    -0.2        1
DAYS MAX <= 32      0               0.0     0.0        0
DAYS MIN <= 32      0               0.3    -0.3        0
DAYS MIN <= 0       0               0.0     0.0        0

PRECIPITATION (INCHES)
RECORD
 MAXIMUM           MM   MM
 MINIMUM           MM   MM
TOTALS           6.26              3.53    2.73     2.92
DAILY AVG.       0.21              0.12    0.09     0.10
DAYS >= .01        12              12.3    -0.3       12
DAYS >= .10         9               7.2     1.8        5
DAYS >= .50         3               2.2     0.8        1
DAYS >= 1.00        1               0.7     0.3        1
GREATEST
 24 HR. TOTAL    2.89   09/04 TO 09/05
 STORM TOTAL       MM
 (MM/DD(HH))            MM

DEGREE_DAYS
HEATING TOTAL     153               193     -40
 SINCE 7/1        232               262     -30
COOLING TOTAL      42                38       4
 SINCE 1/1        374               407     -33

FREEZE DATES
RECORD
 EARLIEST     MM
 LATEST       MM
EARLIEST                        MM
LATEST                          MM
.................................................................

WIND (MPH)
AVERAGE WIND SPEED              5.4
HIGHEST WIND SPEED/DIRECTION    25/290    DATE  09/10
HIGHEST GUST SPEED/DIRECTION    35/310    DATE  09/11

SKY COVER
POSSIBLE SUNSHINE (PERCENT)   MM
AVERAGE SKY COVER           0.50
NUMBER OF DAYS FAIR            9
NUMBER OF DAYS PC             14
NUMBER OF DAYS CLOUDY          7

AVERAGE RH (PERCENT)     70

WEATHER CONDITIONS. NUMBER OF DAYS WITH
THUNDERSTORM              0     MIXED PRECIP               0
HEAVY RAIN                6     RAIN                       6
LIGHT RAIN               12     FREEZING RAIN              0
LT FREEZING RAIN          0     HAIL                       0
HEAVY SNOW                0     SNOW                       0
LIGHT SNOW                0     SLEET                      0
FOG                      15     FOG W/VIS <= 1/4 MILE      0
HAZE                      1

-  INDICATES NEGATIVE NUMBERS.
R  INDICATES RECORD WAS SET OR TIED.
MM INDICATES DATA IS MISSING.
T  INDICATES TRACE AMOUNT.

$$




U.S. Dept. of Commerce
NOAA National Weather Service
1325 East West Highway
Silver Spring, MD 20910
E-mail: w-nws.webmaster@noaa.gov
Page last modified: May 16, 2007
NATIONAL WEATHER SERVICE: for Safety, for Work, for Fun - FOR LIFE