074
CXUS53 KAPX 010540
CLMTVC


CLIMATE REPORT
NATIONAL WEATHER SERVICE GAYLORD MI
139 AM EDT MON SEP 1 2014

...................................

...THE TRAVERSE CITY MI CLIMATE SUMMARY FOR THE MONTH OF AUGUST 2014...

CLIMATE NORMAL PERIOD 1981 TO 2010
CLIMATE RECORD PERIOD 1896 TO 2014

WEATHER         OBSERVED          NORMAL  DEPART  LAST YEAR`S
                 VALUE   DATE(S)  VALUE   FROM    VALUE  DATE(S)
                                          NORMAL
................................................................
TEMPERATURE (F)
RECORD
 HIGH             100   08/18/1955
                        08/06/1947
                        08/05/1947
 LOW               32   08/29/1982
HIGHEST            87   08/23        MM      MM       91  08/25
                        08/03                             08/21
LOWEST             46   08/28        MM      MM       48  08/05
AVG. MAXIMUM     77.9              77.9     0.0     79.6
AVG. MINIMUM     58.2              56.9     1.3     57.8
MEAN             68.0              67.4     0.6     68.7
DAYS MAX >= 90      0               1.3    -1.3        3
DAYS MAX <= 32      0               0.0     0.0        0
DAYS MIN <= 32      0               0.0     0.0        0
DAYS MIN <= 0       0               0.0     0.0        0

PRECIPITATION (INCHES)
RECORD
 MAXIMUM           MM   MM
 MINIMUM           MM   MM
TOTALS           2.35              3.38   -1.03     3.99
DAILY AVG.       0.08              0.11   -0.03     0.13
DAYS >= .01         7              10.0    -3.0        8
DAYS >= .10         5               6.1    -1.1        6
DAYS >= .50         2               2.2    -0.2        0
DAYS >= 1.00        1               0.8     0.2        0
GREATEST
 24 HR. TOTAL    1.00   08/12 TO 08/12
                        08/11 TO 08/12
                        08/12 TO 08/12
 STORM TOTAL       MM
 (MM/DD(HH))            MM

DEGREE_DAYS
COOLING TOTAL     125               116       9
 SINCE 1/1        332               369     -37

FREEZE DATES
RECORD
 EARLIEST     MM
 LATEST       MM
EARLIEST                        MM
LATEST                          MM
.................................................................

WIND (MPH)
AVERAGE WIND SPEED              4.7
HIGHEST WIND SPEED/DIRECTION    21/310    DATE  08/14
HIGHEST GUST SPEED/DIRECTION    29/330    DATE  08/12

SKY COVER
POSSIBLE SUNSHINE (PERCENT)   MM
AVERAGE SKY COVER           0.50
NUMBER OF DAYS FAIR           10
NUMBER OF DAYS PC             13
NUMBER OF DAYS CLOUDY          8

AVERAGE RH (PERCENT)     70

WEATHER CONDITIONS. NUMBER OF DAYS WITH
THUNDERSTORM              0     MIXED PRECIP               0
HEAVY RAIN                3     RAIN                       4
LIGHT RAIN                9     FREEZING RAIN              0
LT FREEZING RAIN          0     HAIL                       0
HEAVY SNOW                0     SNOW                       0
LIGHT SNOW                0     SLEET                      0
FOG                       7     FOG W/VIS <= 1/4 MILE      0
HAZE                      2

-  INDICATES NEGATIVE NUMBERS.
R  INDICATES RECORD WAS SET OR TIED.
MM INDICATES DATA IS MISSING.
T  INDICATES TRACE AMOUNT.

$$





U.S. Dept. of Commerce
NOAA National Weather Service
1325 East West Highway
Silver Spring, MD 20910
E-mail: w-nws.webmaster@noaa.gov
Page last modified: May 16, 2007
NATIONAL WEATHER SERVICE: for Safety, for Work, for Fun - FOR LIFE