232
CXUS55 KTWC 011547
CLMTUS

CLIMATE REPORT
NATIONAL WEATHER SERVICE TUCSON AZ
830 AM MST TUE APR 1 2014

...................................

...THE TUCSON AZ CLIMATE SUMMARY FOR THE MONTH OF MARCH 2014...

CLIMATE NORMAL PERIOD 1981 TO 2010
CLIMATE RECORD PERIOD 1895 TO 2014

WEATHER         OBSERVED          NORMAL  DEPART  LAST YEAR`S
                 VALUE   DATE(S)  VALUE   FROM    VALUE  DATE(S)
                                          NORMAL
................................................................
TEMPERATURE (F)
RECORD
 HIGH              99   03/26/1988
 LOW               13   03/02/2013
HIGHEST            86   03/29        87      -1       94  03/15
LOWEST             46   03/28        34      12       33  03/01
AVG. MAXIMUM     78.5              74.1     4.4     80.9
AVG. MINIMUM     50.4              46.2     4.2     50.5
MEAN             64.4              60.1     4.3     65.7
DAYS MAX >= 90      0               0.6    -0.6        3
DAYS MAX <= 32      0               0.0     0.0        0
DAYS MIN <= 32      0               0.3    -0.3        0
DAYS MIN <= 0       0               0.0     0.0        0

PRECIPITATION (INCHES)
RECORD
 MAXIMUM         3.88   1905
 MINIMUM         0.00   1984
                        1956
                        1933
TOTALS           0.58              0.73   -0.15     0.01
DAILY AVG.       0.02              0.02    0.00     0.00
DAYS >= .01         2               3.9    -1.9        1
DAYS >= .10         2               2.1    -0.1        0
DAYS >= .50         0               0.5    -0.5        0
DAYS >= 1.00        0               0.0     0.0        0
GREATEST
 24 HR. TOTAL    0.45   03/01 TO 03/01           03/09 TO 03/09
                                                          03/31 TO 03/31
                                                          03/31 TO 03/31

DEGREE_DAYS
HEATING TOTAL      42               179    -137       61
 SINCE 7/1        875              1446    -571     1336
COOLING TOTAL      30                29       1       91
 SINCE 1/1         54                33      21       91
..................................................

WIND (MPH)
AVERAGE WIND SPEED              7.4
HIGHEST WIND SPEED/DIRECTION    41/200    DATE  03/01
HIGHEST GUST SPEED/DIRECTION    55/190    DATE  03/01

AVERAGE RH (PERCENT)     30

WEATHER CONDITIONS. NUMBER OF DAYS WITH
THUNDERSTORM              0     MIXED PRECIP               0
HEAVY RAIN                1     RAIN                       1
LIGHT RAIN                2     FREEZING RAIN              0
LT FREEZING RAIN          0     HAIL                       0
HEAVY SNOW                0     SNOW                       0
LIGHT SNOW                0     SLEET                      0
FOG                       2     FOG W/VIS <= 1/4 MILE      0
HAZE                      4

-  INDICATES NEGATIVE NUMBERS.
R  INDICATES RECORD WAS SET OR TIED.
MM INDICATES DATA IS MISSING.
T  INDICATES TRACE AMOUNT.

$$







U.S. Dept. of Commerce
NOAA National Weather Service
1325 East West Highway
Silver Spring, MD 20910
E-mail: w-nws.webmaster@noaa.gov
Page last modified: May 16, 2007
NATIONAL WEATHER SERVICE: for Safety, for Work, for Fun - FOR LIFE