830
CXUS55 KTWC 011527
CLMTUS

CLIMATE REPORT
NATIONAL WEATHER SERVICE TUCSON AZ
825 AM MST WED OCT 1 2014

...................................

...THE TUCSON AZ CLIMATE SUMMARY FOR THE MONTH OF SEPTEMBER 2014...

CLIMATE NORMAL PERIOD 1981 TO 2010
CLIMATE RECORD PERIOD 1895 TO 2014

WEATHER         OBSERVED          NORMAL  DEPART  LAST YEAR`S
                 VALUE   DATE(S)  VALUE   FROM    VALUE  DATE(S)
                                          NORMAL
................................................................
TEMPERATURE (F)
RECORD
 HIGH             107   09/14/2000
                        09/11/1990
                        09/10/1990
 LOW               43   09/26/1913
HIGHEST           104   09/02       102       2      104  09/05
                                                          09/03
LOWEST             59   09/30        59       0       57  09/28
AVG. MAXIMUM     93.4              94.5    -1.1     95.5
AVG. MINIMUM     72.2              68.6     3.6     70.4
MEAN             82.8              81.6     1.2     82.9
DAYS MAX >= 90     24              24.2    -0.2       24
DAYS MAX <= 32      0               0.0     0.0        0
DAYS MIN <= 32      0               0.0     0.0        0
DAYS MIN <= 0       0               0.0     0.0        0

PRECIPITATION (INCHES)
RECORD
 MAXIMUM         5.60   2011
 MINIMUM         0.00   1953
TOTALS           2.76              1.29    1.47     0.63
DAILY AVG.       0.09              0.04    0.05     0.02
DAYS >= .01         9               4.4     4.6        5
DAYS >= .10         5               2.4     2.6        1
DAYS >= .50         1               0.9     0.1        1
DAYS >= 1.00        1               0.3     0.7        0
GREATEST
 24 HR. TOTAL    1.86   09/07 TO 09/08           09/09 TO 09/10
                                                          09/30 TO 09/30
                                                          09/30 TO 09/30

DEGREE_DAYS
HEATING TOTAL       0                 0       0        0
 SINCE 7/1          0                 0       0        0
COOLING TOTAL     542               497      45      547
 SINCE 1/1       3233              2907     326     3421
.................................................

WIND (MPH)
AVERAGE WIND SPEED              7.2
HIGHEST WIND SPEED/DIRECTION    33/130    DATE  09/13
HIGHEST GUST SPEED/DIRECTION    40/130    DATE  09/13

AVERAGE RH (PERCENT)     50

WEATHER CONDITIONS. NUMBER OF DAYS WITH
THUNDERSTORM              0     MIXED PRECIP               0
HEAVY RAIN                2     RAIN                       4
LIGHT RAIN                8     FREEZING RAIN              0
LT FREEZING RAIN          0     HAIL                       0
HEAVY SNOW                0     SNOW                       0
LIGHT SNOW                0     SLEET                      0
FOG                       3     FOG W/VIS <= 1/4 MILE      0
HAZE                      1

-  INDICATES NEGATIVE NUMBERS.
R  INDICATES RECORD WAS SET OR TIED.
MM INDICATES DATA IS MISSING.
T  INDICATES TRACE AMOUNT.

$$







U.S. Dept. of Commerce
NOAA National Weather Service
1325 East West Highway
Silver Spring, MD 20910
E-mail: w-nws.webmaster@noaa.gov
Page last modified: May 16, 2007
NATIONAL WEATHER SERVICE: for Safety, for Work, for Fun - FOR LIFE