220
CXUS55 KTWC 011552
CLMTUS

CLIMATE REPORT
NATIONAL WEATHER SERVICE TUCSON AZ
839 AM MST MON SEP 1 2014

...................................

...THE TUCSON AZ CLIMATE SUMMARY FOR THE MONTH OF AUGUST 2014...

CLIMATE NORMAL PERIOD 1981 TO 2010
CLIMATE RECORD PERIOD 1895 TO 2014

WEATHER         OBSERVED          NORMAL  DEPART  LAST YEAR`S
                 VALUE   DATE(S)  VALUE   FROM    VALUE  DATE(S)
                                          NORMAL
................................................................
TEMPERATURE (F)
RECORD
 HIGH             112   08/01/1993
 LOW               55   08/20/1917
HIGHEST           104   08/30       105      -1      108  08/17
                                                          08/16
LOWEST             69   08/22        67       2       69  08/27
AVG. MAXIMUM     96.3              97.4    -1.1     99.5
AVG. MINIMUM     74.0              73.3     0.7     75.6
MEAN             85.1              85.3    -0.2     87.5
DAYS MAX >= 100     9              10.0    -1.0     18.0
DAYS MAX <= 32      0               0.0     0.0        0
DAYS MIN <= 32      0               0.0     0.0        0
DAYS MIN <= 0       0               0.0     0.0        0

PRECIPITATION (INCHES)
RECORD
 MAXIMUM         7.93   1955
 MINIMUM         0.08   1924
TOTALS           1.89              2.39   -0.50     0.48
DAILY AVG.       0.06              0.08   -0.02     0.02
DAYS >= .01         8               9.7    -1.7        8
DAYS >= .10         5               5.2    -0.2        2
DAYS >= .50         1               1.5    -0.5        0
DAYS >= 1.00        0               0.5    -0.5        0
GREATEST
 24 HR. TOTAL    0.99   08/16 TO 08/17           08/05 TO 08/06
                                                          08/31 TO 08/31
                                                          08/31 TO 08/31

DEGREE_DAYS
COOLING TOTAL     633               631       2      702
 SINCE 1/1       2691              2410     281     2874
..................................................

WIND (MPH)
AVERAGE WIND SPEED              6.7
HIGHEST WIND SPEED/DIRECTION    32/070    DATE  08/17
HIGHEST GUST SPEED/DIRECTION    45/070    DATE  08/17

AVERAGE RH (PERCENT)     46

WEATHER CONDITIONS. NUMBER OF DAYS WITH
THUNDERSTORM              0     MIXED PRECIP               0
HEAVY RAIN                3     RAIN                       3
LIGHT RAIN               13     FREEZING RAIN              0
LT FREEZING RAIN          0     HAIL                       0
HEAVY SNOW                0     SNOW                       0
LIGHT SNOW                0     SLEET                      0
FOG                       1     FOG W/VIS <= 1/4 MILE      0
HAZE                      0

-  INDICATES NEGATIVE NUMBERS.
R  INDICATES RECORD WAS SET OR TIED.
MM INDICATES DATA IS MISSING.
T  INDICATES TRACE AMOUNT.

SHERWOOD
$$








U.S. Dept. of Commerce
NOAA National Weather Service
1325 East West Highway
Silver Spring, MD 20910
E-mail: w-nws.webmaster@noaa.gov
Page last modified: May 16, 2007
NATIONAL WEATHER SERVICE: for Safety, for Work, for Fun - FOR LIFE