655
CXUS55 KTWC 011520
CLMTUS

CLIMATE REPORT
NATIONAL WEATHER SERVICE TUCSON AZ
819 AM MST FRI AUG 1 2014

...................................

...THE TUCSON AZ CLIMATE SUMMARY FOR THE MONTH OF JULY 2014...

CLIMATE NORMAL PERIOD 1981 TO 2010
CLIMATE RECORD PERIOD 1895 TO 2014

WEATHER         OBSERVED          NORMAL  DEPART  LAST YEAR`S
                 VALUE   DATE(S)  VALUE   FROM    VALUE  DATE(S)
                                          NORMAL
................................................................
TEMPERATURE (F)
RECORD
 HIGH             114   07/28/1995
                        07/04/1989
 LOW               49   07/03/1911
HIGHEST           107   07/24       108      -1      108  07/07
LOWEST             71   07/15        67       4       71  07/20
                                                          07/02
AVG. MAXIMUM    100.0              99.7     0.3     99.0
AVG. MINIMUM     76.6              74.4     2.2     76.9
MEAN             88.3              87.0     1.3     88.0
DAYS MAX >= 90     30              29.2     0.8       31
DAYS MAX <= 32      0               0.0     0.0        0
DAYS MIN <= 32      0               0.0     0.0        0
DAYS MIN <= 0       0               0.0     0.0        0

PRECIPITATION (INCHES)
RECORD
 MAXIMUM         6.24   1921
 MINIMUM         0.04   1995
TOTALS           1.43              2.25   -0.82     2.60
DAILY AVG.       0.05              0.07   -0.02     0.08
DAYS >= .01        10               9.8     0.2       10
DAYS >= .10         4               5.0    -1.0        5
DAYS >= .50         1               1.3    -0.3        3
DAYS >= 1.00        0               0.5    -0.5        0
GREATEST
 24 HR. TOTAL    0.56   07/15 TO 07/15           07/05 TO 07/05
                                                          07/04 TO 07/05
                                                          07/05 TO 07/05

DEGREE_DAYS
COOLING TOTAL     730               683      47      720
 SINCE 1/1       2058              1779     279     2172
......................................................

WIND (MPH)
AVERAGE WIND SPEED              7.8
HIGHEST WIND SPEED/DIRECTION    40/140    DATE  07/25
HIGHEST GUST SPEED/DIRECTION    49/090    DATE  07/13

AVERAGE RH (PERCENT)     40

WEATHER CONDITIONS. NUMBER OF DAYS WITH
THUNDERSTORM              0     MIXED PRECIP               0
HEAVY RAIN                4     RAIN                       2
LIGHT RAIN                9     FREEZING RAIN              0
LT FREEZING RAIN          0     HAIL                       0
HEAVY SNOW                0     SNOW                       0
LIGHT SNOW                0     SLEET                      0
FOG                       1     FOG W/VIS <= 1/4 MILE      0
HAZE                      3

-  INDICATES NEGATIVE NUMBERS.
R  INDICATES RECORD WAS SET OR TIED.
MM INDICATES DATA IS MISSING.
T  INDICATES TRACE AMOUNT.

$$







U.S. Dept. of Commerce
NOAA National Weather Service
1325 East West Highway
Silver Spring, MD 20910
E-mail: w-nws.webmaster@noaa.gov
Page last modified: May 16, 2007
NATIONAL WEATHER SERVICE: for Safety, for Work, for Fun - FOR LIFE