283
CXUS55 KTWC 011620
CLMTUS

CLIMATE REPORT
NATIONAL WEATHER SERVICE TUCSON AZ
917 AM MST MON DEC 1 2014

...................................

...THE TUCSON AZ CLIMATE SUMMARY FOR THE MONTH OF NOVEMBER 2014...

CLIMATE NORMAL PERIOD 1981 TO 2010
CLIMATE RECORD PERIOD 1895 TO 2014

WEATHER         OBSERVED          NORMAL  DEPART  LAST YEAR`S
                 VALUE   DATE(S)  VALUE   FROM    VALUE  DATE(S)
                                          NORMAL
................................................................
TEMPERATURE (F)
RECORD
 HIGH              93   11/03/2009
                        11/06/1999
                        11/06/1934
 LOW               10   11/18/2014
HIGHEST            86   11/01        85       1       89  11/11
LOWEST             33   11/24        32       1       40  11/25
AVG. MAXIMUM     76.2              73.5     2.7     75.8
AVG. MINIMUM     47.3              46.1     1.2     50.9
MEAN             61.8              59.8     2.0     63.3
DAYS MAX >= 90      0               0.3    -0.3        0
DAYS MAX <= 32      0               0.0     0.0        0
DAYS MIN <= 32      0               1.0    -1.0        0
DAYS MIN <= 0       0               0.0     0.0        0

PRECIPITATION (INCHES)
RECORD
 MAXIMUM         4.61   1905
 MINIMUM         0.00   2005
                        1999
                        1980
TOTALS           0.00R             0.57   -0.57     2.22
DAILY AVG.       0.00              0.02   -0.02     0.07
DAYS >= .01         0               2.7    -2.7        5
DAYS >= .10         0               1.5    -1.5        2
DAYS >= .50         0               0.3    -0.3        2
DAYS >= 1.00        0               0.1    -0.1        1
GREATEST
 24 HR. TOTAL    0.00   11/30 TO 11/30           11/22 TO 11/23
                                                          11/30 TO 11/30
                                                          11/30 TO 11/30

DEGREE_DAYS
HEATING TOTAL     136               182     -46       93
 SINCE 7/1        136               206     -70      106
.................................................

WIND (MPH)
AVERAGE WIND SPEED              7.1
HIGHEST WIND SPEED/DIRECTION    28/110    DATE  11/09
HIGHEST GUST SPEED/DIRECTION    33/110    DATE  11/09

AVERAGE RH (PERCENT)     33

WEATHER CONDITIONS. NUMBER OF DAYS WITH
THUNDERSTORM              0     MIXED PRECIP               0
HEAVY RAIN                0     RAIN                       0
LIGHT RAIN                0     FREEZING RAIN              0
LT FREEZING RAIN          0     HAIL                       0
HEAVY SNOW                0     SNOW                       0
LIGHT SNOW                0     SLEET                      0
FOG                       0     FOG W/VIS <= 1/4 MILE      0
HAZE                      1

-  INDICATES NEGATIVE NUMBERS.
R  INDICATES RECORD WAS SET OR TIED.
MM INDICATES DATA IS MISSING.
T  INDICATES TRACE AMOUNT.

$$







U.S. Dept. of Commerce
NOAA National Weather Service
1325 East West Highway
Silver Spring, MD 20910
E-mail: w-nws.webmaster@noaa.gov
Page last modified: May 16, 2007
NATIONAL WEATHER SERVICE: for Safety, for Work, for Fun - FOR LIFE