553
CXUS54 KMEG 030148
CLMTUP


CLIMATE REPORT...RETRANSMISSION
NATIONAL WEATHER SERVICE MEMPHIS TN
747 PM CST FRI JAN 2 2015

...................................

...THE TUPELO CLIMATE SUMMARY FOR THE YEAR OF 2014...

CLIMATE NORMAL PERIOD 1981 TO 2010
CLIMATE RECORD PERIOD 1930 TO 2015

WEATHER         OBSERVED          NORMAL  DEPART  LAST YEAR`S
                 VALUE   DATE(S)  VALUE   FROM    VALUE  DATE(S)
                                          NORMAL
................................................................
TEMPERATURE (F)
RECORD
 HIGH             109   07/29/1930
 LOW              -14   01/27/1940
HIGHEST            97   08/23                         97  09/10
                        08/22                             08/30
                                                          07/10
LOWEST              6   01/29                         17  11/28
                        01/24
AVG. MAXIMUM     71.7              73.4    -1.7     72.0
AVG. MINIMUM     50.0              51.5    -1.5     51.2
MEAN             60.8              62.5    -1.7     61.6
DAYS MAX >= 90     53              65.4   -12.4       60
DAYS MAX <= 32      5               2.6     2.4        0
DAYS MIN <= 32     64              53.0    11.0       67
DAYS MIN <= 0       0               0.1    -0.1        0

PRECIPITATION (INCHES)
RECORD
 MAXIMUM        81.05   1991
 MINIMUM        34.55   1943
TOTALS          57.08             55.01    2.07    53.05
DAILY AVG.       0.16              0.15    0.01     0.14
DAYS >= .01       106             110.3    -4.3      124
DAYS >= .10        72              76.7    -4.7       85
DAYS >= .50        41              36.6     4.4       39
DAYS >= 1.00       17              16.6     0.4       16

SNOWFALL (INCHES)
RECORDS
 TOTAL           11.6   1936
 SNOW DEPTH         8   01/23/1935
                        01/30/1936
                        01/24/1940
TOTALS            0.5               2.1    -1.6        T
SINCE 7/1         0.0               0.3    -0.3        T
SNOWDEPTH AVG.      0                MM      MM        0
DAYS >= TRACE      12               2.4     9.6        9
DAYS >= 1.0         0               0.8    -0.8        0
GREATEST
 SNOW DEPTH         1   02/11                          0  MM

DEGREE_DAYS
HEATING TOTAL    3369              2955     414     3166
 SINCE 7/1         MM              1173      MM     1293
COOLING TOTAL    1974              2045     -71     2036
 SINCE 1/1       1974              2046     -72     2036

FREEZE DATES
RECORD
 EARLIEST     10/03/1974
 LATEST       05/04/1976
EARLIEST                        10/28
LATEST                          04/03
.................................................................

WIND (MPH)
AVERAGE WIND SPEED              6.3
RESULTANT WIND SPEED/DIRECTION   0/299
HIGHEST WIND SPEED/DIRECTION    33/300    DATE  04/28
HIGHEST GUST SPEED/DIRECTION    48/260    DATE  06/09

SKY COVER
AVERAGE SKY COVER           0.30

AVERAGE RH (PERCENT)     69

WEATHER CONDITIONS. NUMBER OF DAYS WITH
THUNDERSTORM              0     MIXED PRECIP               0
HEAVY RAIN               53     RAIN                      61
LIGHT RAIN              102     FREEZING RAIN              0
LT FREEZING RAIN          3     HAIL                       0
HEAVY SNOW                0     SNOW                       0
LIGHT SNOW               10     SLEET                      4
FOG                     163     FOG W/VIS <= 1/4 MILE     20
HAZE                     51

-  INDICATES NEGATIVE NUMBERS.
R  INDICATES RECORD WAS SET OR TIED.
MM INDICATES DATA IS MISSING.
T  INDICATES TRACE AMOUNT.

$$





U.S. Dept. of Commerce
NOAA National Weather Service
1325 East West Highway
Silver Spring, MD 20910
E-mail: w-nws.webmaster@noaa.gov
Page last modified: May 16, 2007
NATIONAL WEATHER SERVICE: for Safety, for Work, for Fun - FOR LIFE