724
CXUS54 KMEG 040026
CLMTUP


CLIMATE REPORT
NATIONAL WEATHER SERVICE MEMPHIS TN
624 PM CST WED DEC 3 2014

...................................

...THE TUPELO CLIMATE SUMMARY FOR THE MONTH OF NOVEMBER 2014...

CLIMATE NORMAL PERIOD 1981 TO 2010
CLIMATE RECORD PERIOD 1930 TO 2014

WEATHER         OBSERVED          NORMAL  DEPART  LAST YEAR`S
                 VALUE   DATE(S)  VALUE   FROM    VALUE  DATE(S)
                                          NORMAL
................................................................
TEMPERATURE (F)
RECORD
 HIGH              87   11/08/2005
 LOW                8   11/25/1950
HIGHEST            75   11/30        64      11       72  11/17
                                                          11/11
                                                          11/01
LOWEST             21   11/18        42     -21       17  11/28
                        11/14
AVG. MAXIMUM     58.2              64.1    -5.9     59.0
AVG. MINIMUM     35.5              41.7    -6.2     37.0
MEAN             46.8              52.9    -6.1     48.0
DAYS MAX >= 90      0               0.0     0.0        0
DAYS MAX <= 32      0               0.0     0.0        0
DAYS MIN <= 32     10               5.8     4.2       10
DAYS MIN <= 0       0               0.0     0.0        0

PRECIPITATION (INCHES)
RECORD
 MAXIMUM        14.89   1957
 MINIMUM         0.66   1953
TOTALS           4.50              4.70   -0.20     4.33
DAILY AVG.       0.15              0.16   -0.01     0.14
DAYS >= .01         5               9.0    -4.0        9
DAYS >= .10         4               6.5    -2.5        6
DAYS >= .50         3               3.2    -0.2        5
DAYS >= 1.00        1               1.4    -0.4        1
GREATEST
 24 HR. TOTAL    3.14   11/16 TO 11/17

SNOWFALL (INCHES)
RECORDS
 TOTAL            1.5   1938
TOTALS            0.0               0.0     0.0      0.0
SINCE 7/1         0.0               0.0     0.0      0.0
SNOWDEPTH AVG.      0                MM      MM        0
DAYS >= 1.0         0               0.0     0.0        0
GREATEST
 SNOW DEPTH         0   MM                             0  MM
 24 HR TOTAL      0.0   11/30 TO 11/30

DEGREE_DAYS
HEATING TOTAL     538               374     164      504
 SINCE 7/1        637               522     115      623
COOLING TOTAL       0                11     -11        0
 SINCE 1/1       1974              2044     -70     2027
.................................................................

WIND (MPH)
AVERAGE WIND SPEED              7.2
HIGHEST WIND SPEED/DIRECTION    31/180    DATE  11/29
HIGHEST GUST SPEED/DIRECTION    39/030    DATE  11/06

SKY COVER
POSSIBLE SUNSHINE (PERCENT)   MM
AVERAGE SKY COVER           0.30
NUMBER OF DAYS FAIR           18
NUMBER OF DAYS PC              9
NUMBER OF DAYS CLOUDY          3

AVERAGE RH (PERCENT)     64

WEATHER CONDITIONS. NUMBER OF DAYS WITH
THUNDERSTORM              0     MIXED PRECIP               0
HEAVY RAIN                4     RAIN                       4
LIGHT RAIN                6     FREEZING RAIN              0
LT FREEZING RAIN          0     HAIL                       0
HEAVY SNOW                0     SNOW                       0
LIGHT SNOW                0     SLEET                      0
FOG                       7     FOG W/VIS <= 1/4 MILE      0
HAZE                      3

-  INDICATES NEGATIVE NUMBERS.
R  INDICATES RECORD WAS SET OR TIED.
MM INDICATES DATA IS MISSING.
T  INDICATES TRACE AMOUNT.

$$




U.S. Dept. of Commerce
NOAA National Weather Service
1325 East West Highway
Silver Spring, MD 20910
E-mail: w-nws.webmaster@noaa.gov
Page last modified: May 16, 2007
NATIONAL WEATHER SERVICE: for Safety, for Work, for Fun - FOR LIFE