288
CXUS54 KMEG 011440
CLMTUP


CLIMATE REPORT
NATIONAL WEATHER SERVICE MEMPHIS TN
937 AM CDT TUE APR 1 2014

...................................

...THE TUPELO CLIMATE SUMMARY FOR THE MONTH OF MARCH 2014...

CLIMATE NORMAL PERIOD 1981 TO 2010
CLIMATE RECORD PERIOD 1930 TO 2014

WEATHER         OBSERVED          NORMAL  DEPART  LAST YEAR`S
                 VALUE   DATE(S)  VALUE   FROM    VALUE  DATE(S)
                                          NORMAL
................................................................
TEMPERATURE (F)
RECORD
 HIGH              87   03/12/1967
 LOW                7   03/03/1980
HIGHEST            77   03/02        64      13       78  03/15
LOWEST             22   03/03        43     -21       26  03/27
                                                          03/03
AVG. MAXIMUM     63.1              65.5    -2.4     59.2
AVG. MINIMUM     36.6              42.5    -5.9     37.1
MEAN             49.9              54.0    -4.1     48.1
DAYS MAX >= 90      0               0.0     0.0        0
DAYS MAX <= 32      0               0.0     0.0        0
DAYS MIN <= 32      8               4.0     4.0       12
DAYS MIN <= 0       0               0.0     0.0        0

PRECIPITATION (INCHES)
RECORD
 MAXIMUM        17.20   1980
 MINIMUM         1.80   1966
TOTALS           3.08              4.82   -1.74     4.33
DAILY AVG.       0.10              0.16   -0.06     0.14
DAYS >= .01         9              10.1    -1.1       10
DAYS >= .10         6               6.9    -0.9       10
DAYS >= .50         4               3.3     0.7        4
DAYS >= 1.00        0               1.5    -1.5        1
GREATEST
 24 HR. TOTAL    0.77   03/29 TO 03/29

SNOWFALL (INCHES)
RECORDS
 TOTAL            6.0   1968
TOTALS              T               0.3    -0.3        T
SINCE 7/1         0.5               2.1    -1.6        T
SNOWDEPTH AVG.      0                MM      MM        0
DAYS >= 1.0         0               0.1    -0.1        0
GREATEST
 SNOW DEPTH         0   MM                             0  MM
 24 HR TOTAL        T   03/03 TO 03/03

DEGREE_DAYS
HEATING TOTAL     460               355     105      515
 SINCE 7/1       3290              2786     504     2741
COOLING TOTAL       0                14     -14        1
 SINCE 1/1          0                16     -16        7
.................................................................

WIND (MPH)
AVERAGE WIND SPEED              7.3
HIGHEST WIND SPEED/DIRECTION    28/180    DATE  03/27
HIGHEST GUST SPEED/DIRECTION    39/180    DATE  03/27

SKY COVER
POSSIBLE SUNSHINE (PERCENT)   MM
AVERAGE SKY COVER           0.40
NUMBER OF DAYS FAIR           14
NUMBER OF DAYS PC              7
NUMBER OF DAYS CLOUDY         10

AVERAGE RH (PERCENT)     66

WEATHER CONDITIONS. NUMBER OF DAYS WITH
THUNDERSTORM              0     MIXED PRECIP               0
HEAVY RAIN                5     RAIN                       7
LIGHT RAIN               11     FREEZING RAIN              0
LT FREEZING RAIN          1     HAIL                       0
HEAVY SNOW                0     SNOW                       0
LIGHT SNOW                1     SLEET                      0
FOG                      18     FOG W/VIS <= 1/4 MILE      1
HAZE                      6

-  INDICATES NEGATIVE NUMBERS.
R  INDICATES RECORD WAS SET OR TIED.
MM INDICATES DATA IS MISSING.
T  INDICATES TRACE AMOUNT.

$$




U.S. Dept. of Commerce
NOAA National Weather Service
1325 East West Highway
Silver Spring, MD 20910
E-mail: w-nws.webmaster@noaa.gov
Page last modified: May 16, 2007
NATIONAL WEATHER SERVICE: for Safety, for Work, for Fun - FOR LIFE