651
CXUS54 KTSA 011234
CLMTUL

CLIMATE REPORT
NATIONAL WEATHER SERVICE TULSA OK
547 AM CDT TUE APR 1 2014

...................................

...THE TULSA OKLAHOMA CLIMATE SUMMARY FOR THE MONTH OF MARCH 2014...

CLIMATE NORMAL PERIOD 1981 TO 2010
CLIMATE RECORD PERIOD 1882 TO 2014

WEATHER         OBSERVED          NORMAL  DEPART  LAST YEAR`S
                 VALUE   DATE(S)  VALUE   FROM    VALUE  DATE(S)
                                          NORMAL
................................................................
TEMPERATURE (F)
RECORD
 HIGH              99   03/18/1907
 LOW               -3   03/12/1948
HIGHEST            82   03/11        62      20       84  03/15
LOWEST              4   03/03        40     -36       22  03/26
AVG. MAXIMUM     59.8              62.4    -2.6     58.7
AVG. MINIMUM     33.6              40.1    -6.5     36.6
MEAN             46.7              51.3    -4.6     47.7
DAYS MAX >= 90      0               0.1    -0.1        0
DAYS MAX <= 32      2               0.4     1.6        0
DAYS MIN <= 32     12               6.3     5.7       14
DAYS MIN <= 0       0               0.0     0.0        0

PRECIPITATION (INCHES)
RECORD
 MAXIMUM        11.94   1973
 MINIMUM         0.08   1971
TOTALS           2.36              3.29   -0.93     1.10
DAILY AVG.       0.08              0.11   -0.03     0.04
DAYS >= .01         9               8.7     0.3        9
DAYS >= .10         5               5.4    -0.4        3
DAYS >= .50         2               2.1    -0.1        0
DAYS >= 1.00        0               0.9    -0.9        0
GREATEST
 24 HR. TOTAL    0.81   03/16 TO 03/16

SNOWFALL (INCHES)
RECORDS
 TOTAL           19.7   1924
TOTALS            2.4               2.1     0.3        T
SINCE 7/1        12.4               9.6     2.8      3.7
SNOWDEPTH AVG.      0                MM      MM        0
DAYS >= 1.0         1               0.4     0.6        0
GREATEST
 SNOW DEPTH         2   03/04                          0  MM
                        03/03
 24 HR TOTAL      2.4   MM

DEGREE_DAYS
HEATING TOTAL     562               438     124      535
 SINCE 7/1       3863              3349     514     3207
COOLING TOTAL       1                11     -10        4
 SINCE 1/1          1                12     -11        6
.................................................................

WIND (MPH)
AVERAGE WIND SPEED              11.9
HIGHEST WIND SPEED/DIRECTION    38/340    DATE  03/11
HIGHEST GUST SPEED/DIRECTION    53/340    DATE  03/11

SKY COVER
POSSIBLE SUNSHINE (PERCENT)   MM
AVERAGE SKY COVER           0.50
NUMBER OF DAYS FAIR           10
NUMBER OF DAYS PC             13
NUMBER OF DAYS CLOUDY          8

AVERAGE RH (PERCENT)     57

WEATHER CONDITIONS. NUMBER OF DAYS WITH
THUNDERSTORM              5     MIXED PRECIP               0
HEAVY RAIN                1     RAIN                       4
LIGHT RAIN                7     FREEZING RAIN              0
LT FREEZING RAIN          2     HAIL                       0
HEAVY SNOW                1     SNOW                       2
LIGHT SNOW                3     SLEET                      2
FOG                      12     FOG W/VIS <= 1/4 MILE      0
HAZE                      5

-  INDICATES NEGATIVE NUMBERS.
R  INDICATES RECORD WAS SET OR TIED.
MM INDICATES DATA IS MISSING.
T  INDICATES TRACE AMOUNT.

&&
-------------------------------------------------------------------
 YEARLY PRECIPITATION (INCHES):
 TOTAL..................... 2.81
 DEPARTURE FROM NORMAL.....-3.99
$$







U.S. Dept. of Commerce
NOAA National Weather Service
1325 East West Highway
Silver Spring, MD 20910
E-mail: w-nws.webmaster@noaa.gov
Page last modified: May 16, 2007
NATIONAL WEATHER SERVICE: for Safety, for Work, for Fun - FOR LIFE