122
CXUS54 KTSA 031554 CCA
CLMTUL

CLIMATE REPORT - CORRECTED FOR TEMP RECORDS
NATIONAL WEATHER SERVICE TULSA OK
547 AM CDT SAT NOV 1 2014

...................................

...THE TULSA OKLAHOMA CLIMATE SUMMARY FOR THE MONTH OF OCTOBER 2014...

CLIMATE NORMAL PERIOD 1981 TO 2010
CLIMATE RECORD PERIOD 1882 TO 2014

WEATHER         OBSERVED          NORMAL  DEPART  LAST YEAR`S
                 VALUE   DATE(S)  VALUE   FROM    VALUE  DATE(S)
                                          NORMAL
................................................................
TEMPERATURE (F)
RECORD
 HIGH              98   10/06/1939
                        10/07/1979
                        10/07/1931
 LOW               15   10/30/1917
HIGHEST            93   10/01        74      19       88  10/04
LOWEST             33   10/31        51     -18       34  10/25
                                                          10/19
AVG. MAXIMUM     76.8              73.0     3.8     71.8
AVG. MINIMUM     53.8              50.6     3.2     50.6
MEAN             65.3              61.8     3.5     61.2
DAYS MAX >= 90      2               0.3     1.7        0
DAYS MAX <= 32      0               0.0     0.0        0
DAYS MIN <= 32      0               0.4    -0.4        0
DAYS MIN <= 0       0               0.0     0.0        0

PRECIPITATION (INCHES)
RECORD
 MAXIMUM        16.51   1941
 MINIMUM            T   1924
TOTALS           4.82              3.93    0.89     3.52
DAILY AVG.       0.16              0.13    0.03     0.11
DAYS >= .01        10               7.9     2.1       11
DAYS >= .10         7               4.5     2.5        6
DAYS >= .50         5               2.6     2.4        3
DAYS >= 1.00        3               1.3     1.7        1
GREATEST
 24 HR. TOTAL    1.26   10/12 TO 10/13

SNOWFALL (INCHES)
RECORDS
 TOTAL            0.3   1993
TOTALS            0.0                 T     0.0      0.0
SINCE 7/1         0.0                 T     0.0      0.0
SNOWDEPTH AVG.      0                MM      MM        0
DAYS >= 1.0         0               0.0     0.0        0
GREATEST
 SNOW DEPTH         0   MM                             0  MM
 24 HR TOTAL      0.0   10/31 TO 10/31

DEGREE_DAYS
HEATING TOTAL      97               162     -65      182
 SINCE 7/1        110               186     -76      183
COOLING TOTAL     113                63      50       73
 SINCE 1/1       2047              2028      19     2050
.................................................................

WIND (MPH)
AVERAGE WIND SPEED              8.8
HIGHEST WIND SPEED/DIRECTION    29/180    DATE  10/26
HIGHEST GUST SPEED/DIRECTION    37/180    DATE  10/26

SKY COVER
POSSIBLE SUNSHINE (PERCENT)   MM
AVERAGE SKY COVER           0.50
NUMBER OF DAYS FAIR           10
NUMBER OF DAYS PC             13
NUMBER OF DAYS CLOUDY          8

AVERAGE RH (PERCENT)     67

WEATHER CONDITIONS. NUMBER OF DAYS WITH
THUNDERSTORM              9     MIXED PRECIP               0
HEAVY RAIN                6     RAIN                       4
LIGHT RAIN               11     FREEZING RAIN              0
LT FREEZING RAIN          0     HAIL                       0
HEAVY SNOW                0     SNOW                       0
LIGHT SNOW                0     SLEET                      0
FOG                      13     FOG W/VIS <= 1/4 MILE      0
HAZE                      1

-  INDICATES NEGATIVE NUMBERS.
R  INDICATES RECORD WAS SET OR TIED.
MM INDICATES DATA IS MISSING.
T  INDICATES TRACE AMOUNT.

&&
-------------------------------------------------------------------
 YEARLY PRECIPITATION (INCHES):
 TOTAL.....................25.53
 DEPARTURE FROM NORMAL.....-10.14
$$










U.S. Dept. of Commerce
NOAA National Weather Service
1325 East West Highway
Silver Spring, MD 20910
E-mail: w-nws.webmaster@noaa.gov
Page last modified: May 16, 2007
NATIONAL WEATHER SERVICE: for Safety, for Work, for Fun - FOR LIFE