191
CXUS54 KTSA 011114
CLMTUL

CLIMATE REPORT
NATIONAL WEATHER SERVICE TULSA OK
613 AM CDT MON SEP 1 2014

...................................

...THE TULSA OKLAHOMA CLIMATE SUMMARY FOR THE MONTH OF AUGUST 2014...

CLIMATE NORMAL PERIOD 1981 TO 2010
CLIMATE RECORD PERIOD 1882 TO 2014

WEATHER         OBSERVED          NORMAL  DEPART  LAST YEAR`S
                 VALUE   DATE(S)  VALUE   FROM    VALUE  DATE(S)
                                          NORMAL
................................................................
TEMPERATURE (F)
RECORD
 HIGH             115   08/10/1936
 LOW               48   08/31/1915
HIGHEST           102   08/22        93       9      102  08/31
LOWEST             60   08/13        71     -11       62  08/18
                                                          08/17
                                                          08/15
AVG. MAXIMUM     93.7              93.1     0.6     90.6
AVG. MINIMUM     71.9              71.3     0.6     70.9
MEAN             82.8              82.2     0.6     80.8
DAYS MAX >= 90     25              21.9     3.1       18
DAYS MAX <= 32      0               0.0     0.0        0
DAYS MIN <= 32      0               0.0     0.0        0
DAYS MIN <= 0       0               0.0     0.0        0

PRECIPITATION (INCHES)
RECORD
 MAXIMUM        11.80   1927
 MINIMUM         0.00   1896
TOTALS           0.98              2.90   -1.92     2.88
DAILY AVG.       0.03              0.09   -0.06     0.09
DAYS >= .01         4               6.6    -2.6        8
DAYS >= .10         2               4.2    -2.2        5
DAYS >= .50         1               2.0    -1.0        2
DAYS >= 1.00        0               0.9    -0.9        2
GREATEST
 24 HR. TOTAL    0.77   08/07 TO 08/07
                        08/06 TO 08/07
                        08/07 TO 08/07

DEGREE_DAYS
COOLING TOTAL     561               533      28      496
 SINCE 1/1       1653              1701     -48     1629
.................................................................

WIND (MPH)
AVERAGE WIND SPEED              8.1
HIGHEST WIND SPEED/DIRECTION    25/180    DATE  08/31
HIGHEST GUST SPEED/DIRECTION    35/190    DATE  08/20

SKY COVER
POSSIBLE SUNSHINE (PERCENT)   MM
AVERAGE SKY COVER           0.40
NUMBER OF DAYS FAIR           16
NUMBER OF DAYS PC             11
NUMBER OF DAYS CLOUDY          4

AVERAGE RH (PERCENT)     63

WEATHER CONDITIONS. NUMBER OF DAYS WITH
THUNDERSTORM              0     MIXED PRECIP               0
HEAVY RAIN                0     RAIN                       1
LIGHT RAIN                5     FREEZING RAIN              0
LT FREEZING RAIN          0     HAIL                       0
HEAVY SNOW                0     SNOW                       0
LIGHT SNOW                0     SLEET                      0
FOG                       5     FOG W/VIS <= 1/4 MILE      0
HAZE                      3

-  INDICATES NEGATIVE NUMBERS.
R  INDICATES RECORD WAS SET OR TIED.
MM INDICATES DATA IS MISSING.
T  INDICATES TRACE AMOUNT.

&&
-------------------------------------------------------------------
 YEARLY PRECIPITATION (INCHES):
 TOTAL.....................18.52
 DEPARTURE FROM NORMAL.....-8.96
$$







U.S. Dept. of Commerce
NOAA National Weather Service
1325 East West Highway
Silver Spring, MD 20910
E-mail: w-nws.webmaster@noaa.gov
Page last modified: May 16, 2007
NATIONAL WEATHER SERVICE: for Safety, for Work, for Fun - FOR LIFE