802
CXUS54 KTSA 011115
CLMTUL

CLIMATE REPORT
NATIONAL WEATHER SERVICE TULSA OK
614 AM CDT TUE JUL 1 2014

...................................

...THE TULSA OKLAHOMA CLIMATE SUMMARY FOR THE MONTH OF JUNE 2014...

CLIMATE NORMAL PERIOD 1981 TO 2010
CLIMATE RECORD PERIOD 1882 TO 2014

WEATHER         OBSERVED          NORMAL  DEPART  LAST YEAR`S
                 VALUE   DATE(S)  VALUE   FROM    VALUE  DATE(S)
                                          NORMAL
................................................................
TEMPERATURE (F)
RECORD
 HIGH             108   06/10/1911
 LOW               49   06/04/1954
                        06/05/1919
                        06/04/1919
HIGHEST            94   06/30        88       6      100  06/27
LOWEST             58   06/11        67      -9       52  06/03
AVG. MAXIMUM     86.8              87.5    -0.7     89.1
AVG. MINIMUM     69.5              67.7     1.8     69.0
MEAN             78.2              77.6     0.6     79.1
DAYS MAX >= 90     10              11.3    -1.3       16
DAYS MAX <= 32      0               0.0     0.0        0
DAYS MIN <= 32      0               0.0     0.0        0
DAYS MIN <= 0       0               0.0     0.0        0

PRECIPITATION (INCHES)
RECORD
 MAXIMUM        14.87   1904
 MINIMUM         0.27   1933
TOTALS           4.67              4.72   -0.05     1.69
DAILY AVG.       0.16              0.16    0.00     0.06
DAYS >= .01        13               9.8     3.2        4
DAYS >= .10         8               6.9     1.1        3
DAYS >= .50         4               3.2     0.8        2
DAYS >= 1.00        1               1.4    -0.4        0
GREATEST
 24 HR. TOTAL    1.53   06/02 TO 06/02
                        06/01 TO 06/02
                        06/02 TO 06/02

DEGREE_DAYS
COOLING TOTAL     403               379      24      431
 SINCE 1/1        674               613      61      623
.................................................................

WIND (MPH)
AVERAGE WIND SPEED              11.3
HIGHEST WIND SPEED/DIRECTION    33/270    DATE  06/28
HIGHEST GUST SPEED/DIRECTION    45/260    DATE  06/28

SKY COVER
POSSIBLE SUNSHINE (PERCENT)   MM
AVERAGE SKY COVER           0.70
NUMBER OF DAYS FAIR            4
NUMBER OF DAYS PC             14
NUMBER OF DAYS CLOUDY         12

AVERAGE RH (PERCENT)     74

WEATHER CONDITIONS. NUMBER OF DAYS WITH
THUNDERSTORM              0     MIXED PRECIP               0
HEAVY RAIN                7     RAIN                       6
LIGHT RAIN               14     FREEZING RAIN              0
LT FREEZING RAIN          0     HAIL                       0
HEAVY SNOW                0     SNOW                       0
LIGHT SNOW                0     SLEET                      0
FOG                      10     FOG W/VIS <= 1/4 MILE      0
HAZE                      0

-  INDICATES NEGATIVE NUMBERS.
R  INDICATES RECORD WAS SET OR TIED.
MM INDICATES DATA IS MISSING.
T  INDICATES TRACE AMOUNT.

&&
-------------------------------------------------------------------
 YEARLY PRECIPITATION (INCHES):
 TOTAL.....................13.12
 DEPARTURE FROM NORMAL.....-8.10
$$







U.S. Dept. of Commerce
NOAA National Weather Service
1325 East West Highway
Silver Spring, MD 20910
E-mail: w-nws.webmaster@noaa.gov
Page last modified: May 16, 2007
NATIONAL WEATHER SERVICE: for Safety, for Work, for Fun - FOR LIFE