524
CXUS51 KPHI 021247
CLMTTN


CLIMATE REPORT
NATIONAL WEATHER SERVICE MOUNT HOLLY NJ
746 AM EST FRI JAN 2 2015

...................................

...THE TRENTON CLIMATE SUMMARY FOR THE MONTH OF DECEMBER 2014...

CLIMATE NORMAL PERIOD 1981 TO 2010
CLIMATE RECORD PERIOD 1865 TO 2015

WEATHER         OBSERVED          NORMAL  DEPART  LAST YEAR`S
                 VALUE   DATE(S)  VALUE   FROM    VALUE  DATE(S)
                                          NORMAL
................................................................
TEMPERATURE (F)
RECORD
 HIGH              76   12/07/1998
 LOW               -8   12/30/1880
HIGHEST            67                MM      MM       68
LOWEST             19                MM      MM       16
AVG. MAXIMUM     45.4              43.1     2.3     43.5
AVG. MINIMUM     32.6              27.6     5.0     28.0
MEAN             39.0              35.3     3.7     35.7
DAYS MAX >= 90      0               0.0     0.0        0
DAYS MAX <= 32      1               3.6    -2.6        7
DAYS MIN <= 32     19              22.6    -3.6       23
DAYS MIN <= 0       0               0.0     0.0        0

PRECIPITATION (INCHES)
RECORD
 MAXIMUM         9.50   1996
 MINIMUM         0.19   1955
TOTALS           4.14              3.70    0.44     4.44
DAILY AVG.       0.13              0.12    0.01     0.14
DAYS >= .01        14                MM      MM       12
DAYS >= .10         8                MM      MM        8
DAYS >= .50         3                MM      MM        4
DAYS >= 1.00        1                MM      MM        1
GREATEST
 24 HR. TOTAL    1.46   12/09 TO 12/09              1.16

SNOWFALL (INCHES)
RECORDS
 TOTAL             MM   5
 24 HR TOTAL       MM
TOTALS             MM                MM      MM       MM
SINCE 7/1          MM                MM      MM       MM
SNOWDEPTH AVG.     MM                MM      MM       MM
DAYS >= 1.0         0                MM      MM        0
GREATEST
 SNOW DEPTH        MM                                 MM  MM
 24 HR TOTAL       MM                                 MM

DEGREE_DAYS
HEATING TOTAL     798               919    -121      900
 SINCE 7/1       1768              1895    -127     1887
COOLING TOTAL       0                 0       0        0
 SINCE 1/1        930               965     -35     1077
.................................................................

WIND (MPH)
AVERAGE WIND SPEED              7.5
HIGHEST WIND SPEED/DIRECTION    24/320    DATE  12/10
HIGHEST GUST SPEED/DIRECTION    41/350    DATE  12/10

SKY COVER
POSSIBLE SUNSHINE (PERCENT)   MM
AVERAGE SKY COVER           0.70
NUMBER OF DAYS FAIR            7
NUMBER OF DAYS PC              9
NUMBER OF DAYS CLOUDY         15

AVERAGE RH (PERCENT)     68

WEATHER CONDITIONS. NUMBER OF DAYS WITH
THUNDERSTORM              0     MIXED PRECIP               0
HEAVY RAIN                3     RAIN                       7
LIGHT RAIN               13     FREEZING RAIN              0
LT FREEZING RAIN          0     HEAVY SNOW                 0
SNOW                      0     LIGHT SNOW                 3
SLEET                     1     FOG                       15
FOG W/VIS <= 1/4 MILE     2     HAZE                       7

-  INDICATES NEGATIVE NUMBERS.
R  INDICATES RECORD WAS SET OR TIED.
MM INDICATES DATA IS MISSING.
T  INDICATES TRACE AMOUNT.

$$




U.S. Dept. of Commerce
NOAA National Weather Service
1325 East West Highway
Silver Spring, MD 20910
E-mail: w-nws.webmaster@noaa.gov
Page last modified: May 16, 2007
NATIONAL WEATHER SERVICE: for Safety, for Work, for Fun - FOR LIFE