431
CXUS51 KPHI 011201
CLMTTN


CLIMATE REPORT
NATIONAL WEATHER SERVICE MOUNT HOLLY NJ
801 AM EDT TUE JUL 1 2014

...................................

...THE TRENTON CLIMATE SUMMARY FOR THE MONTH OF JUNE 2014...

CLIMATE NORMAL PERIOD 1981 TO 2010
CLIMATE RECORD PERIOD 1865 TO 2014

WEATHER         OBSERVED          NORMAL  DEPART  LAST YEAR`S
                 VALUE   DATE(S)  VALUE   FROM    VALUE  DATE(S)
                                          NORMAL
................................................................
TEMPERATURE (F)
RECORD
 HIGH             100   06/26/1952
                        06/29/1934
 LOW               41   06/13/1907
HIGHEST            92                MM      MM       92
LOWEST             48                MM      MM       50
AVG. MAXIMUM     81.6              80.8     0.8     81.1
AVG. MINIMUM     61.2              60.3     0.9     62.5
MEAN             71.4              70.5     0.9     71.8
DAYS MAX >= 90      2               2.9    -0.9        3
DAYS MAX <= 32      0               0.0     0.0        0
DAYS MIN <= 32      0               0.0     0.0        0
DAYS MIN <= 0       0               0.0     0.0        0

PRECIPITATION (INCHES)
RECORD
 MAXIMUM        13.80   1996
 MINIMUM         0.06   1949
TOTALS           2.24              4.41   -2.17    10.16
DAILY AVG.       0.07              0.15   -0.08     0.34
DAYS >= .01         8                MM      MM       15
DAYS >= .10         6                MM      MM       10
DAYS >= .50         1                MM      MM        5
DAYS >= 1.00        0                MM      MM        3
GREATEST
 24 HR. TOTAL    1.03   06/25 TO 06/26              3.51

SNOWFALL (INCHES)
RECORDS
 TOTAL             MM   5
 24 HR TOTAL       MM
TOTALS             MM                MM      MM       MM
SINCE 7/1          MM                MM      MM       MM
SNOWDEPTH AVG.     MM                MM      MM       MM
DAYS >= 1.0         0                MM      MM        0
GREATEST
 SNOW DEPTH        MM                                 MM  MM
 24 HR TOTAL       MM                                 MM

DEGREE_DAYS
HEATING TOTAL       3                24     -21        4
 SINCE 7/1       5477              5160     317     4953
COOLING TOTAL     201               190      11      218
 SINCE 1/1        245               247      -2      308
.................................................................

WIND (MPH)
AVERAGE WIND SPEED              6.1
HIGHEST WIND SPEED/DIRECTION    20/270    DATE  06/03
HIGHEST GUST SPEED/DIRECTION    33/280    DATE  06/03

SKY COVER
POSSIBLE SUNSHINE (PERCENT)   MM
AVERAGE SKY COVER           0.40
NUMBER OF DAYS FAIR           17
NUMBER OF DAYS PC              7
NUMBER OF DAYS CLOUDY          6

AVERAGE RH (PERCENT)     68

WEATHER CONDITIONS. NUMBER OF DAYS WITH
THUNDERSTORM              0     MIXED PRECIP               0
HEAVY RAIN                5     RAIN                       5
LIGHT RAIN                9     FREEZING RAIN              0
LT FREEZING RAIN          0     HEAVY SNOW                 0
SNOW                      0     LIGHT SNOW                 0
SLEET                     0     FOG                       12
FOG W/VIS <= 1/4 MILE     2     HAZE                       5

-  INDICATES NEGATIVE NUMBERS.
R  INDICATES RECORD WAS SET OR TIED.
MM INDICATES DATA IS MISSING.
T  INDICATES TRACE AMOUNT.

$$




U.S. Dept. of Commerce
NOAA National Weather Service
1325 East West Highway
Silver Spring, MD 20910
E-mail: w-nws.webmaster@noaa.gov
Page last modified: May 16, 2007
NATIONAL WEATHER SERVICE: for Safety, for Work, for Fun - FOR LIFE