147
CXUS56 KPQR 011715
CLMTTD


CLIMATE REPORT
NATIONAL WEATHER SERVICE PORTLAND OREGON
1015 AM PDT SAT NOV 1 2014

...................................

...THE TROUTDALE OR CLIMATE SUMMARY FOR THE MONTH OF OCTOBER 2014...

CLIMATE NORMAL PERIOD 1981 TO 2010
CLIMATE RECORD PERIOD 9999 TO 9999

WEATHER         OBSERVED          NORMAL  DEPART  LAST YEAR`S
                 VALUE   DATE(S)  VALUE   FROM    VALUE  DATE(S)
                                          NORMAL
................................................................
TEMPERATURE (F)
HIGHEST            85                                 76  10/06
LOWEST             44                                 30  10/29
AVG. MAXIMUM     68.2              64.0     4.2     63.5
AVG. MINIMUM     51.0              43.7     7.3     42.8
MEAN             59.6              53.8     5.8     53.1
DAYS MAX >= 90      0               0.0     0.0        0
DAYS MAX <= 32      0               0.0     0.0        0
DAYS MIN <= 32      0               0.7    -0.7        2
DAYS MIN <= 0       0               0.0     0.0        0

PRECIPITATION (INCHES)
RECORD
 MAXIMUM           MM   MM
 MINIMUM           MM   MM
TOTALS           6.94              3.95    2.99     1.61
DAYS >= .01        18              11.7     6.3       10
DAYS >= .10        14               7.8     6.2        5
DAYS >= .50         5               2.2     2.8        1
DAYS >= 1.00        2               0.4     1.6        0
GREATEST
 24 HR. TOTAL    1.67   10/22 TO 10/23

DEGREE_DAYS
HEATING TOTAL     173               348    -175      358
 SINCE 7/1        198               520    -322      448
COOLING TOTAL      12                 2      10        0
 SINCE 1/1        626               340              497
.................................................................

WIND (MPH)
AVERAGE WIND SPEED              6.3
RESULTANT WIND SPEED/DIRECTION   4/103
HIGHEST WIND SPEED/DIRECTION    31/220    DATE  10/25
HIGHEST GUST SPEED/DIRECTION    43/200    DATE  10/25

SKY COVER
POSSIBLE SUNSHINE (PERCENT)   MM
AVERAGE SKY COVER           0.50
NUMBER OF DAYS FAIR           11
NUMBER OF DAYS PC              9
NUMBER OF DAYS CLOUDY         11

AVERAGE RH (PERCENT)     74

WEATHER CONDITIONS. NUMBER OF DAYS WITH
THUNDERSTORM              0     MIXED PRECIP               0
HEAVY RAIN                4     RAIN                       8
LIGHT RAIN               18     FREEZING RAIN              0
LT FREEZING RAIN          0     HAIL                       0
HEAVY SNOW                0     SNOW                       0
LIGHT SNOW                0     SLEET                      0
FOG                      22     FOG W/VIS <= 1/4 MILE      6
HAZE                      1

-  INDICATES NEGATIVE NUMBERS.
R  INDICATES RECORD WAS SET OR TIED.
MM INDICATES DATA IS MISSING.
T  INDICATES TRACE AMOUNT.

$$




U.S. Dept. of Commerce
NOAA National Weather Service
1325 East West Highway
Silver Spring, MD 20910
E-mail: w-nws.webmaster@noaa.gov
Page last modified: May 16, 2007
NATIONAL WEATHER SERVICE: for Safety, for Work, for Fun - FOR LIFE