142
CXUS56 KSGX 011646
CLMTRM


CLIMATE REPORT
NATIONAL WEATHER SERVICE SAN DIEGO, CA
946 AM PDT MON SEP 1 2014

...................................

...THE THERMAL AIRPORT CA CLIMATE SUMMARY FOR THE MONTH OF AUGUST 2014...

CLIMATE NORMAL PERIOD 1981 TO 2010
CLIMATE RECORD PERIOD 1950 TO 2014

WEATHER         OBSERVED          NORMAL  DEPART  LAST YEAR`S
                 VALUE   DATE(S)  VALUE   FROM    VALUE  DATE(S)
                                          NORMAL
................................................................
TEMPERATURE (F)
RECORD
 HIGH             121   08/05/1997
 LOW               52   08/31/1999
                        08/21/1993
HIGHEST           114   08/29       106       8      113  08/16
                        08/28
LOWEST             65   08/23        75     -10       64  08/07
AVG. MAXIMUM    104.2             105.8    -1.6    105.0
AVG. MINIMUM     75.3              73.6     1.7     74.0
MEAN             89.8              89.7     0.1     89.5
DAYS MAX >= 90     31              30.8     0.2       30
DAYS MAX <= 32      0               0.0     0.0        0
DAYS MAX >= 100    26                                 26
DAYS MAX >= 110     4                                  4
DAYS MIN <= 32      0               0.0     0.0        0

PRECIPITATION (INCHES)
RECORD
 MAXIMUM         3.62   1977
 MINIMUM         0.00   2010
                        2006
                        2005
TOTALS           0.32              0.19    0.13     1.17
DAILY AVG.       0.01              0.01    0.00     0.04
DAYS >= .01         2               1.0     1.0        1
DAYS >= .10         1               0.5     0.5        1
DAYS >= .50         0               0.0     0.0        1
DAYS >= 1.00        0               0.0     0.0        1
DAYS >= 1.50        0                                  0
DAYS >= 2.00        0                                  0
GREATEST
 24 HR. TOTAL    0.29   08/03 TO 08/03           08/25 TO 08/25
                        08/02 TO 08/03                    08/24 TO 08/25
                        08/03 TO 08/03                    08/25 TO 08/25
 STORM TOTAL       MM                                 MM
 (MM/DD(HH))            MM                    08/25(00) TO 08/25(00)
                                                 08/25(00) TO 08/25(00)5
                                                 08/25(00) TO 08/25(00)5

SNOWFALL (INCHES)
TOTALS            0.0
SINCE 7/1         0.0

DEGREE_DAYS
HEATING TOTAL       0                 0       0        0
 SINCE 7/1          0                 0       0        0
COOLING TOTAL     775               766       9      766
 SINCE 1/1       3197              2833     364     3284

FREEZE DATES
RECORD
 EARLIEST     10/30/1971
 LATEST       04/10/1999
EARLIEST                        12/02
LATEST                          02/06
......................................................

WIND (MPH)
AVERAGE WIND SPEED              6.4
RESULTANT WIND SPEED/DIRECTION   1/009
HIGHEST WIND SPEED/DIRECTION    33/140    DATE  08/21
HIGHEST GUST SPEED/DIRECTION    46/140    DATE  08/21

SKY COVER
POSSIBLE SUNSHINE (PERCENT)   MM
AVERAGE SKY COVER           0.10
NUMBER OF DAYS FAIR           31
NUMBER OF DAYS PC              0
NUMBER OF DAYS CLOUDY          0

AVERAGE RH (PERCENT)     36

WEATHER CONDITIONS. NUMBER OF DAYS WITH
THUNDERSTORM              0     MIXED PRECIP               0
HEAVY RAIN                1     RAIN                       0
LIGHT RAIN                4     FREEZING RAIN              0
LT FREEZING RAIN          0     HAIL                       0
HEAVY SNOW                0     SNOW                       0
LIGHT SNOW                0     SLEET                      0
FOG                       1     FOG W/VIS <= 1/4 MILE      0
HAZE                      5

-  INDICATES NEGATIVE NUMBERS.
R  INDICATES RECORD WAS SET OR TIED.
MM INDICATES DATA IS MISSING.
T  INDICATES TRACE AMOUNT.

$$




U.S. Dept. of Commerce
NOAA National Weather Service
1325 East West Highway
Silver Spring, MD 20910
E-mail: w-nws.webmaster@noaa.gov
Page last modified: May 16, 2007
NATIONAL WEATHER SERVICE: for Safety, for Work, for Fun - FOR LIFE