770
CXUS56 KSGX 011433
CLMTRM


CLIMATE REPORT
NATIONAL WEATHER SERVICE SAN DIEGO, CA
732 AM PDT TUE APR 1 2014

...................................

...THE THERMAL AIRPORT CA CLIMATE SUMMARY FOR THE MONTH OF MARCH 2014...

CLIMATE NORMAL PERIOD 1981 TO 2010
CLIMATE RECORD PERIOD 1950 TO 2014

WEATHER         OBSERVED          NORMAL  DEPART  LAST YEAR`S
                 VALUE   DATE(S)  VALUE   FROM    VALUE  DATE(S)
                                          NORMAL
................................................................
TEMPERATURE (F)
RECORD
 HIGH             103   03/21/2004
 LOW               24   03/04/2002
HIGHEST            93   03/24        81      12      100  03/14
LOWEST             40   03/20        48      -8       38  03/11
                        03/02                             03/09
AVG. MAXIMUM     84.9              81.0     3.9     86.7
AVG. MINIMUM     49.6              47.1     2.5     51.2
MEAN             67.3              64.1     3.2     69.0
DAYS MAX >= 90      7               4.4     2.6       10
DAYS MAX <= 32      0               0.0     0.0        0
DAYS MAX >= 100     0                                  1
DAYS MAX >= 110     0                                  0
DAYS MIN <= 32      0               0.6    -0.6        0

PRECIPITATION (INCHES)
RECORD
 MAXIMUM         2.00   1983
 MINIMUM         0.00   2008
                        1999
TOTALS              T              0.38   -0.38     0.07
DAILY AVG.          T              0.01   -0.01     0.00
DAYS >= .01         0               1.8    -1.8        1
DAYS >= .10         0               1.1    -1.1        0
DAYS >= .50         0               0.2    -0.2        0
DAYS >= 1.00        0               0.0     0.0        0
DAYS >= 1.50        0                                  0
DAYS >= 2.00        0                                  0
GREATEST
 24 HR. TOTAL       T   03/01 TO 03/01           03/08 TO 03/08
                                                          03/31 TO 03/31
                                                          03/31 TO 03/31
 STORM TOTAL       MM                                 MM
 (MM/DD(HH))            MM                    03/08(00) TO 03/08(00)
                                                 03/31(00) TO 03/31(00)1
                                                 03/31(00) TO 03/31(00)1

SNOWFALL (INCHES)
TOTALS            0.0
SINCE 7/1         0.0

DEGREE_DAYS
HEATING TOTAL      23                92     -69       34
 SINCE 7/1        812              1157    -345     1122
COOLING TOTAL     104                62      42      162
 SINCE 1/1        114                74      40      162

FREEZE DATES
RECORD
 EARLIEST     10/30/1971
 LATEST       04/10/1999
EARLIEST                        12/02
LATEST                          02/06
..................................................

WIND (MPH)
AVERAGE WIND SPEED              7.6
RESULTANT WIND SPEED/DIRECTION   4/327
HIGHEST WIND SPEED/DIRECTION    30/250    DATE  03/26
HIGHEST GUST SPEED/DIRECTION    43/250    DATE  03/26

SKY COVER
POSSIBLE SUNSHINE (PERCENT)   MM
AVERAGE SKY COVER           0.00
NUMBER OF DAYS FAIR           30
NUMBER OF DAYS PC              1
NUMBER OF DAYS CLOUDY          0

AVERAGE RH (PERCENT)     34

WEATHER CONDITIONS. NUMBER OF DAYS WITH
THUNDERSTORM              0     MIXED PRECIP               0
HEAVY RAIN                0     RAIN                       0
LIGHT RAIN                0     FREEZING RAIN              0
LT FREEZING RAIN          0     HAIL                       0
HEAVY SNOW                0     SNOW                       0
LIGHT SNOW                0     SLEET                      0
FOG                       0     FOG W/VIS <= 1/4 MILE      0
HAZE                      8

-  INDICATES NEGATIVE NUMBERS.
R  INDICATES RECORD WAS SET OR TIED.
MM INDICATES DATA IS MISSING.
T  INDICATES TRACE AMOUNT.

$$




U.S. Dept. of Commerce
NOAA National Weather Service
1325 East West Highway
Silver Spring, MD 20910
E-mail: w-nws.webmaster@noaa.gov
Page last modified: May 16, 2007
NATIONAL WEATHER SERVICE: for Safety, for Work, for Fun - FOR LIFE