697
CXUS54 KMRX 011740
CLMTRI

CLIMATE REPORT
NATIONAL WEATHER SERVICE MORRISTOWN TN
140 PM EDT TUE JUL 1 2014

...................................

...THE TRI-CITIES CLIMATE SUMMARY FOR THE MONTH OF JUNE 2014...

CLIMATE NORMAL PERIOD 1981 TO 2010
CLIMATE RECORD PERIOD 1934 TO 2014

WEATHER         OBSERVED          NORMAL  DEPART
                 VALUE   DATE(S)  VALUE   FROM
                                          NORMAL
................................................
TEMPERATURE (F)
HIGHEST            93   06/18
LOWEST             55   06/07
                        06/02
AVG. MAXIMUM     85.8              83.0     2.8
AVG. MINIMUM     63.3              60.0     3.3
MEAN             74.6              71.5     3.1
DAYS MAX >= 90      5
DAYS MAX <= 32      0
DAYS MIN <= 32      0
DAYS MIN <= 0       0

PRECIPITATION (INCHES)
RECORD
 MAXIMUM         8.37   2013
 MINIMUM         0.75   1986
TOTALS           3.58              3.90   -0.32
DAYS >= .01        13
DAYS >= .10         9
DAYS >= .50         3
DAYS >= 1.00        0
GREATEST
 24 HR. TOTAL    0.95   06/11 TO 06/12

SNOWFALL (INCHES)
TOTALS            0.0               0.0     0.0
SINCE 7/1        13.0
SNOWDEPTH AVG.      0
DAYS >= TRACE       0
GREATEST
 SNOW DEPTH         0   MM

DEGREE_DAYS
HEATING TOTAL       0                11     -11
 SINCE 7/1       4410              4374      36
COOLING TOTAL     296               206      90
 SINCE 1/1        430               279     151
.................................................



-  INDICATES NEGATIVE NUMBERS.
R  INDICATES RECORD WAS SET OR TIED.
MM INDICATES DATA IS MISSING.
T  INDICATES TRACE AMOUNT.

$$




U.S. Dept. of Commerce
NOAA National Weather Service
1325 East West Highway
Silver Spring, MD 20910
E-mail: w-nws.webmaster@noaa.gov
Page last modified: May 16, 2007
NATIONAL WEATHER SERVICE: for Safety, for Work, for Fun - FOR LIFE