027
CXUS54 KMRX 011704 RRB
CLMTRI

CLIMATE REPORT
NATIONAL WEATHER SERVICE MORRISTOWN TN
103 PM EDT FRI AUG 1 2014

...................................

...THE TRI-CITIES CLIMATE SUMMARY FOR THE MONTH OF JULY 2014...

CLIMATE NORMAL PERIOD 1981 TO 2010
CLIMATE RECORD PERIOD 1934 TO 2014

WEATHER         OBSERVED          NORMAL  DEPART
                 VALUE   DATE(S)  VALUE   FROM
                                          NORMAL
................................................
TEMPERATURE (F)
HIGHEST            93   07/14
LOWEST             50   07/05
AVG. MAXIMUM     84.3              85.5    -1.2
AVG. MINIMUM     61.8              63.8    -2.0
MEAN             73.0              74.6    -1.6
DAYS MAX >= 90      8
DAYS MAX <= 32      0
DAYS MIN <= 32      0
DAYS MIN <= 0       0

PRECIPITATION (INCHES)
RECORD
 MAXIMUM        12.70   2012
 MINIMUM         0.67   1995
TOTALS           5.25              4.69    0.56
DAYS >= .01         9
DAYS >= .10         8
DAYS >= .50         3
DAYS >= 1.00        1
GREATEST
 24 HR. TOTAL    1.70   07/27 TO 07/27

SNOWFALL (INCHES)
TOTALS            0.0               0.0     0.0
SINCE 7/1         0.0
SNOWDEPTH AVG.      0
DAYS >= TRACE       0
GREATEST
 SNOW DEPTH         0   MM

DEGREE_DAYS
HEATING TOTAL       0                 0       0
 SINCE 7/1          0                 0       0
COOLING TOTAL     258               299     -41
 SINCE 1/1        688               578     110
.................................................



-  INDICATES NEGATIVE NUMBERS.
R  INDICATES RECORD WAS SET OR TIED.
MM INDICATES DATA IS MISSING.
T  INDICATES TRACE AMOUNT.

$$




U.S. Dept. of Commerce
NOAA National Weather Service
1325 East West Highway
Silver Spring, MD 20910
E-mail: w-nws.webmaster@noaa.gov
Page last modified: May 16, 2007
NATIONAL WEATHER SERVICE: for Safety, for Work, for Fun - FOR LIFE