122
CXUS54 KMRX 011327
CLMTRI

CLIMATE REPORT
NATIONAL WEATHER SERVICE MORRISTOWN TN
926 AM EDT MON SEP 1 2014

...................................

...THE TRI-CITIES  CLIMATE SUMMARY FOR THE MONTH OF AUGUST 2014...

CLIMATE NORMAL PERIOD 1981 TO 2010
CLIMATE RECORD PERIOD 1934 TO 2014

WEATHER         OBSERVED          NORMAL  DEPART
                 VALUE   DATE(S)  VALUE   FROM
                                          NORMAL
................................................
TEMPERATURE (F)
HIGHEST            92   08/30
                        08/29
LOWEST             54   08/04
AVG. MAXIMUM     84.3              85.1    -0.8
AVG. MINIMUM     62.5              62.5     0.0
MEAN             73.4              73.8    -0.4
DAYS MAX >= 90      2
DAYS MAX <= 32      0
DAYS MIN <= 32      0
DAYS MIN <= 0       0

PRECIPITATION (INCHES)
RECORD
 MAXIMUM        11.34   2003
 MINIMUM         0.37   2007
TOTALS           4.21              3.47    0.74
DAYS >= .01        14
DAYS >= .10         9
DAYS >= .50         2
DAYS >= 1.00        1
GREATEST
 24 HR. TOTAL    1.12   08/20 TO 08/20
                        08/19 TO 08/20
                        08/20 TO 08/20

SNOWFALL (INCHES)
TOTALS            0.0               0.0     0.0
SINCE 7/1         0.0
SNOWDEPTH AVG.      0
DAYS >= TRACE       0
GREATEST
 SNOW DEPTH         0   0

DEGREE_DAYS
HEATING TOTAL       0                 1      -1
 SINCE 7/1          0                 1      -1
COOLING TOTAL     269               274      -5
 SINCE 1/1        957               852     105
.................................................



-  INDICATES NEGATIVE NUMBERS.
R  INDICATES RECORD WAS SET OR TIED.
MM INDICATES DATA IS MISSING.
T  INDICATES TRACE AMOUNT.

$$




U.S. Dept. of Commerce
NOAA National Weather Service
1325 East West Highway
Silver Spring, MD 20910
E-mail: w-nws.webmaster@noaa.gov
Page last modified: May 16, 2007
NATIONAL WEATHER SERVICE: for Safety, for Work, for Fun - FOR LIFE