893
CXUS54 KMRX 011601
CLMTRI

CLIMATE REPORT
NATIONAL WEATHER SERVICE MORRISTOWN TN
1201 PM EDT TUE APR 1 2014

...................................

...THE TRI-CITIES CLIMATE SUMMARY FOR THE MONTH OF MARCH 2014...

CLIMATE NORMAL PERIOD 1981 TO 2010
CLIMATE RECORD PERIOD 1934 TO 2014

WEATHER         OBSERVED          NORMAL  DEPART
                 VALUE   DATE(S)  VALUE   FROM
                                          NORMAL
................................................
TEMPERATURE (F)
HIGHEST            71   03/11
LOWEST             20   03/04
AVG. MAXIMUM     58.6              59.0    -0.4
AVG. MINIMUM     31.3              34.4    -3.1
MEAN             44.9              46.7    -1.8
DAYS MAX >= 90      0
DAYS MAX <= 32      0
DAYS MIN <= 32     17
DAYS MIN <= 0       0

PRECIPITATION (INCHES)
RECORD
 MAXIMUM         9.56   1955
 MINIMUM         1.31   1985
TOTALS           2.27              3.44   -1.17
DAYS >= .01        11
DAYS >= .10         4
DAYS >= .50         2
DAYS >= 1.00        0
GREATEST
 24 HR. TOTAL    0.93   03/03 TO 03/03

SNOWFALL (INCHES)
TOTALS            0.7               1.4    -0.7
SINCE 7/1        13.0
SNOWDEPTH AVG.      0
DAYS >= TRACE       7
GREATEST
 SNOW DEPTH         0   MM

DEGREE_DAYS
HEATING TOTAL     616               568      48
 SINCE 7/1       4111              3950     161
COOLING TOTAL       0                 1      -1
 SINCE 1/1          0                 1      -1
.................................................



-  INDICATES NEGATIVE NUMBERS.
R  INDICATES RECORD WAS SET OR TIED.
MM INDICATES DATA IS MISSING.
T  INDICATES TRACE AMOUNT.

$$




U.S. Dept. of Commerce
NOAA National Weather Service
1325 East West Highway
Silver Spring, MD 20910
E-mail: w-nws.webmaster@noaa.gov
Page last modified: May 16, 2007
NATIONAL WEATHER SERVICE: for Safety, for Work, for Fun - FOR LIFE