872
CXUS54 KMRX 012305 RRA
CLMTRI

CLIMATE REPORT
NATIONAL WEATHER SERVICE MORRISTOWN TN
604 PM EST MON DEC 1 2014

...................................

...THE TRI-CITIES CLIMATE SUMMARY FOR THE MONTH OF NOVEMBER 2014...

CLIMATE NORMAL PERIOD 1981 TO 2010
CLIMATE RECORD PERIOD 1934 TO 2014

WEATHER         OBSERVED          NORMAL  DEPART
                 VALUE   DATE(S)  VALUE   FROM
                                          NORMAL
................................................
TEMPERATURE (F)
HIGHEST            72   11/24
LOWEST             13   11/19
AVG. MAXIMUM     52.1              58.7    -6.6
AVG. MINIMUM     29.3              34.6    -5.3
MEAN             40.7              46.6    -5.9
DAYS MAX >= 90      0
DAYS MAX <= 32      2
DAYS MIN <= 32     22
DAYS MIN <= 0       0

PRECIPITATION (INCHES)
RECORD
 MAXIMUM         6.74   2003
 MINIMUM         0.50   2001
TOTALS           2.44              3.10   -0.66
DAYS >= .01        10
DAYS >= .10         8
DAYS >= .50         1
DAYS >= 1.00        0
GREATEST
 24 HR. TOTAL    0.87   11/16 TO 11/17

SNOWFALL (INCHES)
TOTALS            1.2               0.2     1.0
SINCE 7/1         1.2
SNOWDEPTH AVG.      0
DAYS >= TRACE       5
GREATEST
 SNOW DEPTH         1   11/01

DEGREE_DAYS
HEATING TOTAL     721               551     170
 SINCE 7/1        983               886      97
COOLING TOTAL       0                 1      -1
 SINCE 1/1       1141               981     160
.................................................



-  INDICATES NEGATIVE NUMBERS.
R  INDICATES RECORD WAS SET OR TIED.
MM INDICATES DATA IS MISSING.
T  INDICATES TRACE AMOUNT.

$$




U.S. Dept. of Commerce
NOAA National Weather Service
1325 East West Highway
Silver Spring, MD 20910
E-mail: w-nws.webmaster@noaa.gov
Page last modified: May 16, 2007
NATIONAL WEATHER SERVICE: for Safety, for Work, for Fun - FOR LIFE