331
CXUS54 KMRX 011834 RRA
CLMTRI

CLIMATE REPORT
NATIONAL WEATHER SERVICE MORRISTOWN TN
134 PM EST THU JAN 1 2015

...................................

...THE TRI-CITIES CLIMATE SUMMARY FOR THE MONTH OF DECEMBER 2014...

CLIMATE NORMAL PERIOD 1981 TO 2010
CLIMATE RECORD PERIOD 1934 TO 2014

WEATHER         OBSERVED          NORMAL  DEPART
                 VALUE   DATE(S)  VALUE   FROM
                                          NORMAL
................................................
TEMPERATURE (F)
HIGHEST            65   12/24
LOWEST             19   12/12
AVG. MAXIMUM     49.8              48.0     1.8
AVG. MINIMUM     32.5              27.6     4.9
MEAN             41.2              37.8     3.4
DAYS MAX >= 90      0
DAYS MAX <= 32      0
DAYS MIN <= 32     15
DAYS MIN <= 0       0

PRECIPITATION (INCHES)
RECORD
 MAXIMUM         6.75   1961
 MINIMUM         0.21   1965
TOTALS           3.03              3.37   -0.34
DAYS >= .01        14
DAYS >= .10         8
DAYS >= .50         1
DAYS >= 1.00        0
GREATEST
 24 HR. TOTAL    0.82   12/23 TO 12/24

SNOWFALL (INCHES)
TOTALS            0.0               2.4    -2.4
SINCE 7/1         1.2
SNOWDEPTH AVG.      0
DAYS >= TRACE       0
GREATEST
 SNOW DEPTH         0   MM

DEGREE_DAYS
HEATING TOTAL     731               843    -112
 SINCE 7/1       1714              1729     -15
COOLING TOTAL       0                 0       0
 SINCE 1/1       1141               981     160
.................................................



-  INDICATES NEGATIVE NUMBERS.
R  INDICATES RECORD WAS SET OR TIED.
MM INDICATES DATA IS MISSING.
T  INDICATES TRACE AMOUNT.

$$




U.S. Dept. of Commerce
NOAA National Weather Service
1325 East West Highway
Silver Spring, MD 20910
E-mail: w-nws.webmaster@noaa.gov
Page last modified: May 16, 2007
NATIONAL WEATHER SERVICE: for Safety, for Work, for Fun - FOR LIFE