291
CXUS54 KMRX 012108
CLMTRI

CLIMATE REPORT
NATIONAL WEATHER SERVICE MORRISTOWN TN
505 PM EDT SAT NOV 1 2014

...................................

...THE TRI-CITIES      ASOS CLIMATE SUMMARY FOR THE MONTH OF OCTOBER 2014...

CLIMATE NORMAL PERIOD 1981 TO 2010
CLIMATE RECORD PERIOD 1934 TO 2014

WEATHER         OBSERVED          NORMAL  DEPART
                 VALUE   DATE(S)  VALUE   FROM
                                          NORMAL
................................................
TEMPERATURE (F)
HIGHEST            82   10/02
                        10/01
LOWEST             32   10/05
AVG. MAXIMUM     68.2              69.2    -1.0
AVG. MINIMUM     45.7              43.4     2.3
MEAN             57.0              56.3     0.7
DAYS MAX >= 90      0
DAYS MAX <= 32      0
DAYS MIN <= 32      1
DAYS MIN <= 0       0

PRECIPITATION (INCHES)
RECORD
 MAXIMUM         6.19   1937
 MINIMUM         0.02   2000
TOTALS           6.20R             2.10    4.10
DAYS >= .01        12
DAYS >= .10        12
DAYS >= .50         7
DAYS >= 1.00        1
GREATEST
 24 HR. TOTAL    1.11   10/07 TO 10/08

SNOWFALL (INCHES)
TOTALS            0.0               0.1    -0.1
SINCE 7/1         0.0
SNOWDEPTH AVG.      0
DAYS >= TRACE       0
GREATEST
 SNOW DEPTH         0   MM

DEGREE_DAYS
HEATING TOTAL     251               282     -31
 SINCE 7/1        262               335     -73
COOLING TOTAL       9                12      -3
 SINCE 1/1       1141               980     161
.................................................



-  INDICATES NEGATIVE NUMBERS.
R  INDICATES RECORD WAS SET OR TIED.
MM INDICATES DATA IS MISSING.
T  INDICATES TRACE AMOUNT.

$$




U.S. Dept. of Commerce
NOAA National Weather Service
1325 East West Highway
Silver Spring, MD 20910
E-mail: w-nws.webmaster@noaa.gov
Page last modified: May 16, 2007
NATIONAL WEATHER SERVICE: for Safety, for Work, for Fun - FOR LIFE