432
CXUS55 KLKN 020517
CLMTPH


CLIMATE REPORT
NATIONAL WEATHER SERVICE ELKO NV
1002 PM PDT TUE APR 1 2014

...................................

...THE TONOPAH AIRPORT NV CLIMATE SUMMARY FOR THE MONTH OF MARCH 2014...

CLIMATE NORMAL PERIOD 1981 TO 2010
CLIMATE RECORD PERIOD 1954 TO 2014

WEATHER         OBSERVED          NORMAL  DEPART  LAST YEAR`S
                 VALUE   DATE(S)  VALUE   FROM    VALUE  DATE(S)
                                          NORMAL
................................................................
TEMPERATURE (F)
RECORD
 HIGH              79   03/21/2004
                        03/20/2004
 LOW                4   03/02/1971
HIGHEST            69   03/25        71      -2       74  03/14
                        03/16
LOWEST             22   03/19        18       4       24  03/23
AVG. MAXIMUM     59.2              56.8     2.4     61.9
AVG. MINIMUM     30.7              29.0     1.7     33.6
MEAN             45.0              42.9     2.1     47.8
DAYS MAX >= 90      0               0.0     0.0        0
DAYS MAX <= 32      0               0.1    -0.1        0
DAYS MIN <= 32     22              20.7     1.3       18
DAYS MIN <= 0       0               0.0     0.0        0

PRECIPITATION (INCHES)
RECORD
 MAXIMUM         2.38   1978
 MINIMUM         0.00   2003
                        1997
                        1972
TOTALS           0.03              0.57   -0.54     0.12
DAILY AVG.       0.00              0.02   -0.02     0.00
DAYS >= .01         1               4.1    -3.1        2
DAYS >= .10         0               1.8    -1.8        0
DAYS >= .50         0               0.1    -0.1        0
DAYS >= 1.00        0               0.0     0.0        0
GREATEST
 24 HR. TOTAL    0.03   03/30 TO 03/30              0.09

DEGREE_DAYS
HEATING TOTAL     614               685     -71      526
 SINCE 7/1       4387              4727    -340     4360
COOLING TOTAL       0                 0       0        0
 SINCE 1/1          0                 0       0        0
.................................................................

WIND (MPH)
AVERAGE WIND SPEED              10.6
HIGHEST WIND SPEED/DIRECTION    44/330    DATE  03/17
HIGHEST GUST SPEED/DIRECTION    54/330    DATE  03/17

AVERAGE RH (PERCENT)     38

WEATHER CONDITIONS. NUMBER OF DAYS WITH
THUNDERSTORM              0     MIXED PRECIP               0
HEAVY RAIN                0     RAIN                       0
LIGHT RAIN                0     FREEZING RAIN              0
LT FREEZING RAIN          0     HAIL                       0
HEAVY SNOW                0     SNOW                       0
LIGHT SNOW                1     SLEET                      0
FOG                       0     FOG W/VIS <= 1/4 MILE      0
HAZE                      0

-  INDICATES NEGATIVE NUMBERS.
R  INDICATES RECORD WAS SET OR TIED.
MM INDICATES DATA IS MISSING.
T  INDICATES TRACE AMOUNT.

&&

=================================================================

...14TH WARMEST MARCH ON RECORD AT TONOPAH AIRPORT...
...13TH DRIEST MARCH ON RECORD AT TONOPAH AIRPORT...

THE AVERAGE TEMPERATURE AT TONOPAH AIRPORT DURING MARCH 2014 WAS
45.0 DEGREES...WHICH IS 2.1 DEGREES ABOVE THE 1981-2010
CLIMATOLOGICAL NORMAL OF 42.9 DEGREES. THIS MAKES MARCH 2014 THE
14TH WARMEST ON RECORD. THE TOTAL PRECIPITATION WAS 0.03
INCHES...WHICH IS 0.54 INCHES OR 95 PERCENT BELOW THE 1981-2010
CLIMATOLOGICAL NORMAL OF 0.57 INCHES. THIS MAKES MARCH 2014 THE
13TH DRIEST ON RECORD.

NO DAILY RECORDS WERE SET AT TONOPAH AIRPORT DURING MARCH 2014.

$$

RCM




U.S. Dept. of Commerce
NOAA National Weather Service
1325 East West Highway
Silver Spring, MD 20910
E-mail: w-nws.webmaster@noaa.gov
Page last modified: May 16, 2007
NATIONAL WEATHER SERVICE: for Safety, for Work, for Fun - FOR LIFE