309
CXUS52 KTBW 050315
CLMTPA


CLIMATE REPORT
NATIONAL WEATHER SERVICE TAMPA BAY FL
1115 PM EDT SAT OCT 4 2014

...................................

...THE TAMPA CLIMATE SUMMARY FOR THE MONTH OF SEPTEMBER 2014...

CLIMATE NORMAL PERIOD 1981 TO 2010
CLIMATE RECORD PERIOD 1890 TO 2014

WEATHER         OBSERVED          NORMAL  DEPART  LAST YEAR`S
                 VALUE   DATE(S)  VALUE   FROM    VALUE  DATE(S)
                                          NORMAL
................................................................
TEMPERATURE (F)
ALL-TIME SEPTEMBER RECORD
 HIGH              96   09/07/1991
                        09/06/1991
                        09/19/1972
 LOW               54   09/22/1897

SEPTEMBER 2014
HIGHEST            93   09/10        MM      MM       94  09/15
                        09/03                             09/09
                        09/01
LOWEST             70   09/19        MM      MM       71  09/29
                                                          09/27
AVG. MAXIMUM     87.9              88.9    -1.0     89.3
AVG. MINIMUM     74.3              74.5    -0.2     74.6
MEAN             81.1              81.7    -0.6     81.9
DAYS MAX >= 90     12              12.9    -0.9       16
DAYS MAX <= 32      0               0.0     0.0        0
DAYS MIN <= 32      0               0.0     0.0        0
DAYS MIN <= 0       0               0.0     0.0        0

PRECIPITATION (INCHES)
ALL-TIME SEPTEMBER RECORD
 MAXIMUM        18.93   1912
 MINIMUM         0.79   2005
                        1910

SEPTEMBER 2014
TOTALS           9.57              6.30    3.27     7.37
DAILY AVG.       0.32              0.21    0.11     0.25
DAYS >= .01        16              12.2     3.8       14
DAYS >= .10        12               7.7     4.3       12
DAYS >= .50         6               3.8     2.2        6
DAYS >= 1.00        5               2.0     3.0        3
GREATEST
 24 HR. TOTAL    2.01   09/27 TO 09/28

DEGREE_DAYS
HEATING TOTAL       0                 0       0        0
 SINCE 7/1          0                 0       0        0
COOLING TOTAL     489               501     -12      515
 SINCE 1/1       3006              3016     -10     3152
.................................................................

WIND (MPH)
AVERAGE WIND SPEED              5.2
HIGHEST WIND SPEED/DIRECTION    26/270    DATE  09/16
HIGHEST GUST SPEED/DIRECTION    33/260    DATE  09/16

SKY COVER
POSSIBLE SUNSHINE (PERCENT)   MM
AVERAGE SKY COVER           0.70
NUMBER OF DAYS FAIR            0
NUMBER OF DAYS PC             13
NUMBER OF DAYS CLOUDY         17

AVERAGE RH (PERCENT)     74

WEATHER CONDITIONS. NUMBER OF DAYS WITH
THUNDERSTORM             15     MIXED PRECIP               0
HEAVY RAIN                5     RAIN                      10
LIGHT RAIN               22     FREEZING RAIN              0
LT FREEZING RAIN          0     HAIL                       0
HEAVY SNOW                0     SNOW                       0
LIGHT SNOW                0     SLEET                      0
FOG                      15     FOG W/VIS <= 1/4 MILE      0
HAZE                      9

-  INDICATES NEGATIVE NUMBERS.
R  INDICATES RECORD WAS SET OR TIED.
MM INDICATES DATA IS MISSING.
T  INDICATES TRACE AMOUNT.

$$





U.S. Dept. of Commerce
NOAA National Weather Service
1325 East West Highway
Silver Spring, MD 20910
E-mail: w-nws.webmaster@noaa.gov
Page last modified: May 16, 2007
NATIONAL WEATHER SERVICE: for Safety, for Work, for Fun - FOR LIFE