824
CXUS52 KTBW 031420
CLMTPA


CLIMATE REPORT
NATIONAL WEATHER SERVICE TAMPA BAY FL
920 AM EST MON NOV 3 2014

...................................

...THE TAMPA CLIMATE SUMMARY FOR THE MONTH OF OCTOBER 2014...

CLIMATE NORMAL PERIOD 1981 TO 2010
CLIMATE RECORD PERIOD 1890 TO 2014

WEATHER         OBSERVED          NORMAL  DEPART  LAST YEAR`S
                 VALUE   DATE(S)  VALUE   FROM    VALUE  DATE(S)
                                          NORMAL
................................................................
TEMPERATURE (F)
ALL-TIME OCTOBER RECORD
 HIGH              95   10/09/1941
 LOW               40   10/21/1964

OCTOBER 2014
HIGHEST            90   10/13        MM      MM       91  10/04
                        10/10                             10/03
                        10/09                             10/01
LOWEST             57   10/26        MM      MM       58  10/27
                        10/05                             10/26
                                                          10/25
AVG. MAXIMUM     84.3              84.3     0.0     85.2
AVG. MINIMUM     67.4              68.0    -0.6     69.3
MEAN             75.9              76.2    -0.3     77.3
DAYS MAX >= 90      3               2.3     0.7        5
DAYS MAX <= 32      0               0.0     0.0        0
DAYS MIN <= 32      0               0.0     0.0        0
DAYS MIN <= 0       0               0.0     0.0        0

PRECIPITATION (INCHES)
ALL-TIME OCTOBER RECORD
 MAXIMUM        10.33   1922
 MINIMUM            T   2010

OCTOBER 2014
TOTALS           1.52              2.26   -0.74     0.82
DAILY AVG.       0.05              0.07   -0.02     0.03
DAYS >= .01         6               6.5    -0.5        2
DAYS >= .10         4               3.9     0.1        2
DAYS >= .50         1               1.4    -0.4        1
DAYS >= 1.00        0               0.7    -0.7        0
GREATEST
 24 HR. TOTAL    0.95   10/14 TO 10/15

DEGREE_DAYS
HEATING TOTAL       0                 4      -4        0
 SINCE 7/1          0                 4      -4        0
COOLING TOTAL     344               350      -6      389
 SINCE 1/1       3350              3366     -16     3541
.................................................................

WIND (MPH)
AVERAGE WIND SPEED              5.3
HIGHEST WIND SPEED/DIRECTION    22/250    DATE  10/14
HIGHEST GUST SPEED/DIRECTION    32/290    DATE  10/14

SKY COVER
POSSIBLE SUNSHINE (PERCENT)   MM
AVERAGE SKY COVER           0.40
NUMBER OF DAYS FAIR           17
NUMBER OF DAYS PC             11
NUMBER OF DAYS CLOUDY          3

AVERAGE RH (PERCENT)     66

WEATHER CONDITIONS. NUMBER OF DAYS WITH
THUNDERSTORM              4     MIXED PRECIP               0
HEAVY RAIN                2     RAIN                       3
LIGHT RAIN                8     FREEZING RAIN              0
LT FREEZING RAIN          0     HAIL                       0
HEAVY SNOW                0     SNOW                       0
LIGHT SNOW                0     SLEET                      0
FOG                       6     FOG W/VIS <= 1/4 MILE      0
HAZE                      4

-  INDICATES NEGATIVE NUMBERS.
R  INDICATES RECORD WAS SET OR TIED.
MM INDICATES DATA IS MISSING.
T  INDICATES TRACE AMOUNT.

$$





U.S. Dept. of Commerce
NOAA National Weather Service
1325 East West Highway
Silver Spring, MD 20910
E-mail: w-nws.webmaster@noaa.gov
Page last modified: May 16, 2007
NATIONAL WEATHER SERVICE: for Safety, for Work, for Fun - FOR LIFE