946
CXUS52 KTBW 012059
CLMTPA


CLIMATE REPORT
NATIONAL WEATHER SERVICE TAMPA BAY FL
355 PM EST MON DEC 1 2014

...................................

...THE TAMPA CLIMATE SUMMARY FOR THE MONTH OF NOVEMBER 2014...

    ...4TH WETTEST NOVEMBER SINCE RECORDS BEGAN IN 1890...

CLIMATE NORMAL PERIOD 1981 TO 2010
CLIMATE RECORD PERIOD 1890 TO 2014

WEATHER         OBSERVED          NORMAL  DEPART  LAST YEAR`S
                 VALUE   DATE(S)  VALUE   FROM    VALUE  DATE(S)
                                          NORMAL
................................................................
TEMPERATURE (F)
ALL-TIME NOVEMBER RECORD
 HIGH              90   11/01/2006
                        11/01/1971
                        11/04/1961
 LOW               23   11/25/1970

NOVEMBER 2014
HIGHEST            83   11/23        MM      MM       86  11/06
                        11/05
LOWEST             41   11/19        MM      MM       38  11/28
AVG. MAXIMUM     73.8              78.0    -4.2     78.4
AVG. MINIMUM     55.0              60.3    -5.3     62.0
MEAN             64.4              69.1    -4.7     70.2
DAYS MAX >= 90      0               0.0     0.0        0
DAYS MAX <= 32      0               0.0     0.0        0
DAYS MIN <= 32      0               0.0     0.0        0
DAYS MIN <= 0       0               0.0     0.0        0

PRECIPITATION (INCHES)
ALL-TIME NOVEMBER RECORD
 MAXIMUM         6.12   1963
 MINIMUM            T   1960

NOVEMBER 2014
TOTALS           5.26              1.55    3.71     0.96
DAILY AVG.       0.18              0.05    0.13     0.03
DAYS >= .01         8               5.1     2.9        7
DAYS >= .10         5               2.7     2.3        3
DAYS >= .50         2               0.9     1.1        1
DAYS >= 1.00        1               0.4     0.6        0
GREATEST
 24 HR. TOTAL    3.77   11/25 TO 11/26

DEGREE_DAYS
HEATING TOTAL      88                40      48       30
 SINCE 7/1         88                44      44       30
COOLING TOTAL      75               164     -89      195
 SINCE 1/1       3425              3530    -105     3736
.................................................................

WIND (MPH)
AVERAGE WIND SPEED              7.1
HIGHEST WIND SPEED/DIRECTION    28/330    DATE  11/01
HIGHEST GUST SPEED/DIRECTION    36/330    DATE  11/01

SKY COVER
POSSIBLE SUNSHINE (PERCENT)   MM
AVERAGE SKY COVER           0.50
NUMBER OF DAYS FAIR           10
NUMBER OF DAYS PC             15
NUMBER OF DAYS CLOUDY          5

AVERAGE RH (PERCENT)     66

WEATHER CONDITIONS. NUMBER OF DAYS WITH
THUNDERSTORM              2     MIXED PRECIP               0
HEAVY RAIN                2     RAIN                       2
LIGHT RAIN                9     FREEZING RAIN              0
LT FREEZING RAIN          0     HAIL                       0
HEAVY SNOW                0     SNOW                       0
LIGHT SNOW                0     SLEET                      0
FOG                      13     FOG W/VIS <= 1/4 MILE      3
HAZE                      2
 ................................................................

REMARKS
THE NOVEMBER 2014 MONTHLY RAINFALL TOTAL OF 5.26 INCHES RANKS AS
THE 4TH WETTEST NOVEMBER SINCE RECORDS BEGAN IN 1890. THE WETTEST
NOVEMBER HAD A RAINFALL TOTAL OF 6.12 INCHES IN 1963.

THE NOVEMBER 2014 MONTHLY AVERAGE TEMPERATURE OF 64.4 DEGREES
TIES WITH 1981...1937...1932...1903 AND 1892 AS THE 13TH COOLEST
NOVEMBER SINCE RECORDS BEGAN IN 1890. THE COOLEST NOVEMBER HAD AN
AVERAGE TEMPERATURE OF 61.4 DEGREES WHICH OCCURRED IN 1901.

-  INDICATES NEGATIVE NUMBERS.
R  INDICATES RECORD WAS SET OR TIED.
MM INDICATES DATA IS MISSING.
T  INDICATES TRACE AMOUNT.

$$






U.S. Dept. of Commerce
NOAA National Weather Service
1325 East West Highway
Silver Spring, MD 20910
E-mail: w-nws.webmaster@noaa.gov
Page last modified: May 16, 2007
NATIONAL WEATHER SERVICE: for Safety, for Work, for Fun - FOR LIFE