810
CXUS52 KTBW 011727
CLMTPA


CLIMATE REPORT
NATIONAL WEATHER SERVICE TAMPA BAY FL
117 PM EDT FRI AUG 1 2014

...................................

...THE TAMPA CLIMATE SUMMARY FOR THE MONTH OF JULY 2014...

   ...8TH WETTEST JULY SINCE RECORDS BEGAN IN 1890...

CLIMATE NORMAL PERIOD 1981 TO 2010
CLIMATE RECORD PERIOD 1890 TO 2014

WEATHER         OBSERVED          NORMAL  DEPART  LAST YEAR`S
                 VALUE   DATE(S)  VALUE   FROM    VALUE  DATE(S)
                                          NORMAL
................................................................
TEMPERATURE (F)
ALL-TIME JULY RECORD
 HIGH              98   07/21/1942
                        07/20/1942
 LOW               62   07/14/1890

JULY 2014
HIGHEST            94   07/01        MM      MM       94  07/27
                                                          07/09
LOWEST             72   07/08        MM      MM       72  07/17
AVG. MAXIMUM     89.5              90.1    -0.6     89.5
AVG. MINIMUM     76.5              75.9     0.6     75.3
MEAN             83.0              83.0     0.0     82.4
DAYS MAX >= 90     17              17.0     0.0       18
DAYS MAX <= 32      0               0.0     0.0        0
DAYS MIN <= 32      0               0.0     0.0        0
DAYS MIN <= 0       0               0.0     0.0        0

PRECIPITATION (INCHES)
ALL-TIME JULY RECORD
 MAXIMUM        20.59   1960
 MINIMUM         1.65   1981

JULY 2014
TOTALS          12.68              7.07    5.61    10.19
DAILY AVG.       0.41              0.23    0.18     0.33
DAYS >= .01        14              15.9    -1.9       23
DAYS >= .10        11              10.6     0.4       14
DAYS >= .50         6               4.8     1.2        6
DAYS >= 1.00        4               2.1     1.9        3
GREATEST
 24 HR. TOTAL    4.49   07/08 TO 07/08

DEGREE_DAYS
HEATING TOTAL       0                 0       0        0
 SINCE 7/1          0                 0       0        0
COOLING TOTAL     564               558       6      549
 SINCE 1/1       1913              1951     -38     2047
.................................................................

WIND (MPH)
AVERAGE WIND SPEED              5.7
HIGHEST WIND SPEED/DIRECTION    29/260    DATE  07/03
HIGHEST GUST SPEED/DIRECTION    39/290    DATE  07/03

SKY COVER
POSSIBLE SUNSHINE (PERCENT)   MM
AVERAGE SKY COVER           0.60
NUMBER OF DAYS FAIR            0
NUMBER OF DAYS PC             29
NUMBER OF DAYS CLOUDY          2

AVERAGE RH (PERCENT)     72

WEATHER CONDITIONS. NUMBER OF DAYS WITH
THUNDERSTORM              0     MIXED PRECIP               0
HEAVY RAIN                6     RAIN                       8
LIGHT RAIN               20     FREEZING RAIN              0
LT FREEZING RAIN          0     HAIL                       0
HEAVY SNOW                0     SNOW                       0
LIGHT SNOW                0     SLEET                      0
FOG                      11     FOG W/VIS <= 1/4 MILE      0
HAZE                      9

-  INDICATES NEGATIVE NUMBERS.
R  INDICATES RECORD WAS SET OR TIED.
MM INDICATES DATA IS MISSING.
T  INDICATES TRACE AMOUNT.

$$






U.S. Dept. of Commerce
NOAA National Weather Service
1325 East West Highway
Silver Spring, MD 20910
E-mail: w-nws.webmaster@noaa.gov
Page last modified: May 16, 2007
NATIONAL WEATHER SERVICE: for Safety, for Work, for Fun - FOR LIFE