874
CXUS52 KTBW 010840
CLMTPA


CLIMATE REPORT
NATIONAL WEATHER SERVICE TAMPA BAY FL
440 AM EDT TUE APR 1 2014

...................................

...THE TAMPA CLIMATE SUMMARY FOR THE MONTH OF MARCH 2014...

CLIMATE NORMAL PERIOD 1981 TO 2010
CLIMATE RECORD PERIOD 1890 TO 2014

WEATHER         OBSERVED          NORMAL  DEPART  LAST YEAR`S
                 VALUE   DATE(S)  VALUE   FROM    VALUE  DATE(S)
                                          NORMAL
................................................................
TEMPERATURE (F)
ALL-TIME MARCH RECORD
 HIGH              92   03/30/1907
                        03/25/1907
 LOW               29   03/03/1980

MARCH 2014
HIGHEST            85   03/21        MM      MM       83  03/19
LOWEST             45   03/26        MM      MM       43  03/27
                        03/08                             03/07
                                                          03/04
AVG. MAXIMUM     73.8              76.3    -2.5     71.1
AVG. MINIMUM     57.6              58.2    -0.6     52.1
MEAN             65.7              67.3    -1.6     61.6
DAYS MAX >= 90      0               0.0     0.0        0
DAYS MAX <= 32      0               0.0     0.0        0
DAYS MIN <= 32      0               0.0     0.0        0
DAYS MIN <= 0       0               0.0     0.0        0

PRECIPITATION (INCHES)
ALL-TIME MARCH RECORD
 MAXIMUM        12.64   1959
 MINIMUM            T   2006
                        1907

MARCH 2014
TOTALS           4.95              3.03    1.92     2.06
DAILY AVG.       0.16              0.10    0.06     0.07
DAYS >= .01        10               6.6     3.4        4
DAYS >= .10         6               4.1     1.9        3
DAYS >= .50         4               1.9     2.1        1
DAYS >= 1.00        3               1.0     2.0        1
GREATEST
 24 HR. TOTAL    1.70   03/29 TO 03/29

DEGREE_DAYS
HEATING TOTAL      48                56      -8      143
 SINCE 7/1        444               527     -83      400
COOLING TOTAL      78               126     -48       45
 SINCE 1/1        182               239     -57      259
.................................................................

WIND (MPH)
AVERAGE WIND SPEED              7.4
HIGHEST WIND SPEED/DIRECTION    29/290    DATE  03/18
HIGHEST GUST SPEED/DIRECTION    38/290    DATE  03/18

SKY COVER
POSSIBLE SUNSHINE (PERCENT)   MM
AVERAGE SKY COVER           0.50
NUMBER OF DAYS FAIR           13
NUMBER OF DAYS PC              7
NUMBER OF DAYS CLOUDY         11

AVERAGE RH (PERCENT)     71

WEATHER CONDITIONS. NUMBER OF DAYS WITH
THUNDERSTORM              4     MIXED PRECIP               0
HEAVY RAIN                2     RAIN                       5
LIGHT RAIN               13     FREEZING RAIN              0
LT FREEZING RAIN          0     HAIL                       0
HEAVY SNOW                0     SNOW                       0
LIGHT SNOW                0     SLEET                      0
FOG                      15     FOG W/VIS <= 1/4 MILE      1
HAZE                      2

-  INDICATES NEGATIVE NUMBERS.
R  INDICATES RECORD WAS SET OR TIED.
MM INDICATES DATA IS MISSING.
T  INDICATES TRACE AMOUNT.

$$





U.S. Dept. of Commerce
NOAA National Weather Service
1325 East West Highway
Silver Spring, MD 20910
E-mail: w-nws.webmaster@noaa.gov
Page last modified: May 16, 2007
NATIONAL WEATHER SERVICE: for Safety, for Work, for Fun - FOR LIFE