659
CXUS55 KCYS 081700
CLMTOR


CLIMATE REPORT
NATIONAL WEATHER SERVICE CHEYENNE WY
1100 AM MDT TUE APR 8 2014

...................................

...THE TORRINGTON WY AIRPORT CLIMATE SUMMARY FOR THE MONTH OF MARCH 2014...

CLIMATE NORMAL PERIOD 1981 TO 2010
CLIMATE RECORD PERIOD 1998 TO 2014

WEATHER         OBSERVED          NORMAL  DEPART  LAST YEAR`S
                 VALUE   DATE(S)  VALUE   FROM    VALUE
                                          NORMAL
.............................................................
TEMPERATURE (F)
RECORD
 HIGH              85   03/31/2012
 LOW               -5   03/02/2014
                        03/02/2002
                        02/06/1989
HIGHEST            70   03/30        MM      MM       74
                        03/17
LOWEST             -5R  03/02        MM      MM        4
AVG. MAXIMUM     50.8              51.5    -0.7     53.5
AVG. MINIMUM     23.8              24.3    -0.5     21.2
MEAN             37.3              37.9    -0.6     37.3
DAYS MAX >= 90      0               0.0                0
DAYS MAX <= 32      3               2.4                2
DAYS MIN <= 32     27              26.8               30
DAYS MIN <= 0       3               0.3                0

PRECIPITATION (INCHES)
RECORD
 MAXIMUM         0.85   2011
 MINIMUM         0.00   2012
TOTALS           0.67              0.75   -0.08     0.15
DAYS >= .01         7                MM      MM        4
DAYS >= .10         4                MM      MM        0
DAYS >= .50         0                MM      MM        0
DAYS >= 1.00        0                MM      MM        0
GREATEST
 24 HR. TOTAL    0.26   03/07 TO 03/07

DEGREE_DAYS
HEATING TOTAL     851               840      11      852
 SINCE 7/1       5966              5684     282     5465
COOLING TOTAL       0                 0       0        0
 SINCE 1/1          0                 0       0        0
..............................................................

WIND (MPH)
AVERAGE WIND SPEED              11.3
HIGHEST WIND SPEED/DIRECTION    46/020    DATE  03/18
HIGHEST GUST SPEED/DIRECTION    58/020    DATE  03/18

SKY COVER
POSSIBLE SUNSHINE (PERCENT)   MM
AVERAGE SKY COVER           0.30
NUMBER OF DAYS FAIR           18
NUMBER OF DAYS PC              9
NUMBER OF DAYS CLOUDY          4

AVERAGE RH (PERCENT)     61

WEATHER CONDITIONS. NUMBER OF DAYS WITH
THUNDERSTORM              0     MIXED PRECIP               0
HEAVY RAIN                0     RAIN                       0
LIGHT RAIN                5     FREEZING RAIN              0
LT FREEZING RAIN          0     HAIL                       0
HEAVY SNOW                1     SNOW                       1
LIGHT SNOW                9     SLEET                      0
FOG                      12     FOG W/VIS <= 1/4 MILE      4
HAZE                      3

-  INDICATES NEGATIVE NUMBERS.
R  INDICATES RECORD WAS SET OR TIED.
MM INDICATES DATA IS MISSING.
T  INDICATES TRACE AMOUNT.

$$




U.S. Dept. of Commerce
NOAA National Weather Service
1325 East West Highway
Silver Spring, MD 20910
E-mail: w-nws.webmaster@noaa.gov
Page last modified: May 16, 2007
NATIONAL WEATHER SERVICE: for Safety, for Work, for Fun - FOR LIFE