161
CXUS55 KCYS 052050
CLMTOR


CLIMATE REPORT
NATIONAL WEATHER SERVICE CHEYENNE WY
150 PM MST WED NOV 5 2014

...................................

...THE TORRINGTON WY AIRPORT CLIMATE SUMMARY FOR THE MONTH OF OCTOBER 2014...

CLIMATE NORMAL PERIOD 1981 TO 2010
CLIMATE RECORD PERIOD 1998 TO 2014

WEATHER         OBSERVED          NORMAL  DEPART  LAST YEAR`S
                 VALUE   DATE(S)  VALUE   FROM    VALUE
                                          NORMAL
.............................................................
TEMPERATURE (F)
RECORD
 HIGH              90   10/02/2005
                        10/09/2003
 LOW               11   10/27/2011
                        10/30/2002
HIGHEST            82   10/24        MM      MM       78
                        10/20
LOWEST             20   10/29        MM      MM       26
AVG. MAXIMUM     70.1              63.3     6.8     57.8
AVG. MINIMUM     34.4              33.4     1.0     33.2
MEAN             52.2              48.3     3.9     45.5
DAYS MAX >= 90      0               0.1                0
DAYS MAX <= 32      0               0.5                0
DAYS MIN <= 32     12              11.9               18
DAYS MIN <= 0       0               0.0                0

PRECIPITATION (INCHES)
RECORD
 MAXIMUM         3.94   2013
 MINIMUM         0.34   2006
TOTALS           0.10R             1.07   -0.97     3.94
DAYS >= .01         5                MM      MM        9
DAYS >= .10         0                MM      MM        6
DAYS >= .50         0                MM      MM        3
DAYS >= 1.00        0                MM      MM        1
GREATEST
 24 HR. TOTAL    0.14   09/30 TO 10/01

DEGREE_DAYS
HEATING TOTAL     390               516    -126      597
 SINCE 7/1        543               710    -167      702
COOLING TOTAL       0                 0       0        0
 SINCE 1/1        587               678     -91      893
..............................................................

WIND (MPH)
AVERAGE WIND SPEED              8.2
HIGHEST WIND SPEED/DIRECTION    41/360    DATE  10/02
HIGHEST GUST SPEED/DIRECTION    51/010    DATE  10/02

SKY COVER
POSSIBLE SUNSHINE (PERCENT)   MM
AVERAGE SKY COVER           0.10
NUMBER OF DAYS FAIR           27
NUMBER OF DAYS PC              4
NUMBER OF DAYS CLOUDY          0

AVERAGE RH (PERCENT)     55

WEATHER CONDITIONS. NUMBER OF DAYS WITH
THUNDERSTORM              0     MIXED PRECIP               0
HEAVY RAIN                0     RAIN                       0
LIGHT RAIN                7     FREEZING RAIN              0
LT FREEZING RAIN          0     HAIL                       0
HEAVY SNOW                0     SNOW                       0
LIGHT SNOW                0     SLEET                      0
FOG                       2     FOG W/VIS <= 1/4 MILE      0
HAZE                      3

-  INDICATES NEGATIVE NUMBERS.
R  INDICATES RECORD WAS SET OR TIED.
MM INDICATES DATA IS MISSING.
T  INDICATES TRACE AMOUNT.

$$




U.S. Dept. of Commerce
NOAA National Weather Service
1325 East West Highway
Silver Spring, MD 20910
E-mail: w-nws.webmaster@noaa.gov
Page last modified: May 16, 2007
NATIONAL WEATHER SERVICE: for Safety, for Work, for Fun - FOR LIFE