423
CXUS55 KCYS 011925
CLMTOR


CLIMATE REPORT
NATIONAL WEATHER SERVICE CHEYENNE WY
124 PM MDT MON SEP 1 2014

...................................

...THE TORRINGTON WY AIRPORT CLIMATE SUMMARY FOR THE MONTH OF AUGUST 2014...

CLIMATE NORMAL PERIOD 1981 TO 2010
CLIMATE RECORD PERIOD 1998 TO 2014

WEATHER         OBSERVED          NORMAL  DEPART  LAST YEAR`S
                 VALUE   DATE(S)  VALUE   FROM    VALUE
                                          NORMAL
.............................................................
TEMPERATURE (F)
RECORD
 HIGH             104   08/13/2007
 LOW               20   08/15/2010
HIGHEST            98   08/13        MM      MM       99
LOWEST             49   08/29        MM      MM       50
                        08/25
AVG. MAXIMUM     86.9              87.7    -0.8     90.7
AVG. MINIMUM     55.0              55.3    -0.3     57.3
MEAN             71.0              71.5    -0.5     74.0
DAYS MAX >= 90     14              13.3               19
DAYS MAX <= 32      0               0.0                0
DAYS MIN <= 32      0               0.0                0
DAYS MIN <= 0       0               0.0                0

PRECIPITATION (INCHES)
RECORD
 MAXIMUM           MM   MM
 MINIMUM           MM   MM
TOTALS           2.70              1.27    1.43     0.88
DAYS >= .01        10                MM      MM        5
DAYS >= .10         5                MM      MM        2
DAYS >= .50         1                MM      MM        1
DAYS >= 1.00        1                MM      MM        0
GREATEST
 24 HR. TOTAL    1.68   08/27 TO 08/28

DEGREE_DAYS
HEATING TOTAL       8                16      -8        0
 SINCE 7/1         15                22      -7        2
COOLING TOTAL     201               217     -16      286
 SINCE 1/1        537               633     -96      773
..............................................................

WIND (MPH)
AVERAGE WIND SPEED              7.6
HIGHEST WIND SPEED/DIRECTION    31/320    DATE  08/31
HIGHEST GUST SPEED/DIRECTION    43/320    DATE  08/31

SKY COVER
POSSIBLE SUNSHINE (PERCENT)   MM
AVERAGE SKY COVER           0.10
NUMBER OF DAYS FAIR           26
NUMBER OF DAYS PC              5
NUMBER OF DAYS CLOUDY          0

AVERAGE RH (PERCENT)     59

WEATHER CONDITIONS. NUMBER OF DAYS WITH
THUNDERSTORM              0     MIXED PRECIP               0
HEAVY RAIN                2     RAIN                       6
LIGHT RAIN               16     FREEZING RAIN              0
LT FREEZING RAIN          0     HAIL                       0
HEAVY SNOW                0     SNOW                       0
LIGHT SNOW                0     SLEET                      0
FOG                       6     FOG W/VIS <= 1/4 MILE      2
HAZE                      1

-  INDICATES NEGATIVE NUMBERS.
R  INDICATES RECORD WAS SET OR TIED.
MM INDICATES DATA IS MISSING.
T  INDICATES TRACE AMOUNT.

$$




U.S. Dept. of Commerce
NOAA National Weather Service
1325 East West Highway
Silver Spring, MD 20910
E-mail: w-nws.webmaster@noaa.gov
Page last modified: May 16, 2007
NATIONAL WEATHER SERVICE: for Safety, for Work, for Fun - FOR LIFE