729
CXUS55 KCYS 082117
CLMTOR


CLIMATE REPORT
NATIONAL WEATHER SERVICE CHEYENNE WY
216 PM MST MON DEC 8 2014

...................................

...THE TORRINGTON WY AIRPORT CLIMATE SUMMARY FOR THE MONTH OF NOVEMBER 2014...

CLIMATE NORMAL PERIOD 1981 TO 2010
CLIMATE RECORD PERIOD 1998 TO 2014

WEATHER         OBSERVED          NORMAL  DEPART  LAST YEAR`S
                 VALUE   DATE(S)  VALUE   FROM    VALUE
                                          NORMAL
.............................................................
TEMPERATURE (F)
RECORD
 HIGH              80   11/02/2008
 LOW              -14   11/13/2014
HIGHEST            68   11/28        MM      MM       69
                        11/08
LOWEST            -14R  11/13        MM      MM       -9
AVG. MAXIMUM     46.5              49.7    -3.2     50.7
AVG. MINIMUM     17.0              22.1    -5.1     21.1
MEAN             31.8              35.9    -4.1     35.9
DAYS MAX >= 90      0               0.0                0
DAYS MAX <= 32      9               3.4                3
DAYS MIN <= 32     26              26.0               28
DAYS MIN <= 0       4               0.8                2

PRECIPITATION (INCHES)
RECORD
 MAXIMUM         0.41   2010
 MINIMUM         0.01   2006
TOTALS           0.82R             0.44    0.38     0.36
DAYS >= .01         7                MM      MM        3
DAYS >= .10         1                MM      MM        2
DAYS >= .50         1                MM      MM        0
DAYS >= 1.00        0                MM      MM        0
GREATEST
 24 HR. TOTAL    0.66   11/02 TO 11/03

DEGREE_DAYS
HEATING TOTAL     989               873     116      867
 SINCE 7/1       1532              1583     -51     1569
COOLING TOTAL       0                 0       0        0
 SINCE 1/1        587               678     -91      893
..............................................................

WIND (MPH)
AVERAGE WIND SPEED              9.9
HIGHEST WIND SPEED/DIRECTION    38/290    DATE  11/25
HIGHEST GUST SPEED/DIRECTION    49/290    DATE  11/25

SKY COVER
POSSIBLE SUNSHINE (PERCENT)   MM
AVERAGE SKY COVER           0.30
NUMBER OF DAYS FAIR           20
NUMBER OF DAYS PC              4
NUMBER OF DAYS CLOUDY          5

AVERAGE RH (PERCENT)     59

WEATHER CONDITIONS. NUMBER OF DAYS WITH
THUNDERSTORM              0     MIXED PRECIP               0
HEAVY RAIN                0     RAIN                       1
LIGHT RAIN                3     FREEZING RAIN              0
LT FREEZING RAIN          1     HAIL                       0
HEAVY SNOW                0     SNOW                       1
LIGHT SNOW                9     SLEET                      0
FOG                       8     FOG W/VIS <= 1/4 MILE      2
HAZE                      2

-  INDICATES NEGATIVE NUMBERS.
R  INDICATES RECORD WAS SET OR TIED.
MM INDICATES DATA IS MISSING.
T  INDICATES TRACE AMOUNT.

$$




U.S. Dept. of Commerce
NOAA National Weather Service
1325 East West Highway
Silver Spring, MD 20910
E-mail: w-nws.webmaster@noaa.gov
Page last modified: May 16, 2007
NATIONAL WEATHER SERVICE: for Safety, for Work, for Fun - FOR LIFE