037
CXUS53 KTOP 021254 AAA
CLMTOP

CLIMATE REPORT...ADDED REMARKS
NATIONAL WEATHER SERVICE TOPEKA KS
653 AM CST TUE DEC 2 2014

...................................

...THE TOPEKA KS CLIMATE SUMMARY FOR THE MONTH OF NOVEMBER 2014...

CLIMATE NORMAL PERIOD 1981 TO 2010
CLIMATE RECORD PERIOD 1887 TO 2014

WEATHER         OBSERVED          NORMAL  DEPART  LAST YEAR`S
                 VALUE   DATE(S)  VALUE   FROM    VALUE  DATE(S)
                                          NORMAL
................................................................
TEMPERATURE (F)
RECORD
 HIGH              85   11/08/2006
                        11/08/1980
 LOW               -5   11/27/1887
HIGHEST            73   11/10        61      12       75
LOWEST              7   11/18        27     -20       14
AVG. MAXIMUM     50.8              54.6    -3.8     53.7
AVG. MINIMUM     27.1              33.0    -5.9     30.4
MEAN             38.9              43.8    -4.9     42.1
DAYS MAX >= 90      0               0.0     0.0        0
DAYS MAX <= 32      4               0.9     3.1        3
DAYS MIN <= 32     20              14.2     5.8       18
DAYS MIN <= 0       0               0.0     0.0        0

PRECIPITATION (INCHES)
RECORD
 MAXIMUM         7.07   1931
 MINIMUM            T   1989
                        1954
TOTALS           0.44              1.85   -1.41     0.88
DAILY AVG.       0.01              0.06   -0.05     0.03
DAYS >= .01         7               6.8     0.2        4
DAYS >= .10         1               3.5    -2.5        2
DAYS >= .50         0               1.3    -1.3        0
DAYS >= 1.00        0               0.4    -0.4        0
GREATEST
 24 HR. TOTAL    0.31   11/23 TO 11/23              0.52
                        11/22 TO 11/23
                        11/23 TO 11/23

SNOWFALL (INCHES)
RECORDS
 TOTAL            9.8   1888
TOTALS            0.4               1.0    -0.6        T
SINCE 7/1         0.4               1.3    -0.9        T
SNOWDEPTH AVG.      0                                  0
DAYS >= 1.0         0               0.3    -0.3        0
GREATEST
 SNOW DEPTH         T   11/16                          0  MM
 24 HR TOTAL      0.2   MM                             T

DEGREE_DAYS
HEATING TOTAL     777               638     139      679
 SINCE 7/1       1031               994      37      996
COOLING TOTAL       0                 2      -2        0
 SINCE 1/1       1611              1422     189     1586
.................................................................

WIND (MPH)
AVERAGE WIND SPEED              9.2
HIGHEST WIND SPEED/DIRECTION    33/330    DATE  11/23
HIGHEST GUST SPEED/DIRECTION    44/340    DATE  11/10

SKY COVER
POSSIBLE SUNSHINE (PERCENT)   MM
AVERAGE SKY COVER           0.30
NUMBER OF DAYS FAIR           22
NUMBER OF DAYS PC              5
NUMBER OF DAYS CLOUDY          3

AVERAGE RH (PERCENT)     60

WEATHER CONDITIONS. NUMBER OF DAYS WITH
THUNDERSTORM              0     MIXED PRECIP               0
HEAVY RAIN                1     RAIN                       1
LIGHT RAIN                4     FREEZING RAIN              0
LT FREEZING RAIN          0     HAIL                       0
HEAVY SNOW                0     SNOW                       0
LIGHT SNOW                3     SLEET                      0
FOG                       5     FOG W/VIS <= 1/4 MILE      1
HAZE                      3

-  INDICATES NEGATIVE NUMBERS.
R  INDICATES RECORD WAS SET OR TIED.
MM INDICATES DATA IS MISSING.
T  INDICATES TRACE AMOUNT.


REMARKS...

COLD WEATHER DOMINATED NOVEMBER. TEMPERATURES WARMED WELL ABOVE
NORMAL INTO THE MID 70S ON THE AFTERNOON OF NOVEMBER 10...BUT A VERY
STRONG COLD FRONT SURGED THROUGH IN THE LATE AFTERNOON. TEMPERATURES
DROPPED 25 DEGREES IN TWO HOURS JUST BEHIND THE FRONT AND TRACE
AMOUNTS OF SNOW FELL AFTER MIDNIGHT. THE COLD AIR WAS QUITE
PERSISTENT FOR THE FOLLOWING SEVERAL DAYS WITH HIGHS ONLY IN THE 20S
AND 30S THROUGH NOVEMBER 17. AVERAGE TEMPERATURES FOR THE PERIOD
FROM NOVEMBER 11 THROUGH NOVEMBER 17 WERE THE TENTH COLDEST OF
ANY SEVEN DAY SPAN IN NOVEMBER ON RECORD...WHILE THE FIRST THREE
WEEKS OF THE MONTH WERE THE SECOND COLDEST ON RECORD. JUST BEFORE
TEMPERATURES MODERATED...THE MERCURY FELL TO SEVEN DEGREES ABOVE
ZERO ON THE MORNING OF NOVEMBER 8...TYING THE RECORD LOW FOR THAT
DAY. THIS WAS THE COLDEST TEMPERATURE MEASURED IN NOVEMBER SINCE
NOVEMBER 8...1991. THE AVERAGE TEMPERATURE FOR THE MONTH WAS THE
14TH COLDEST FOR ANY NOVEMBER ON RECORD.

$$







U.S. Dept. of Commerce
NOAA National Weather Service
1325 East West Highway
Silver Spring, MD 20910
E-mail: w-nws.webmaster@noaa.gov
Page last modified: May 16, 2007
NATIONAL WEATHER SERVICE: for Safety, for Work, for Fun - FOR LIFE