671
CXUS53 KTOP 012027 CCA
CLMTOP

CLIMATE REPORT...CORRECTED REMARKS
NATIONAL WEATHER SERVICE TOPEKA KS
327 PM CDT TUE JUL 1 2014

...................................

...THE TOPEKA KS CLIMATE SUMMARY FOR THE MONTH OF JUNE 2014...

CLIMATE NORMAL PERIOD 1981 TO 2010
CLIMATE RECORD PERIOD 1887 TO 2014

WEATHER         OBSERVED          NORMAL  DEPART  LAST YEAR`S
                 VALUE   DATE(S)  VALUE   FROM    VALUE  DATE(S)
                                          NORMAL
................................................................
TEMPERATURE (F)
RECORD
 HIGH             109   06/19/1936
 LOW               36   06/02/1888
HIGHEST            94   06/30        88       6       98
                        06/20
LOWEST             54   06/13        59      -5       49
AVG. MAXIMUM     85.6              84.7     0.9     86.1
AVG. MINIMUM     66.5              63.7     2.8     65.6
MEAN             76.0              74.2     1.8     75.8
DAYS MAX >= 90      7               6.6     0.4       11
DAYS MAX <= 32      0               0.0     0.0        0
DAYS MIN <= 32      0               0.0     0.0        0
DAYS MIN <= 0       0               0.0     0.0        0

PRECIPITATION (INCHES)
RECORD
 MAXIMUM        15.20   1967
 MINIMUM         0.55   1911
TOTALS           6.23              5.40    0.83     3.15
DAILY AVG.       0.21              0.18    0.03     0.11
DAYS >= .01        14              11.5     2.5       10
DAYS >= .10         9               7.5     1.5        5
DAYS >= .50         5               3.4     1.6        2
DAYS >= 1.00        2               1.8     0.2        1
GREATEST
 24 HR. TOTAL    2.43   06/09 TO 06/10              1.53

SNOWFALL (INCHES)
RECORDS
 TOTAL              T   2013
                        2009
                        2008
TOTALS            0.0               0.0     0.0        T
SINCE 7/1        27.4              17.8     9.6     29.6
SNOWDEPTH AVG.      0                                  0
DAYS >= 1.0         0               0.0     0.0        0
GREATEST
 SNOW DEPTH         0   MM                             0  MM
 24 HR TOTAL      0.0   06/30 TO 06/30                 T

DEGREE_DAYS
HEATING TOTAL       0                 8      -8        5
 SINCE 7/1       5440              5021     419     4901
COOLING TOTAL     336               284      52      337
 SINCE 1/1        553               410     143      482
.................................................................

WIND (MPH)
AVERAGE WIND SPEED              8.9
HIGHEST WIND SPEED/DIRECTION    44/070    DATE  06/05
HIGHEST GUST SPEED/DIRECTION    52/080    DATE  06/05

SKY COVER
POSSIBLE SUNSHINE (PERCENT)   MM
AVERAGE SKY COVER           0.30
NUMBER OF DAYS FAIR           16
NUMBER OF DAYS PC             14
NUMBER OF DAYS CLOUDY          0

AVERAGE RH (PERCENT)     71

WEATHER CONDITIONS. NUMBER OF DAYS WITH
THUNDERSTORM             11     MIXED PRECIP               0
HEAVY RAIN                6     RAIN                       9
LIGHT RAIN               13     FREEZING RAIN              0
LT FREEZING RAIN          0     HAIL                       0
HEAVY SNOW                0     SNOW                       0
LIGHT SNOW                0     SLEET                      0
FOG                      17     FOG W/VIS <= 1/4 MILE      1
HAZE                      4

-  INDICATES NEGATIVE NUMBERS.
R  INDICATES RECORD WAS SET OR TIED.
MM INDICATES DATA IS MISSING.
T  INDICATES TRACE AMOUNT.

REMARKS...

FOR THE MONTH...TEMPERATURES AND PRECIPITATION ENDED UP SLIGHTLY
ABOVE NORMAL. HEAVY RAIN FELL FROM LATE IN THE AFTERNOON OF JUNE 9
THROUGH MUCH OF THE NIGHT. 2.31 INCHES FELL ON THE 9TH...BREAKING
THE RECORD PRECIPITATION MARK FOR THAT DAY. A LINE OF THUNDERSTORMS
MOVED THROUGH DURING THE EVENING OF JUNE 22...AND BROUGHT
STRAIGHT-LINE WINDS THAT CAUSED SOME TREE BRANCHES TO FALL IN
PORTIONS OF THE CITY. HEAT INDICES TOPPED AROUND 105 DEGREES ON THE
29TH AND 30TH. THE HOT AND HUMID CONDITIONS LEAD TO THE DEVELOPMENT
OF A THUNDERSTORM ON THE EVENING OF THE 29TH THAT PRODUCED A WEAK
AND BRIEF TORNADO IN NORTH TOPEKA. DAMAGE FROM THE TORNADO WAS
LIMITED TO A FEW LOCATIONS ALONG A 1.6 MILE PATH AND PRIMARILY
CAUSED DAMAGE TO SOME TREES.

$$







U.S. Dept. of Commerce
NOAA National Weather Service
1325 East West Highway
Silver Spring, MD 20910
E-mail: w-nws.webmaster@noaa.gov
Page last modified: May 16, 2007
NATIONAL WEATHER SERVICE: for Safety, for Work, for Fun - FOR LIFE