330
CXUS51 KCLE 021333
CLMTOL


CLIMATE REPORT
NATIONAL WEATHER SERVICE CLEVELAND OH
921 AM EDT TUE SEP 2 2014

...................................

...THE TOLEDO OH CLIMATE SUMMARY FOR THE MONTH OF AUGUST 2014...

CLIMATE NORMAL PERIOD 1981 TO 2010
CLIMATE RECORD PERIOD 1873 TO 2014

WEATHER         OBSERVED          NORMAL  DEPART  LAST YEAR`S
                 VALUE   DATE(S)  VALUE   FROM    VALUE
                                          NORMAL
.............................................................
TEMPERATURE (F)
RECORD
 HIGH             103   08/06/1918
 LOW               34   08/29/1982
HIGHEST            90   08/26
LOWEST             49   08/15
AVG. MAXIMUM     81.8              82.2    -0.4     80.8
AVG. MINIMUM     60.6              60.9    -0.3     59.5
MEAN             71.2              71.5    -0.3     70.1
DAYS MAX >= 90      1               3.2    -2.2        0
DAYS MAX <= 32      0               0.0     0.0        0
DAYS MIN <= 32      0               0.0     0.0        0
DAYS MIN <= 0       0               0.0     0.0        0

PRECIPITATION (INCHES)
RECORD
 MAXIMUM         8.47   1965
 MINIMUM         0.40   1976
TOTALS           2.53              3.15   -0.62     2.00
DAYS >= .01         7               9.2    -2.2        7
DAYS >= .10         2               5.9    -3.9        2
DAYS >= .50         1               2.2    -1.2        1
DAYS >= 1.00        1               0.7     0.3        1
GREATEST
 24 HR. TOTAL    2.04   08/11 TO 08/11              1.42
                        08/10 TO 08/11
                        08/11 TO 08/11

SNOWFALL (INCHES)
RECORDS
 TOTAL             MM
TOTALS            0.0               0.0     0.0      0.0
SINCE 7/1         0.0               0.0     0.0      0.0
DAYS >= 1.0         0               0.0     0.0        0
GREATEST
 24 HR TOTAL      0.0

DEGREE_DAYS
HEATING TOTAL       5                11      -6       16
 SINCE 7/1         14                14       0       29
COOLING TOTAL     208               214      -6      181
 SINCE 1/1        598               702    -104      682
..............................................................

WIND (MPH)
AVERAGE WIND SPEED              5.1
HIGHEST WIND SPEED/DIRECTION    41/260    DATE  08/19
HIGHEST GUST SPEED/DIRECTION    52/260    DATE  08/19

SKY COVER
AVERAGE SKY COVER           0.30

AVERAGE RH (PERCENT)     73

WEATHER CONDITIONS. NUMBER OF DAYS WITH
THUNDERSTORM              0     MIXED PRECIP               0
HEAVY RAIN                3     RAIN                       5
LIGHT RAIN                9     FREEZING RAIN              0
LT FREEZING RAIN          0     HAIL                       0
HEAVY SNOW                0     SNOW                       0
LIGHT SNOW                0     SLEET                      0
FOG                      21     FOG W/VIS <= 1/4 MILE      2
HAZE                      7

-  INDICATES NEGATIVE NUMBERS.
R  INDICATES RECORD WAS SET OR TIED.
MM INDICATES DATA IS MISSING.
T  INDICATES TRACE AMOUNT.

$$






U.S. Dept. of Commerce
NOAA National Weather Service
1325 East West Highway
Silver Spring, MD 20910
E-mail: w-nws.webmaster@noaa.gov
Page last modified: May 16, 2007
NATIONAL WEATHER SERVICE: for Safety, for Work, for Fun - FOR LIFE