274
CXUS52 KTAE 081200
CLMTLH

CLIMATE REPORT
NATIONAL WEATHER SERVICE TALLAHASSEE FL
800 AM EDT TUE APR 8 2014

...................................

...THE TALLAHASSEE CLIMATE SUMMARY FOR THE MONTH OF MARCH 2014...

CLIMATE NORMAL PERIOD 1981 TO 2010
CLIMATE RECORD PERIOD 1896 TO 2014

WEATHER         OBSERVED          NORMAL  DEPART  LAST YEAR`S
                 VALUE   DATE(S)  VALUE   FROM    VALUE  DATE(S)
                                          NORMAL
................................................................
TEMPERATURE (F)
RECORD
 HIGH              91   03/21/2006
                        03/23/1935
                        03/22/1935
 LOW               20   03/02/1986
                        03/03/1980
HIGHEST            83   03/31                         86  03/24
                        03/22
LOWEST             33   03/14                         27  03/04
AVG. MAXIMUM     72.2              73.8    -1.6     69.3
AVG. MINIMUM     47.0              47.1    -0.1     41.7
MEAN             59.6              60.4    -0.8     55.5
DAYS MAX >= 90      0               0.0     0.0        0
DAYS MAX <= 32      0               0.0     0.0        0
DAYS MIN <= 32      0               2.4    -2.4        6
DAYS MIN <= 0       0               0.0     0.0        0

PRECIPITATION (INCHES)
RECORD
 MAXIMUM        16.48   1948
 MINIMUM         0.18   1908
TOTALS          10.23              5.94    4.29     4.35
DAILY AVG.       0.33              0.19    0.14     0.14
DAYS >= .01        11               7.9     3.1        9
DAYS >= .10         9               5.8     3.2        6
DAYS >= .50         6               3.3     2.7        2
DAYS >= 1.00        3               2.0     1.0        1
GREATEST
 24 HR. TOTAL    4.53   03/16 TO 03/16

SNOWFALL (INCHES)
RECORDS
 TOTAL              T   1996
TOTALS            0.0
SINCE 7/1           T               0.1    -0.1        T
SNOWDEPTH AVG.      0
DAYS >= 1.0         0               0.0     0.0        0
GREATEST
 SNOW DEPTH         0
 24 HR TOTAL      0.0

DEGREE_DAYS
HEATING TOTAL     174               181      -7      308
 SINCE 7/1       1317              1524    -207     1286
COOLING TOTAL      12                40     -28       18
 SINCE 1/1         24                54     -30       68
.................................................................

WIND (MPH)
AVERAGE WIND SPEED              5.9
HIGHEST WIND SPEED/DIRECTION    30/290    DATE  03/25
HIGHEST GUST SPEED/DIRECTION    39/320    DATE  03/12

SKY COVER
AVERAGE SKY COVER           0.50

AVERAGE RH (PERCENT)     63

WEATHER CONDITIONS. NUMBER OF DAYS WITH
THUNDERSTORM              0     MIXED PRECIP               0
HEAVY RAIN                9     RAIN                       8
LIGHT RAIN               11     FREEZING RAIN              0
LT FREEZING RAIN          0     HAIL                       0
HEAVY SNOW                0     SNOW                       0
LIGHT SNOW                0     SLEET                      0
FOG                      20     FOG W/VIS <= 1/4 MILE      5
HAZE                      4

-  INDICATES NEGATIVE NUMBERS.
R  INDICATES RECORD WAS SET OR TIED.
MM INDICATES DATA IS MISSING.
T  INDICATES TRACE AMOUNT.

$$







U.S. Dept. of Commerce
NOAA National Weather Service
1325 East West Highway
Silver Spring, MD 20910
E-mail: w-nws.webmaster@noaa.gov
Page last modified: May 16, 2007
NATIONAL WEATHER SERVICE: for Safety, for Work, for Fun - FOR LIFE