003
CXUS52 KTAE 021758
CLMTLH

CLIMATE REPORT
NATIONAL WEATHER SERVICE TALLAHASSEE FL
200 PM EDT THU OCT 2 2014

...................................

...THE TALLAHASSEE CLIMATE SUMMARY FOR THE MONTH OF SEPTEMBER 2014...

CLIMATE NORMAL PERIOD 1981 TO 2010
CLIMATE RECORD PERIOD 1896 TO 2014

WEATHER         OBSERVED          NORMAL  DEPART  LAST YEAR`S
                 VALUE   DATE(S)  VALUE   FROM    VALUE  DATE(S)
                                          NORMAL
................................................................
TEMPERATURE (F)
RECORD
 HIGH             102   09/16/1927
 LOW               40   09/30/1967
HIGHEST            97   09/02                         96  09/15
LOWEST             60   09/26                         62  09/27
                        09/22
AVG. MAXIMUM     88.4              88.4     0.0     90.0
AVG. MINIMUM     71.0              68.1     2.9     70.7
MEAN             79.7              78.2     1.5     80.4
DAYS MAX >= 90     13              12.6     0.4       19
DAYS MAX <= 32      0               0.0     0.0        0
DAYS MIN <= 32      0               0.0     0.0        0
DAYS MIN <= 0       0               0.0     0.0        0

PRECIPITATION (INCHES)
RECORD
 MAXIMUM        23.85   1924
 MINIMUM         0.11   1972
TOTALS           6.82              4.69    2.13     3.17
DAILY AVG.       0.23              0.16    0.07     0.11
DAYS >= .01        12               8.5     3.5       11
DAYS >= .10         9               6.0     3.0        6
DAYS >= .50         5               3.1     1.9        3
DAYS >= 1.00        2               1.4     0.6        0
GREATEST
 24 HR. TOTAL    2.08   09/01 TO 09/02

SNOWFALL (INCHES)
RECORDS
 TOTAL            0.0
TOTALS            0.0
SINCE 7/1         0.0               0.0     0.0      0.0
SNOWDEPTH AVG.      0
DAYS >= 1.0         0               0.0     0.0        0
GREATEST
 SNOW DEPTH         0
 24 HR TOTAL      0.0

DEGREE_DAYS
HEATING TOTAL       0                 1      -1        0
 SINCE 7/1          0                 1      -1        0
COOLING TOTAL     446               399      47      469
 SINCE 1/1       2617              2352     265     2505
.................................................................

WIND (MPH)
AVERAGE WIND SPEED              3.9
HIGHEST WIND SPEED/DIRECTION    36/240    DATE  09/14
HIGHEST GUST SPEED/DIRECTION    35/090    DATE  09/09

SKY COVER
AVERAGE SKY COVER           0.60

AVERAGE RH (PERCENT)     75

WEATHER CONDITIONS. NUMBER OF DAYS WITH
THUNDERSTORM              0     MIXED PRECIP               0
HEAVY RAIN                9     RAIN                       7
LIGHT RAIN               14     FREEZING RAIN              0
LT FREEZING RAIN          0     HAIL                       0
HEAVY SNOW                0     SNOW                       0
LIGHT SNOW                0     SLEET                      0
FOG                      14     FOG W/VIS <= 1/4 MILE      0
HAZE                      1

-  INDICATES NEGATIVE NUMBERS.
R  INDICATES RECORD WAS SET OR TIED.
MM INDICATES DATA IS MISSING.
T  INDICATES TRACE AMOUNT.

$$











U.S. Dept. of Commerce
NOAA National Weather Service
1325 East West Highway
Silver Spring, MD 20910
E-mail: w-nws.webmaster@noaa.gov
Page last modified: May 16, 2007
NATIONAL WEATHER SERVICE: for Safety, for Work, for Fun - FOR LIFE