050
CXUS52 KTAE 012200
CLMTLH

CLIMATE REPORT
NATIONAL WEATHER SERVICE TALLAHASSEE FL
600 PM EDT SAT NOV 1 2014

...................................

...THE TALLAHASSEE CLIMATE SUMMARY FOR THE MONTH OF OCTOBER 2014...

CLIMATE NORMAL PERIOD 1981 TO 2010
CLIMATE RECORD PERIOD 1896 TO 2014

WEATHER         OBSERVED          NORMAL  DEPART  LAST YEAR`S
                 VALUE   DATE(S)  VALUE   FROM    VALUE  DATE(S)
                                          NORMAL
................................................................
TEMPERATURE (F)
RECORD
 HIGH              95   10/01/1933
 LOW               29   10/29/2008
HIGHEST            93   10/11                         91  10/04
LOWEST             42   10/31                         38  10/26
AVG. MAXIMUM     83.5              81.4     2.1     82.9
AVG. MINIMUM     54.8              57.3    -2.5     59.9
MEAN             69.1              69.4    -0.3     71.4
DAYS MAX >= 90      4               1.7     2.3        2
DAYS MAX <= 32      0               0.0     0.0        0
DAYS MIN <= 32      0               0.1    -0.1        0
DAYS MIN <= 0       0               0.0     0.0        0

PRECIPITATION (INCHES)
RECORD
 MAXIMUM        12.27   1959
 MINIMUM         0.00   1904
                        1961
                        1987
TOTALS           4.87              3.23    1.64     1.03
DAILY AVG.       0.16              0.10    0.06     0.03
DAYS >= .01         3               5.7    -2.7        4
DAYS >= .10         2               3.9    -1.9        2
DAYS >= .50         1               1.7    -0.7        1
DAYS >= 1.00        1               1.0     0.0        0
GREATEST
 24 HR. TOTAL    4.74   10/13 TO 10/14

SNOWFALL (INCHES)
RECORDS
 TOTAL            0.0

TOTALS            0.0
SINCE 7/1         0.0               0.0     0.0      0.0
SNOWDEPTH AVG.      0
DAYS >= 1.0         0               0.0     0.0        0
GREATEST
 SNOW DEPTH         0
 24 HR TOTAL      0.0

DEGREE_DAYS
HEATING TOTAL      25                46     -21       27
 SINCE 7/1         25                47     -22       27
COOLING TOTAL     162               181     -19      235
 SINCE 1/1       2779              2533     246     2740
.................................................................

WIND (MPH)
AVERAGE WIND SPEED              3.6
HIGHEST WIND SPEED/DIRECTION    36/280    DATE  10/14
HIGHEST GUST SPEED/DIRECTION    36/280    DATE  10/14

SKY COVER
AVERAGE SKY COVER           0.30

AVERAGE RH (PERCENT)     65

WEATHER CONDITIONS. NUMBER OF DAYS WITH
THUNDERSTORM              0     MIXED PRECIP               0
HEAVY RAIN                2     RAIN                       2
LIGHT RAIN                4     FREEZING RAIN              0
LT FREEZING RAIN          0     HAIL                       0
HEAVY SNOW                0     SNOW                       0
LIGHT SNOW                0     SLEET                      0
FOG                      15     FOG W/VIS <= 1/4 MILE      6
HAZE                      6

-  INDICATES NEGATIVE NUMBERS.
R  INDICATES RECORD WAS SET OR TIED.
MM INDICATES DATA IS MISSING.
T  INDICATES TRACE AMOUNT.

$$







U.S. Dept. of Commerce
NOAA National Weather Service
1325 East West Highway
Silver Spring, MD 20910
E-mail: w-nws.webmaster@noaa.gov
Page last modified: May 16, 2007
NATIONAL WEATHER SERVICE: for Safety, for Work, for Fun - FOR LIFE