959
CXUS52 KTAE 011859
CLMTLH

CLIMATE REPORT
NATIONAL WEATHER SERVICE TALLAHASSEE FL
300 PM EDT FRI AUG 1 2014

...................................

...THE TALLAHASSEE CLIMATE SUMMARY FOR THE MONTH OF JULY 2014...

CLIMATE NORMAL PERIOD 1981 TO 2010
CLIMATE RECORD PERIOD 1896 TO 2014

WEATHER         OBSERVED          NORMAL  DEPART  LAST YEAR`S
                 VALUE   DATE(S)  VALUE   FROM    VALUE  DATE(S)
                                          NORMAL
................................................................
TEMPERATURE (F)
RECORD
 HIGH             104   07/15/1932
                        07/03/1931
 LOW               57   07/16/1967
                        07/07/1896
HIGHEST           100   07/28                         95  07/26
LOWEST             64   07/05                         69  07/13
                                                          07/12
AVG. MAXIMUM     92.9              92.1     0.8     89.0
AVG. MINIMUM     71.8              72.0    -0.2     73.0
MEAN             82.3              82.0     0.3     81.0
DAYS MAX >= 90     26              23.0     3.0       15
DAYS MAX <= 32      0               0.0     0.0        0
DAYS MIN <= 32      0               0.0     0.0        0
DAYS MIN <= 0       0               0.0     0.0        0

PRECIPITATION (INCHES)
RECORD
 MAXIMUM        20.12   1964
 MINIMUM         1.28   1918
TOTALS           2.33              7.17   -4.84    14.96
DAILY AVG.       0.08              0.23   -0.15     0.48
DAYS >= .01        13              16.0    -3.0       25
DAYS >= .10         7              11.2    -4.2       20
DAYS >= .50         1               5.0    -4.0       10
DAYS >= 1.00        0               2.1    -2.1        3
GREATEST
 24 HR. TOTAL    0.72   07/22 TO 07/23

SNOWFALL (INCHES)
RECORDS
 TOTAL            0.0
TOTALS            0.0
SINCE 7/1         0.0               0.0     0.0      0.0
SNOWDEPTH AVG.      0
DAYS >= 1.0         0               0.0     0.0        0
GREATEST
 SNOW DEPTH         0
 24 HR TOTAL      0.0

DEGREE_DAYS
HEATING TOTAL       0                 0       0        0
 SINCE 7/1          0                 0       0        0
COOLING TOTAL     545               529      16      503
 SINCE 1/1       1555              1432     123     1485
.................................................................

WIND (MPH)
AVERAGE WIND SPEED              4.1
HIGHEST WIND SPEED/DIRECTION    32/300    DATE  07/28
HIGHEST GUST SPEED/DIRECTION    38/220    DATE  07/15

SKY COVER
AVERAGE SKY COVER           0.50

AVERAGE RH (PERCENT)     68

WEATHER CONDITIONS. NUMBER OF DAYS WITH
THUNDERSTORM              0     MIXED PRECIP               0
HEAVY RAIN                3     RAIN                       3
LIGHT RAIN               14     FREEZING RAIN              0
LT FREEZING RAIN          0     HAIL                       0
HEAVY SNOW                0     SNOW                       0
LIGHT SNOW                0     SLEET                      0
FOG                      19     FOG W/VIS <= 1/4 MILE      5
HAZE                      4

-  INDICATES NEGATIVE NUMBERS.
R  INDICATES RECORD WAS SET OR TIED.
MM INDICATES DATA IS MISSING.
T  INDICATES TRACE AMOUNT.

$$






U.S. Dept. of Commerce
NOAA National Weather Service
1325 East West Highway
Silver Spring, MD 20910
E-mail: w-nws.webmaster@noaa.gov
Page last modified: May 16, 2007
NATIONAL WEATHER SERVICE: for Safety, for Work, for Fun - FOR LIFE