379
CXUS54 KBMX 031503
CLMTCL


CLIMATE REPORT
NATIONAL WEATHER SERVICE BIRMINGHAM, AL
901 AM CST WED DEC 3 2014

...................................

...THE TUSCALOOSA CLIMATE SUMMARY FOR THE MONTH OF NOVEMBER 2014...

CLIMATE NORMAL PERIOD 1981 TO 2010
CLIMATE RECORD PERIOD 1948 TO 2014

WEATHER         OBSERVED          NORMAL  DEPART  LAST YEAR`S
                 VALUE   DATE(S)  VALUE   FROM    VALUE  DATE(S)
                                          NORMAL
................................................................
TEMPERATURE (F)
RECORD
 HIGH              88   11/09/2005
 LOW               10   11/25/1950
HIGHEST            77   11/11        MM      MM       75  11/11
                                                          11/01
LOWEST             21   11/19        MM      MM       22  11/28
AVG. MAXIMUM     61.9              67.1    -5.2     63.0
AVG. MINIMUM     36.4              42.7    -6.3     40.6
MEAN             49.2                               51.8
DAYS MAX >= 90      0               0.0     0.0        0
DAYS MAX <= 32      0               0.0     0.0        0
DAYS MIN <= 32     11               5.1     5.9        7
DAYS MIN <= 0       0               0.0     0.0        0

PRECIPITATION (INCHES)
RECORD
 MAXIMUM        14.25   1948
 MINIMUM         0.67   1949
TOTALS           4.23              5.08   -0.85     2.72
DAILY AVG.       0.14              0.17   -0.03
DAYS >= .01         5               9.1    -4.1
DAYS >= .10         4               6.5    -2.5
DAYS >= .50         2               3.8    -1.8
DAYS >= 1.00        1               1.9    -0.9

DEGREE_DAYS
HEATING TOTAL     468               320     148      395
 SINCE 7/1        544               437     107      467
.................................................................

WIND (MPH)
AVERAGE WIND SPEED              5.4
HIGHEST WIND SPEED/DIRECTION    25/290    DATE  11/17
HIGHEST GUST SPEED/DIRECTION    40/290    DATE  11/17

AVERAGE RH (PERCENT)     65

WEATHER CONDITIONS. NUMBER OF DAYS WITH
THUNDERSTORM              0     MIXED PRECIP               0
HEAVY RAIN                4     RAIN                       3
LIGHT RAIN                5     FREEZING RAIN              0
LT FREEZING RAIN          0     HAIL                       0
HEAVY SNOW                0     SNOW                       0
LIGHT SNOW                0     SLEET                      0
FOG                       0     FOG W/VIS <= 1/4 MILE      0
HAZE                      0

-  INDICATES NEGATIVE NUMBERS.
R  INDICATES RECORD WAS SET OR TIED.
MM INDICATES DATA IS MISSING.
T  INDICATES TRACE AMOUNT.

$$




U.S. Dept. of Commerce
NOAA National Weather Service
1325 East West Highway
Silver Spring, MD 20910
E-mail: w-nws.webmaster@noaa.gov
Page last modified: May 16, 2007
NATIONAL WEATHER SERVICE: for Safety, for Work, for Fun - FOR LIFE