432
CXUS54 KBMX 012134
CLMTCL


CLIMATE REPORT
NATIONAL WEATHER SERVICE BIRMINGHAM, AL
434 PM CDT FRI AUG 1 2014

...................................

...THE TUSCALOOSA CLIMATE SUMMARY FOR THE MONTH OF JULY 2014...

CLIMATE NORMAL PERIOD 1981 TO 2010
CLIMATE RECORD PERIOD 1948 TO 2014

WEATHER         OBSERVED          NORMAL  DEPART  LAST YEAR`S
                 VALUE   DATE(S)  VALUE   FROM    VALUE  DATE(S)
                                          NORMAL
................................................................
TEMPERATURE (F)
RECORD
 HIGH             107   07/29/1952
                        07/28/1952
                        07/24/1952
 LOW               54   07/01/1950
HIGHEST            97   07/27        MM      MM       95  07/17
LOWEST             56   07/30        MM      MM       65  07/26
                                                          07/01
AVG. MAXIMUM     90.0              92.1    -2.1     88.2
AVG. MINIMUM     68.0              71.3    -3.3     71.1
MEAN             79.0                               79.7
DAYS MAX >= 90     18              21.4    -3.4       15
DAYS MAX <= 32      0               0.0     0.0        0
DAYS MIN <= 32      0               0.0     0.0        0
DAYS MIN <= 0       0               0.0     0.0        0

PRECIPITATION (INCHES)
RECORD
 MAXIMUM        10.06   1973
 MINIMUM         0.72   1970
TOTALS           0.92              4.40   -3.48     7.16
DAILY AVG.       0.03              0.14   -0.11
DAYS >= .01         7              10.4    -3.4
DAYS >= .10         3               7.0    -4.0
DAYS >= .50         0               3.1    -3.1
DAYS >= 1.00        0               1.4    -1.4

DEGREE_DAYS
COOLING TOTAL     441               518     -77      462
 SINCE 1/1       1165              1232     -67     1222
.................................................................

WIND (MPH)
AVERAGE WIND SPEED              3.8
HIGHEST WIND SPEED/DIRECTION    31/270    DATE  07/02
HIGHEST GUST SPEED/DIRECTION    39/270    DATE  07/02

AVERAGE RH (PERCENT)     70

WEATHER CONDITIONS. NUMBER OF DAYS WITH
THUNDERSTORM              0     MIXED PRECIP               0
HEAVY RAIN                3     RAIN                       2
LIGHT RAIN                7     FREEZING RAIN              0
LT FREEZING RAIN          0     HAIL                       0
HEAVY SNOW                0     SNOW                       0
LIGHT SNOW                0     SLEET                      0
FOG                      22     FOG W/VIS <= 1/4 MILE      0
HAZE                      8

-  INDICATES NEGATIVE NUMBERS.
R  INDICATES RECORD WAS SET OR TIED.
MM INDICATES DATA IS MISSING.
T  INDICATES TRACE AMOUNT.

$$




U.S. Dept. of Commerce
NOAA National Weather Service
1325 East West Highway
Silver Spring, MD 20910
E-mail: w-nws.webmaster@noaa.gov
Page last modified: May 16, 2007
NATIONAL WEATHER SERVICE: for Safety, for Work, for Fun - FOR LIFE