541
CXUS54 KBMX 011257
CLMTCL


CLIMATE REPORT
NATIONAL WEATHER SERVICE BIRMINGHAM, AL
757 AM CDT SAT NOV 1 2014

...................................

...THE TUSCALOOSA CLIMATE SUMMARY FOR THE MONTH OF OCTOBER 2014...

CLIMATE NORMAL PERIOD 1981 TO 2010
CLIMATE RECORD PERIOD 1948 TO 2014

WEATHER         OBSERVED          NORMAL  DEPART  LAST YEAR`S
                 VALUE   DATE(S)  VALUE   FROM    VALUE  DATE(S)
                                          NORMAL
................................................................
TEMPERATURE (F)
RECORD
 HIGH              98   10/04/1954
 LOW               23   10/30/1952
HIGHEST            90   10/09        MM      MM       91  10/05
LOWEST             40   10/31        MM      MM       34  10/26
                        10/23
AVG. MAXIMUM     79.5              77.1     2.4     77.6
AVG. MINIMUM     53.3              51.9     1.4     55.5
MEAN             66.4                               66.5
DAYS MAX >= 90      1               0.6     0.4        1
DAYS MAX <= 32      0               0.0     0.0        0
DAYS MIN <= 32      0               0.5    -0.5        0
DAYS MIN <= 0       0               0.0     0.0        0

PRECIPITATION (INCHES)
RECORD
 MAXIMUM         9.11   1995
 MINIMUM         0.00   1963
TOTALS           3.56              3.51    0.05     1.09
DAILY AVG.       0.11              0.11    0.00
DAYS >= .01         8               8.4    -0.4
DAYS >= .10         4               5.0    -1.0
DAYS >= .50         2               2.2    -0.2
DAYS >= 1.00        1               0.9     0.1

DEGREE_DAYS
HEATING TOTAL      76               110     -34       72
 SINCE 7/1         76               117     -41       72
COOLING TOTAL     128                94      34      127
 SINCE 1/1       2239              2151      88     2206
.................................................................

WIND (MPH)
AVERAGE WIND SPEED              4.5
HIGHEST WIND SPEED/DIRECTION    39/180    DATE  10/13
HIGHEST GUST SPEED/DIRECTION    50/190    DATE  10/13

AVERAGE RH (PERCENT)     68

WEATHER CONDITIONS. NUMBER OF DAYS WITH
THUNDERSTORM              0     MIXED PRECIP               0
HEAVY RAIN                3     RAIN                       3
LIGHT RAIN                6     FREEZING RAIN              0
LT FREEZING RAIN          0     HAIL                       0
HEAVY SNOW                0     SNOW                       0
LIGHT SNOW                0     SLEET                      0
FOG                       1     FOG W/VIS <= 1/4 MILE      0
HAZE                      0

-  INDICATES NEGATIVE NUMBERS.
R  INDICATES RECORD WAS SET OR TIED.
MM INDICATES DATA IS MISSING.
T  INDICATES TRACE AMOUNT.

$$




U.S. Dept. of Commerce
NOAA National Weather Service
1325 East West Highway
Silver Spring, MD 20910
E-mail: w-nws.webmaster@noaa.gov
Page last modified: May 16, 2007
NATIONAL WEATHER SERVICE: for Safety, for Work, for Fun - FOR LIFE