322
CXUS54 KBMX 012124
CLMTCL


CLIMATE REPORT
NATIONAL WEATHER SERVICE BIRMINGHAM, AL
423 PM CDT TUE APR 1 2014

...................................

...THE TUSCALOOSA CLIMATE SUMMARY FOR THE MONTH OF MARCH 2014...

CLIMATE NORMAL PERIOD 1981 TO 2010
CLIMATE RECORD PERIOD 1948 TO 2014

WEATHER         OBSERVED          NORMAL  DEPART  LAST YEAR`S
                 VALUE   DATE(S)  VALUE   FROM    VALUE  DATE(S)
                                          NORMAL
................................................................
TEMPERATURE (F)
RECORD
 HIGH              90   03/23/1995
 LOW               12   03/14/1993
HIGHEST            79   03/31        MM      MM       81  03/18
                        03/22
LOWEST             27   03/26        MM      MM       27  03/27
AVG. MAXIMUM     66.8              68.7    -1.9     64.0
AVG. MINIMUM     40.9              43.5    -2.6     39.0
MEAN             53.9                               51.5
DAYS MAX >= 90      0               0.0     0.0        0
DAYS MAX <= 32      0               0.0     0.0        0
DAYS MIN <= 32      6               3.4     2.6        9
DAYS MIN <= 0       0               0.0     0.0        0

PRECIPITATION (INCHES)
RECORD
 MAXIMUM        19.99   1976
 MINIMUM         1.12   1986
TOTALS           5.28              4.54    0.74     4.75
DAILY AVG.       0.17              0.15    0.02
DAYS >= .01        10               9.6     0.4
DAYS >= .10         7               6.9     0.1
DAYS >= .50         3               3.5    -0.5
DAYS >= 1.00        2               1.4     0.6

DEGREE_DAYS
HEATING TOTAL     340               294      46      414
 SINCE 7/1       2657              2384     273     2266
COOLING TOTAL       1                18     -17        4
 SINCE 1/1          8                23     -15       16
.................................................................

WIND (MPH)
AVERAGE WIND SPEED              5.2
HIGHEST WIND SPEED/DIRECTION    29/300    DATE  03/12
HIGHEST GUST SPEED/DIRECTION    39/300    DATE  03/12

AVERAGE RH (PERCENT)     66

WEATHER CONDITIONS. NUMBER OF DAYS WITH
THUNDERSTORM              0     MIXED PRECIP               0
HEAVY RAIN                6     RAIN                       7
LIGHT RAIN               10     FREEZING RAIN              0
LT FREEZING RAIN          0     HAIL                       0
HEAVY SNOW                0     SNOW                       0
LIGHT SNOW                0     SLEET                      0
FOG                      20     FOG W/VIS <= 1/4 MILE      0
HAZE                      8

-  INDICATES NEGATIVE NUMBERS.
R  INDICATES RECORD WAS SET OR TIED.
MM INDICATES DATA IS MISSING.
T  INDICATES TRACE AMOUNT.

$$




U.S. Dept. of Commerce
NOAA National Weather Service
1325 East West Highway
Silver Spring, MD 20910
E-mail: w-nws.webmaster@noaa.gov
Page last modified: May 16, 2007
NATIONAL WEATHER SERVICE: for Safety, for Work, for Fun - FOR LIFE