271
CXUS54 KBMX 011416
CLMTCL


CLIMATE REPORT
NATIONAL WEATHER SERVICE BIRMINGHAM, AL
914 AM CDT TUE JUL 1 2014

...................................

...THE TUSCALOOSA CLIMATE SUMMARY FOR THE MONTH OF JUNE 2014...

CLIMATE NORMAL PERIOD 1981 TO 2010
CLIMATE RECORD PERIOD 1948 TO 2014

WEATHER         OBSERVED          NORMAL  DEPART  LAST YEAR`S
                 VALUE   DATE(S)  VALUE   FROM    VALUE  DATE(S)
                                          NORMAL
................................................................
TEMPERATURE (F)
RECORD
 HIGH             105   06/29/2012
                        06/27/1954
                        06/28/1952
 LOW               45   06/01/1984
                        06/03/1956
HIGHEST            94   06/21        MM      MM       96  06/27
                        06/18
LOWEST             65   06/14        MM      MM       63  06/15
AVG. MAXIMUM     89.1              89.3    -0.2     89.6
AVG. MINIMUM     69.4              67.5     1.9     70.1
MEAN             79.2                               79.8
DAYS MAX >= 90     17              14.3     2.7       15
DAYS MAX <= 32      0               0.0     0.0        0
DAYS MIN <= 32      0               0.0     0.0        0
DAYS MIN <= 0       0               0.0     0.0        0

PRECIPITATION (INCHES)
RECORD
 MAXIMUM        11.98   1989
 MINIMUM         0.48   2012
TOTALS           5.15              4.77    0.38     5.68
DAILY AVG.       0.17              0.16    0.01
DAYS >= .01        14               9.5     4.5
DAYS >= .10        11               6.9     4.1
DAYS >= .50         4               3.3     0.7
DAYS >= 1.00        1               1.6    -0.6

DEGREE_DAYS
COOLING TOTAL     434               403      31      452
 SINCE 1/1        724               714      10      760
.................................................................

WIND (MPH)
AVERAGE WIND SPEED              3.5
HIGHEST WIND SPEED/DIRECTION    31/280    DATE  06/09
HIGHEST GUST SPEED/DIRECTION    52/290    DATE  06/09

AVERAGE RH (PERCENT)     75

WEATHER CONDITIONS. NUMBER OF DAYS WITH
THUNDERSTORM              0     MIXED PRECIP               0
HEAVY RAIN                9     RAIN                       9
LIGHT RAIN               15     FREEZING RAIN              0
LT FREEZING RAIN          0     HAIL                       0
HEAVY SNOW                0     SNOW                       0
LIGHT SNOW                0     SLEET                      0
FOG                      24     FOG W/VIS <= 1/4 MILE      1
HAZE                      5

-  INDICATES NEGATIVE NUMBERS.
R  INDICATES RECORD WAS SET OR TIED.
MM INDICATES DATA IS MISSING.
T  INDICATES TRACE AMOUNT.

$$




U.S. Dept. of Commerce
NOAA National Weather Service
1325 East West Highway
Silver Spring, MD 20910
E-mail: w-nws.webmaster@noaa.gov
Page last modified: May 16, 2007
NATIONAL WEATHER SERVICE: for Safety, for Work, for Fun - FOR LIFE