638
CXUS54 KBMX 011319
CLMTCL


CLIMATE REPORT
NATIONAL WEATHER SERVICE BIRMINGHAM, AL
819 AM CDT MON SEP 1 2014

...................................

...THE TUSCALOOSA CLIMATE SUMMARY FOR THE MONTH OF AUGUST 2014...

CLIMATE NORMAL PERIOD 1981 TO 2010
CLIMATE RECORD PERIOD 1948 TO 2014

WEATHER         OBSERVED          NORMAL  DEPART  LAST YEAR`S
                 VALUE   DATE(S)  VALUE   FROM    VALUE  DATE(S)
                                          NORMAL
................................................................
TEMPERATURE (F)
RECORD
 HIGH             107   08/10/2007
                        08/29/2000
 LOW               53   08/22/1956
HIGHEST            99   08/24        MM      MM       95  08/31
                        08/23
LOWEST             62   08/15        MM      MM       64  08/27
                        08/14
AVG. MAXIMUM     93.6              91.9     1.7     89.5
AVG. MINIMUM     69.8              70.7    -0.9     71.3
MEAN             81.7                               80.4
DAYS MAX >= 90     28              21.1     6.9       19
DAYS MAX <= 32      0               0.0     0.0        0
DAYS MIN <= 32      0               0.0     0.0        0
DAYS MIN <= 0       0               0.0     0.0        0

PRECIPITATION (INCHES)
RECORD
 MAXIMUM         8.84   1970
 MINIMUM         0.41   2006
TOTALS           2.55              3.30   -0.75     4.02
DAILY AVG.       0.08              0.11   -0.03
DAYS >= .01         8               9.3    -1.3
DAYS >= .10         5               6.0    -1.0
DAYS >= .50         2               2.8    -0.8
DAYS >= 1.00        1               1.2    -0.2

DEGREE_DAYS
COOLING TOTAL     525               505      20      486
 SINCE 1/1       1690              1737     -47     1708
.................................................................

WIND (MPH)
AVERAGE WIND SPEED              3.6
HIGHEST WIND SPEED/DIRECTION    28/290    DATE  08/09
HIGHEST GUST SPEED/DIRECTION    38/290    DATE  08/09

AVERAGE RH (PERCENT)     68

WEATHER CONDITIONS. NUMBER OF DAYS WITH
THUNDERSTORM              0     MIXED PRECIP               0
HEAVY RAIN                4     RAIN                       5
LIGHT RAIN                8     FREEZING RAIN              0
LT FREEZING RAIN          0     HAIL                       0
HEAVY SNOW                0     SNOW                       0
LIGHT SNOW                0     SLEET                      0
FOG                      23     FOG W/VIS <= 1/4 MILE      0
HAZE                     14

-  INDICATES NEGATIVE NUMBERS.
R  INDICATES RECORD WAS SET OR TIED.
MM INDICATES DATA IS MISSING.
T  INDICATES TRACE AMOUNT.

$$




U.S. Dept. of Commerce
NOAA National Weather Service
1325 East West Highway
Silver Spring, MD 20910
E-mail: w-nws.webmaster@noaa.gov
Page last modified: May 16, 2007
NATIONAL WEATHER SERVICE: for Safety, for Work, for Fun - FOR LIFE