782
CXUS51 KBGM 061551 CCA
CLMSYR

CLIMATE REPORT...CORRECTED
NATIONAL WEATHER SERVICE BINGHAMTON NY
1050 AM EST TUE JAN 6 2015

...................................

...THE SYRACUSE NY CLIMATE SUMMARY FOR THE MONTH OF DECEMBER 2014...

CLIMATE NORMAL PERIOD 1981 TO 2010
CLIMATE RECORD PERIOD 1902 TO 2014

WEATHER         OBSERVED          NORMAL  DEPART  LAST YEAR`S
                 VALUE   DATE(S)  VALUE   FROM    VALUE  DATE(S)
                                          NORMAL
................................................................
TEMPERATURE (F)
RECORD
 HIGH              72   12/06/2001
 LOW              -22   12/25/1980
HIGHEST            59   12/25        35      24       59  12/05
LOWEST             15   12/30        21      -6       -3  12/17
AVG. MAXIMUM     37.7              36.4     1.3     35.2
AVG. MINIMUM     26.5              22.4     4.1     20.5
MEAN             32.1              29.4     2.7     27.9
DAYS MAX >= 90      0               0.0     0.0        0
DAYS MAX <= 32     10              10.5    -0.5       13
DAYS MIN <= 32     25              25.2    -0.2       26
DAYS MIN <= 0       0               1.0    -1.0        2

PRECIPITATION (INCHES)
RECORD
 MAXIMUM         7.57   2012
 MINIMUM         1.40   1999
TOTALS           3.02              3.22   -0.20     2.89
DAILY AVG.       0.10              0.10    0.00     0.09
DAYS >= .01        17              18.6    -1.6       22
DAYS >= .10        10               8.1     1.9       10
DAYS >= .50         1               1.6    -0.6        1
DAYS >= 1.00        0               0.5    -0.5        0
GREATEST
 24 HR. TOTAL    0.84   12/10 TO 12/11

SNOWFALL (INCHES)
RECORDS
 TOTAL           72.8   2010
 24 HR TOTAL     18.6   12/30/1997 TO 12/30/1997
 SNOW DEPTH        23   12/28/1969
TOTALS           17.5              32.7   -15.2     29.0
SINCE 7/1        28.5              42.6   -14.1     43.3
SNOWDEPTH AVG.      2                 4      -2        2
DAYS >= TRACE      18              14.7     3.3       23
DAYS >= 1.0         3               8.1    -5.1        9
GREATEST
 SNOW DEPTH        13   12/11                          9  12/18
 24 HR TOTAL     12.3   12/10 TO 12/11

DEGREE_DAYS
HEATING TOTAL    1008              1104     -96     1142
 SINCE 7/1       2193              2453    -260     2475
COOLING TOTAL       0                 0       0        0
 SINCE 1/1        647               569      78      712
.................................................................

WIND (MPH)
AVERAGE WIND SPEED              9.6
RESULTANT WIND SPEED/DIRECTION   3/267
HIGHEST WIND SPEED/DIRECTION    36/240    DATE  12/25
HIGHEST GUST SPEED/DIRECTION    45/240    DATE  12/25

SKY COVER
POSSIBLE SUNSHINE (PERCENT)   MM
AVERAGE SKY COVER           0.90
NUMBER OF DAYS FAIR            0
NUMBER OF DAYS PC              6
NUMBER OF DAYS CLOUDY         25

AVERAGE RH (PERCENT)     81

WEATHER CONDITIONS. NUMBER OF DAYS WITH
THUNDERSTORM              0     MIXED PRECIP               3
HEAVY RAIN                1     RAIN                       6
LIGHT RAIN               15     FREEZING RAIN              1
LT FREEZING RAIN          9     HAIL                       0
HEAVY SNOW                1     SNOW                       9
LIGHT SNOW               17     SLEET                      5
FOG                      23     FOG W/VIS <= 1/4 MILE      1
HAZE                      2

-  INDICATES NEGATIVE NUMBERS.
R  INDICATES RECORD WAS SET OR TIED.
MM INDICATES DATA IS MISSING.
T  INDICATES TRACE AMOUNT.

&&
CORRECTED GREATEST 24 HOUR SNOW TOTAL AND ADDED DATES
RECORD DAILY SNOWFALL FOR 12/10 11.8"  OLD RECORD 8.4" IN 1978
$$

TAC






U.S. Dept. of Commerce
NOAA National Weather Service
1325 East West Highway
Silver Spring, MD 20910
E-mail: w-nws.webmaster@noaa.gov
Page last modified: May 16, 2007
NATIONAL WEATHER SERVICE: for Safety, for Work, for Fun - FOR LIFE