441
CXUS53 KLSX 051435 CCA
CLMSTL

CLIMATE REPORT
NATIONAL WEATHER SERVICE ST LOUIS MO
1206 PM CDT TUE APR 1 2014

...................................

...THE ST. LOUIS MO CLIMATE SUMMARY FOR THE MONTH OF MARCH 2014...

CLIMATE NORMAL PERIOD 1981 TO 2010
CLIMATE RECORD PERIOD 1874 TO 2014

WEATHER         OBSERVED          NORMAL  DEPART  LAST YEAR`S
                 VALUE   DATE(S)  VALUE   FROM    VALUE
                                          NORMAL
.............................................................
TEMPERATURE (F)
RECORD
 HIGH              92   03/24/1929
 LOW               -5   03/05/1960
HIGHEST            83   03/11                         73
LOWEST              4   03/03                         19
AVG. MAXIMUM     54.3              55.9    -1.6     48.9
AVG. MINIMUM     30.5              36.6    -6.1     32.0
MEAN             42.4              46.3    -3.9     40.5
DAYS MAX >= 90      0               0.0     0.0        0
DAYS MAX <= 32      2               0.7     1.3        0
DAYS MIN <= 32     17              10.5     6.5       19
DAYS MIN <= 0       0               0.0     0.0        0

PRECIPITATION (INCHES)
RECORD
 MAXIMUM         8.39   2008
 MINIMUM         0.14   1910
TOTALS           1.55              3.32   -1.77     4.95
DAILY AVG.       0.05              0.11   -0.06     0.16
DAYS >= .01         7              10.3    -3.3       14
DAYS >= .10         4               6.7    -2.7        6
DAYS >= .50         1               2.2    -1.2        3
DAYS >= 1.00        0               0.5    -0.5        3
GREATEST
 24 HR. TOTAL    0.68   03/11 TO 03/11

SNOWFALL (INCHES)
RECORDS
 TOTAL           28.8   1912
 24 HR TOTAL     20.4   03/30/1890 TO 03/31/1890
TOTALS            1.6               2.3    -0.7     14.3
SINCE 7/1        28.8              17.3    11.5     27.9
GREATEST
 24 HR TOTAL      1.5   03/02 TO 03/02

DEGREE_DAYS
HEATING TOTAL     690               588     102      753
 SINCE 7/1       4727              4186     541     4070
COOLING TOTAL       0                 7      -7        0
 SINCE 1/1          0                 7      -7        0
..............................................................

WIND (MPH)
HIGHEST WIND SPEED/DIRECTION    37/140    DATE  03/18
HIGHEST GUST SPEED/DIRECTION    44/040    DATE  03/16

SKY COVER
NUMBER OF DAYS FAIR            4
NUMBER OF DAYS PC             20
NUMBER OF DAYS CLOUDY          7


WEATHER CONDITIONS. NUMBER OF DAYS WITH
THUNDERSTORM              2     MIXED PRECIP               0
HEAVY RAIN                0     RAIN                       2
LIGHT RAIN                7     FREEZING RAIN              0
LT FREEZING RAIN          2     HAIL                       0
HEAVY SNOW                0     SNOW                       1
LIGHT SNOW                5     SLEET                      1
FOG                       6     FOG W/VIS <= 1/4 MILE      0
HAZE                     14

-  INDICATES NEGATIVE NUMBERS.
R  INDICATES RECORD WAS SET OR TIED.
MM INDICATES DATA IS MISSING.
T  INDICATES TRACE AMOUNT.


...MONTHLY...

17TH DRIEST MARCH ON RECORD (1.55 INCHES).


$$







U.S. Dept. of Commerce
NOAA National Weather Service
1325 East West Highway
Silver Spring, MD 20910
E-mail: w-nws.webmaster@noaa.gov
Page last modified: May 16, 2007
NATIONAL WEATHER SERVICE: for Safety, for Work, for Fun - FOR LIFE