119
CXUS53 KLSX 030156 CCA
CLMSTL

CLIMATE REPORT
NATIONAL WEATHER SERVICE ST LOUIS MO
137 PM CST MON DEC 1 2014

...................................

...THE ST. LOUIS MO CLIMATE SUMMARY FOR THE MONTH OF NOVEMBER 2014...

CLIMATE NORMAL PERIOD 1981 TO 2010
CLIMATE RECORD PERIOD 1874 TO 2014

WEATHER         OBSERVED          NORMAL  DEPART  LAST YEAR`S
                 VALUE   DATE(S)  VALUE   FROM    VALUE
                                          NORMAL
.............................................................
TEMPERATURE (F)
RECORD
 HIGH              86   11/01/1937
 LOW                1   11/30/1964
HIGHEST            73   11/10                         80
LOWEST             14   11/18                         15
AVG. MAXIMUM     50.0              55.5    -5.5     53.6
AVG. MINIMUM     31.3              38.1    -6.8     34.1
MEAN             40.7              46.8    -6.1     43.8
DAYS MAX >= 90      0               0.0     0.0        0
DAYS MAX <= 32      3               0.4     2.6        2
DAYS MIN <= 32     18               8.6     9.4       13
DAYS MIN <= 0       0               0.0     0.0        0

PRECIPITATION (INCHES)
RECORD
 MAXIMUM         9.95   1985
 MINIMUM         0.11   1949
TOTALS           2.46              3.91   -1.45     1.02
DAILY AVG.       0.08              0.13   -0.05     0.03
DAYS >= .01         9               9.6    -0.6        6
DAYS >= .10         6               6.1    -0.1        3
DAYS >= .50         2               2.7    -0.7        0
DAYS >= 1.00        0               1.2    -1.2        0
GREATEST
 24 HR. TOTAL    1.32   11/23 TO 11/24

SNOWFALL (INCHES)
RECORDS
 TOTAL           11.3   1951
 24 HR TOTAL     10.3   11/05/1913 TO 11/06/1913
TOTALS            3.8               0.7     3.1        T
SINCE 7/1         3.8               0.7     3.1        T
GREATEST
 24 HR TOTAL      1.7   11/16

DEGREE_DAYS
HEATING TOTAL     721               550     171      627
 SINCE 7/1        957               826     131      870
COOLING TOTAL       0                 4      -4        0
 SINCE 1/1       1732              1646      86     1728
..............................................................

WIND (MPH)
HIGHEST WIND SPEED/DIRECTION    33/260    DATE  11/24
HIGHEST GUST SPEED/DIRECTION    46/280    DATE  11/24

SKY COVER
NUMBER OF DAYS FAIR            6
NUMBER OF DAYS PC             13
NUMBER OF DAYS CLOUDY         11


WEATHER CONDITIONS. NUMBER OF DAYS WITH
THUNDERSTORM              0     MIXED PRECIP               0
HEAVY RAIN                1     RAIN                       3
LIGHT RAIN                8     FREEZING RAIN              0
LT FREEZING RAIN          1     HAIL                       0
HEAVY SNOW                3     SNOW                       4
LIGHT SNOW                6     SLEET                      1
FOG                       9     FOG W/VIS <= 1/4 MILE      1
HAZE                      8

-  INDICATES NEGATIVE NUMBERS.
R  INDICATES RECORD WAS SET OR TIED.
MM INDICATES DATA IS MISSING.
T  INDICATES TRACE AMOUNT.


...MONTHLY...

14TH COLDEST NOVEMBER ON RECORD (40.7 DEGREES).

14TH SNOWIEST NOVEMBER ON RECORD (3.8 INCHES).


...DAILY...

RECORD HIGH TEMPERATURE WAS SET AT SAINT LOUIS NOVMEMBER 30TH
WITH A MAXIMUM READING OF 72 DEGREES. THIS BREAKS THE PREVIOUS
RECORD OF 70 DEGREES IN 1970.

RECORD LOW TEMPERATURE OF 14 DEGREES WAS SET AT SAINT LOUIS
NOVEMBER 18TH. THIS TIES THE PREVIOUS OF 14 SET IN 1932.

RECORD SNOWFALL OF 1.7 INCHES WAS SET AT SAINT LOUIS NOVMEBER 16TH.
THIS BREAK THE PREVIOUS RECORD OF 1.0 INCHES SET IN 1951.

RECORD SNOWFALL OF 0.7 INCHES WAS SET AT SAINT LOUIS NOVEMBER 15TH.
THIS BREAKS THE PREVIOUS RECORD OF 0.1 INCHES SET IN 1997.

$$







U.S. Dept. of Commerce
NOAA National Weather Service
1325 East West Highway
Silver Spring, MD 20910
E-mail: w-nws.webmaster@noaa.gov
Page last modified: May 16, 2007
NATIONAL WEATHER SERVICE: for Safety, for Work, for Fun - FOR LIFE