886
CXUS53 KEAX 010649
CLMSTJ

STLCLMWK1 000
TTAA00 KEAX 010647


CLIMATE REPORT
NATIONAL WEATHER SERVICE KANSAS CITY/PLEASANT HILL MO
144 AM CDT TUE APR 1 2014

...................................

...THE ST. JOSEPH MO CLIMATE SUMMARY FOR THE MONTH OF MARCH 2014...

CLIMATE NORMAL PERIOD 1981 TO 2010
CLIMATE RECORD PERIOD 1892 TO 2014

WEATHER         OBSERVED          NORMAL  DEPART  LAST YEAR`S
                 VALUE   DATE(S)  VALUE   FROM    VALUE  DATE(S)
                                          NORMAL
................................................................
TEMPERATURE (F)
RECORD
 HIGH              90   03/31/1966
 LOW              -13   03/04/1978
HIGHEST            81   03/31        78       3       82  03/15
LOWEST             -7   03/03        14     -21       17  03/20
AVG. MAXIMUM     52.4              54.5    -2.1     47.1
AVG. MINIMUM     24.0              31.4    -7.4     27.6
MEAN             38.2              42.9    -4.7     37.4
DAYS MAX >= 90      0               0.0     0.0        0
DAYS MAX <= 32      3               1.1     1.9        3
DAYS MIN <= 32     23              16.2     6.8       25
DAYS MIN <= 0       1               0.0     1.0        0

PRECIPITATION (INCHES)
RECORD
 MAXIMUM         7.30   1973
 MINIMUM         0.14   1936
TOTALS           0.41              2.25   -1.84     2.08
DAILY AVG.       0.01              0.07   -0.06     0.07
DAYS >= .01         5               8.6    -3.6        5
DAYS >= .10         1               4.9    -3.9        2
DAYS >= .50         0               1.5    -1.5        2
DAYS >= 1.00        0               0.4    -0.4        1
GREATEST
 24 HR. TOTAL    0.26   03/11 TO 03/11

DEGREE_DAYS
HEATING TOTAL     826               685     141      849
 SINCE 7/1       5766              4993     773     4953
COOLING TOTAL       0                 2      -2        0
 SINCE 1/1          0                 2      -2        0
.................................................................

WIND (MPH)
AVERAGE WIND SPEED              11.9
HIGHEST WIND SPEED/DIRECTION    40/200    DATE  03/26
HIGHEST GUST SPEED/DIRECTION    48/190    DATE  03/26

SKY COVER
POSSIBLE SUNSHINE (PERCENT)   MM
AVERAGE SKY COVER           0.30
NUMBER OF DAYS FAIR           20
NUMBER OF DAYS PC              8
NUMBER OF DAYS CLOUDY          3

AVERAGE RH (PERCENT)     59

WEATHER CONDITIONS. NUMBER OF DAYS WITH
THUNDERSTORM              0     MIXED PRECIP               0
HEAVY RAIN                0     RAIN                       1
LIGHT RAIN                4     FREEZING RAIN              0
LT FREEZING RAIN          0     HAIL                       0
HEAVY SNOW                0     SNOW                       2
LIGHT SNOW                8     SLEET                      0
FOG                      13     FOG W/VIS <= 1/4 MILE      0
HAZE                     12

-  INDICATES NEGATIVE NUMBERS.
R  INDICATES RECORD WAS SET OR TIED.
MM INDICATES DATA IS MISSING.
T  INDICATES TRACE AMOUNT.

$$








U.S. Dept. of Commerce
NOAA National Weather Service
1325 East West Highway
Silver Spring, MD 20910
E-mail: w-nws.webmaster@noaa.gov
Page last modified: May 16, 2007
NATIONAL WEATHER SERVICE: for Safety, for Work, for Fun - FOR LIFE