440
CXUS52 KJAX 041225
CLMSSI

CLIMATE REPORT
NATIONAL WEATHER SERVICE JACKSONVILLE FL
1112 AM EDT SAT NOV 1 2014

...................................

...THE ST SIMONS ISLAND CLIMATE SUMMARY FOR THE MONTH OF OCTOBER 2014...

CLIMATE NORMAL PERIOD 1981 TO 2010
CLIMATE RECORD PERIOD 1948 TO 2014

WEATHER         OBSERVED          NORMAL  DEPART
                 VALUE   DATE(S)  VALUE   FROM
                                          NORMAL
................................................
TEMPERATURE (F)
RECORD
 HIGH              95   10/05/1986
 LOW               37   10/28/1957
                        10/30/1952
                        10/29/1952
HIGHEST            86   10/09        77       9
LOWEST             49   10/25        62     -13
AVG. MAXIMUM     79.1              77.8     1.3
AVG. MINIMUM     60.8              62.5    -1.7
MEAN             70.0              70.2    -0.2
DAYS MAX >= 90      0               0.2    -0.2
DAYS MAX <= 32      0               0.0     0.0
DAYS MIN <= 32      0               0.0     0.0
DAYS MIN <= 0       0               0.0     0.0

PRECIPITATION (INCHES)
RECORD
 MAXIMUM        17.61   2005
 MINIMUM            T   1974
TOTALS           2.83              4.46   -1.63
DAILY AVG.       0.09              0.14   -0.05
DAYS >= .01         3               7.2    -4.2
DAYS >= .10         3               4.5    -1.5
DAYS >= .50         2               2.0     0.0
DAYS >= 1.00        1               1.2    -0.2
GREATEST
 24 HR. TOTAL    1.53   10/03 TO 10/03
                        10/02 TO 10/03
                        10/03 TO 10/03
 STORM TOTAL       MM
 (MM/DD(HH))            MM

SNOWFALL (INCHES)
RECORDS
 TOTAL             MM   MM
 24 HR TOTAL       MM
TOTALS            0.0               0.0     0.0
 LIQUID EQUIV    0.00              0.00    0.00
SINCE 7/1         0.0               0.0     0.0
 LIQUID 7/1      0.00
DAYS >= TRACE       0               0.0     0.0
DAYS >= 1.0         0               0.0     0.0
GREATEST
 SNOW DEPTH         0   MM
 24 HR TOTAL      0.0   10/31 TO 10/31
 STORM TOTAL       MM
 (MM/DD(HH))            MM

DEGREE_DAYS
HEATING TOTAL      17                30     -13
 SINCE 7/1         17                30     -13
COOLING TOTAL     179               190     -11
 SINCE 1/1       2568              2561       7

FREEZE DATES
RECORD
 EARLIEST     11/03/1954
 LATEST       03/31/1964
EARLIEST                        12/20
LATEST                          02/14
.................................................

WIND (MPH)
AVERAGE WIND SPEED              5.8
HIGHEST WIND SPEED/DIRECTION    26/250    DATE  10/14
HIGHEST GUST SPEED/DIRECTION    36/250    DATE  10/14

SKY COVER
POSSIBLE SUNSHINE (PERCENT)   MM
AVERAGE SKY COVER           0.10
NUMBER OF DAYS FAIR           29
NUMBER OF DAYS PC              2
NUMBER OF DAYS CLOUDY          0

AVERAGE RH (PERCENT)     74

WEATHER CONDITIONS. NUMBER OF DAYS WITH
THUNDERSTORM              0     MIXED PRECIP               0
HEAVY RAIN                3     RAIN                       2
LIGHT RAIN                3     FREEZING RAIN              0
LT FREEZING RAIN          0     HAIL                       0
HEAVY SNOW                0     SNOW                       0
LIGHT SNOW                0     SLEET                      0
FOG                      10     FOG W/VIS <= 1/4 MILE      1
HAZE                      1

-  INDICATES NEGATIVE NUMBERS.
R  INDICATES RECORD WAS SET OR TIED.
MM INDICATES DATA IS MISSING.
T  INDICATES TRACE AMOUNT.

$$








U.S. Dept. of Commerce
NOAA National Weather Service
1325 East West Highway
Silver Spring, MD 20910
E-mail: w-nws.webmaster@noaa.gov
Page last modified: May 16, 2007
NATIONAL WEATHER SERVICE: for Safety, for Work, for Fun - FOR LIFE