287
CXUS52 KTBW 020355
CLMSRQ


CLIMATE REPORT
NATIONAL WEATHER SERVICE TAMPA BAY FL
1155 PM EDT TUE JUL 1 2014

...................................

...THE SARASOTA BRADENTON CLIMATE SUMMARY FOR THE MONTH OF JUNE 2014...

CLIMATE NORMAL PERIOD 1981 TO 2010
CLIMATE RECORD PERIOD 1911 TO 2014

WEATHER         OBSERVED          NORMAL  DEPART  LAST YEAR`S
                 VALUE   DATE(S)  VALUE   FROM    VALUE  DATE(S)
                                          NORMAL
................................................................
TEMPERATURE (F)
ALL-TIME JUNE RECORD
 HIGH             100   06/30/1998
                        06/18/1998
 LOW               52   06/01/1984

JUNE 2014
HIGHEST            97   06/27        MM      MM       93  06/25
                                                          06/12
LOWEST             70   06/10        MM      MM       72  06/27
                        06/04                             06/08
AVG. MAXIMUM     89.3              88.6     0.7     88.9
AVG. MINIMUM     74.1              72.9     1.2     74.9
MEAN             81.7              80.8     0.9     81.9
DAYS MAX >= 90     10               8.8     1.2       15
DAYS MAX <= 32      0               0.0     0.0        0
DAYS MIN <= 32      0               0.0     0.0        0
DAYS MIN <= 0       0               0.0     0.0        0

PRECIPITATION (INCHES)
ALL-TIME JUNE RECORD
 MAXIMUM        22.34   1992
 MINIMUM         0.69   1998

JUNE 2014
TOTALS           6.98              7.51   -0.53     8.74
DAILY AVG.       0.23              0.25   -0.02     0.29
DAYS >= .01        11                MM      MM       12
DAYS >= .10         8                MM      MM       12
DAYS >= .50         5                MM      MM        6
DAYS >= 1.00        2                MM      MM        3
GREATEST
 24 HR. TOTAL    2.27   06/10 TO 06/11

DEGREE_DAYS
HEATING TOTAL       0                 0       0        0
 SINCE 7/1        345               477    -132      397
COOLING TOTAL     510               472      38      513
 SINCE 1/1       1322              1223      99     1381
.................................................................

WIND (MPH)
AVERAGE WIND SPEED              7.8
HIGHEST WIND SPEED/DIRECTION    30/290    DATE  06/13
HIGHEST GUST SPEED/DIRECTION    38/290    DATE  06/13

SKY COVER (DOES NOT INCLUDE ANY CLOUDS ABOVE 12000 FEET)
POSSIBLE SUNSHINE (PERCENT)   MM
AVERAGE SKY COVER           0.20
NUMBER OF DAYS FAIR           27
NUMBER OF DAYS PC              3
NUMBER OF DAYS CLOUDY          0

AVERAGE RH (PERCENT)     71

WEATHER CONDITIONS. NUMBER OF DAYS WITH
THUNDERSTORM              0     MIXED PRECIP               0
HEAVY RAIN                8     RAIN                       9
LIGHT RAIN               12     FREEZING RAIN              0
LT FREEZING RAIN          0     HAIL                       0
HEAVY SNOW                0     SNOW                       0
LIGHT SNOW                0     SLEET                      0
FOG                       8     FOG W/VIS <= 1/4 MILE      0
HAZE                      2

-  INDICATES NEGATIVE NUMBERS.
R  INDICATES RECORD WAS SET OR TIED.
MM INDICATES DATA IS MISSING.
T  INDICATES TRACE AMOUNT.

$$







U.S. Dept. of Commerce
NOAA National Weather Service
1325 East West Highway
Silver Spring, MD 20910
E-mail: w-nws.webmaster@noaa.gov
Page last modified: May 16, 2007
NATIONAL WEATHER SERVICE: for Safety, for Work, for Fun - FOR LIFE