070
CXUS52 KTBW 031420
CLMSRQ


CLIMATE REPORT
NATIONAL WEATHER SERVICE TAMPA BAY FL
920 AM EST MON NOV 3 2014

...................................

...THE SARASOTA BRADENTON CLIMATE SUMMARY FOR THE MONTH OF OCTOBER 2014...

CLIMATE NORMAL PERIOD 1981 TO 2010
CLIMATE RECORD PERIOD 1911 TO 2014

WEATHER         OBSERVED          NORMAL  DEPART  LAST YEAR`S
                 VALUE   DATE(S)  VALUE   FROM    VALUE  DATE(S)
                                          NORMAL
................................................................
TEMPERATURE (F)
ALL-TIME OCTOBER RECORD
 HIGH              97   10/08/1973
 LOW               40   10/29/1944

OCTOBER 2014
HIGHEST            90   10/13        MM      MM       92  10/01
                        10/11
                        10/10
LOWEST             56   10/27        MM      MM       57  10/27
AVG. MAXIMUM     84.7              85.0    -0.3     85.7
AVG. MINIMUM     66.5              67.7    -1.2     68.6
MEAN             75.6              76.3    -0.7     77.2
DAYS MAX >= 90      4               2.5     1.5        3
DAYS MAX <= 32      0               0.0     0.0        0
DAYS MIN <= 32      0               0.0     0.0        0
DAYS MIN <= 0       0               0.0     0.0        0

PRECIPITATION (INCHES)
ALL-TIME OCTOBER RECORD
 MAXIMUM        12.92   1995
 MINIMUM            T   2010

OCTOBER 2014
TOTALS           4.42              3.12    1.30     0.55
DAILY AVG.       0.14              0.10    0.04     0.02
DAYS >= .01         5                MM      MM        3
DAYS >= .10         4                MM      MM        2
DAYS >= .50         3                MM      MM        0
DAYS >= 1.00        1                MM      MM        0
GREATEST
 24 HR. TOTAL    2.96   10/04 TO 10/04

DEGREE_DAYS
HEATING TOTAL       0                 3      -3        0
 SINCE 7/1          0                 3      -3        0
COOLING TOTAL     336               355     -19      381
 SINCE 1/1       3335              3144     191     3388
.................................................................

WIND (MPH)
AVERAGE WIND SPEED              6.7
HIGHEST WIND SPEED/DIRECTION    29/160    DATE  10/13
HIGHEST GUST SPEED/DIRECTION    33/150    DATE  10/13

SKY COVER (DOES NOT INCLUDE ANY CLOUDS ABOVE 12000 FEET)
POSSIBLE SUNSHINE (PERCENT)   MM
AVERAGE SKY COVER           0.10
NUMBER OF DAYS FAIR           29
NUMBER OF DAYS PC              2
NUMBER OF DAYS CLOUDY          0

AVERAGE RH (PERCENT)     71

WEATHER CONDITIONS. NUMBER OF DAYS WITH
THUNDERSTORM              4     MIXED PRECIP               0
HEAVY RAIN                4     RAIN                       4
LIGHT RAIN                7     FREEZING RAIN              0
LT FREEZING RAIN          0     HAIL                       0
HEAVY SNOW                0     SNOW                       0
LIGHT SNOW                0     SLEET                      0
FOG                       9     FOG W/VIS <= 1/4 MILE      1
HAZE                      1

-  INDICATES NEGATIVE NUMBERS.
R  INDICATES RECORD WAS SET OR TIED.
MM INDICATES DATA IS MISSING.
T  INDICATES TRACE AMOUNT.

$$






U.S. Dept. of Commerce
NOAA National Weather Service
1325 East West Highway
Silver Spring, MD 20910
E-mail: w-nws.webmaster@noaa.gov
Page last modified: May 16, 2007
NATIONAL WEATHER SERVICE: for Safety, for Work, for Fun - FOR LIFE