308
CXUS52 KTBW 050315
CLMSRQ


CLIMATE REPORT
NATIONAL WEATHER SERVICE TAMPA BAY FL
1115 PM EDT SAT OCT 4 2014

...................................

...THE SARASOTA BRADENTON CLIMATE SUMMARY FOR THE MONTH OF SEPTEMBER 2014...

CLIMATE NORMAL PERIOD 1981 TO 2010
CLIMATE RECORD PERIOD 1911 TO 2014

WEATHER         OBSERVED          NORMAL  DEPART  LAST YEAR`S
                 VALUE   DATE(S)  VALUE   FROM    VALUE  DATE(S)
                                          NORMAL
................................................................
TEMPERATURE (F)
ALL-TIME SEPTEMBER RECORD
 HIGH              98   09/07/1970
                        09/11/1925
 LOW               58   09/30/1970

SEPTEMBER 2014
HIGHEST            96   09/01        MM      MM       94  09/15
LOWEST             70   09/19        MM      MM       71  09/30
                        09/18                             09/21
AVG. MAXIMUM     88.7              88.8    -0.1     89.4
AVG. MINIMUM     73.2              74.0    -0.8     73.9
MEAN             80.9              81.4    -0.5     81.7
DAYS MAX >= 90      9              12.8    -3.8       18
DAYS MAX <= 32      0               0.0     0.0        0
DAYS MIN <= 32      0               0.0     0.0        0
DAYS MIN <= 0       0               0.0     0.0        0

PRECIPITATION (INCHES)
ALL-TIME SEPTEMBER RECORD
 MAXIMUM        21.16   1962
 MINIMUM         1.07   2005

SEPTEMBER 2014
TOTALS          10.53              7.10    3.43    11.95
DAILY AVG.       0.35              0.24    0.11     0.40
DAYS >= .01        19                MM      MM       14
DAYS >= .10        15                MM      MM        9
DAYS >= .50         7                MM      MM        7
DAYS >= 1.00        3                MM      MM        6
GREATEST
 24 HR. TOTAL    3.17   09/26 TO 09/27

DEGREE_DAYS
HEATING TOTAL       0                 0       0        0
 SINCE 7/1          0                 0       0        0
COOLING TOTAL     453               492     -39      507
 SINCE 1/1       2999              2789     210     3007
.................................................................

WIND (MPH)
AVERAGE WIND SPEED              6.9
HIGHEST WIND SPEED/DIRECTION    29/120    DATE  09/02
HIGHEST GUST SPEED/DIRECTION    34/120    DATE  09/02

SKY COVER (DOES NOT INCLUDE ANY CLOUDS ABOVE 12000 FEET)
POSSIBLE SUNSHINE (PERCENT)   MM
AVERAGE SKY COVER           0.30
NUMBER OF DAYS FAIR           21
NUMBER OF DAYS PC              9
NUMBER OF DAYS CLOUDY          0

AVERAGE RH (PERCENT)     78

WEATHER CONDITIONS. NUMBER OF DAYS WITH
THUNDERSTORM             23     MIXED PRECIP               0
HEAVY RAIN               14     RAIN                      16
LIGHT RAIN               23     FREEZING RAIN              0
LT FREEZING RAIN          0     HAIL                       0
HEAVY SNOW                0     SNOW                       0
LIGHT SNOW                0     SLEET                      0
FOG                      14     FOG W/VIS <= 1/4 MILE      0
HAZE                      1

-  INDICATES NEGATIVE NUMBERS.
R  INDICATES RECORD WAS SET OR TIED.
MM INDICATES DATA IS MISSING.
T  INDICATES TRACE AMOUNT.

$$





U.S. Dept. of Commerce
NOAA National Weather Service
1325 East West Highway
Silver Spring, MD 20910
E-mail: w-nws.webmaster@noaa.gov
Page last modified: May 16, 2007
NATIONAL WEATHER SERVICE: for Safety, for Work, for Fun - FOR LIFE