367
CXUS54 KOUN 011242
CLMSPS

CLIMATE REPORT
NATIONAL WEATHER SERVICE NORMAN OK
632 AM CST MON DEC 1 2014

...................................

...THE WICHITA FALLS CLIMATE SUMMARY FOR THE MONTH OF NOVEMBER 2014...

CLIMATE NORMAL PERIOD 1981 TO 2010
CLIMATE RECORD PERIOD 1897 TO 2014

WEATHER         OBSERVED          NORMAL  DEPART  LAST YEAR`S
                 VALUE   DATE(S)  VALUE   FROM    VALUE  DATE(S)
                                          NORMAL
................................................................
TEMPERATURE (F)
RECORD
 HIGH              89   11/09/1988
                        11/25/1965
 LOW               14   11/24/1950
HIGHEST            83                83       0       84  11/16
LOWEST             20                25      -5       22  11/27
                                                          11/13
AVG. MAXIMUM     61.6              65.1    -3.5     61.3
AVG. MINIMUM     36.6              40.3    -3.7     38.3
MEAN             49.1              52.7    -3.6     49.8
DAYS MAX >= 90      0               0.0     0.0        0
DAYS MAX <= 32      0               0.1    -0.1        0
DAYS MIN <= 32     12               5.8     6.2       11
DAYS MIN <= 0       0               0.0     0.0        0

PRECIPITATION (INCHES)
RECORD
 MAXIMUM         7.39   1902
 MINIMUM         0.00   2005
                        1949
                        1912
                        1904
                        1903
TOTALS           4.24              1.65    2.59     0.64
DAILY AVG.       0.14              0.05    0.09     0.02
DAYS >= .01         4               5.3    -1.3        7
DAYS >= .10         2               3.0    -1.0        2
DAYS >= .50         2               1.2     0.8        0
DAYS >= 1.00        2               0.5     1.5        0
GREATEST
 24 HR. TOTAL    2.80   11/22 TO 11/22

SNOWFALL (INCHES)
TOTALS            0.3               0.3     0.0
SINCE 7/1         0.3               0.3     0.0

DEGREE_DAYS
HEATING TOTAL     466               381      85
 SINCE 7/1        512               507       5
.................................................................

WIND (MPH)
AVERAGE WIND SPEED              12.8
HIGHEST WIND SPEED/DIRECTION    40/350    DATE  11/10
HIGHEST GUST SPEED/DIRECTION    47/350    DATE  11/10


WEATHER CONDITIONS. NUMBER OF DAYS WITH
THUNDERSTORM              0     MIXED PRECIP               0
HEAVY RAIN                2     RAIN                       2
LIGHT RAIN                5     FREEZING RAIN              0
LT FREEZING RAIN          1     HAIL                       0
HEAVY SNOW                0     SNOW                       0
LIGHT SNOW                1     SLEET                      0
FOG                       6     FOG W/VIS <= 1/4 MILE      2
HAZE                      3

-  INDICATES NEGATIVE NUMBERS.
R  INDICATES RECORD WAS SET OR TIED.
MM INDICATES DATA IS MISSING.
T  INDICATES TRACE AMOUNT.
...................................................................
RECORDS/REMARKS
RECORD COLDEST MAXIMUM TEMPERATURE OF 35 DEGREES SET ON THE 12TH.
RECORD RAINFALL OF 2.80 INCHES SET ON THE 22ND.
8TH WETTEST NOVEMBER ON RECORD.
THE JANUARY THROUGH NOVEMBER 2014 TOTAL PRECIPITATION IS 22.82 INCHES.

$$




U.S. Dept. of Commerce
NOAA National Weather Service
1325 East West Highway
Silver Spring, MD 20910
E-mail: w-nws.webmaster@noaa.gov
Page last modified: May 16, 2007
NATIONAL WEATHER SERVICE: for Safety, for Work, for Fun - FOR LIFE