406
CXUS54 KOUN 011428
CLMSPS

CLIMATE REPORT
NATIONAL WEATHER SERVICE NORMAN OK
753 AM CST SUN FEB 1 2015

...................................

...THE WICHITA FALLS CLIMATE SUMMARY FOR THE MONTH OF JANUARY 2015...

CLIMATE NORMAL PERIOD 1981 TO 2010
CLIMATE RECORD PERIOD 1897 TO 2015

WEATHER         OBSERVED          NORMAL  DEPART  LAST YEAR`S
                 VALUE   DATE(S)  VALUE   FROM    VALUE  DATE(S)
                                          NORMAL
................................................................
TEMPERATURE (F)
RECORD
 HIGH              87   01/08/1969
                        01/23/1943
 LOW              -12   01/04/1947
HIGHEST            80   01/28        76       4       80  01/12
LOWEST             14   01/08        13       1        8  01/24
AVG. MAXIMUM     52.2              54.2    -2.0     55.9
AVG. MINIMUM     31.3              29.8     1.5     26.9
MEAN             41.7              42.0    -0.3     41.4
DAYS MAX >= 90      0               0.0     0.0        0
DAYS MAX <= 32      2               1.4     0.6        1
DAYS MIN <= 32     16              18.9    -2.9       22
DAYS MIN <= 0       0               0.0     0.0        0

PRECIPITATION (INCHES)
RECORD
 MAXIMUM         4.48   1968
 MINIMUM         0.00   1914
                        1986
TOTALS           2.17              1.14    1.03        T
DAILY AVG.       0.07              0.04    0.03        T
DAYS >= .01         6               4.8     1.2        0
DAYS >= .10         4               2.3     1.7        0
DAYS >= .50         2               0.8     1.2        0
DAYS >= 1.00        0               0.2    -0.2        0
GREATEST
 24 HR. TOTAL    0.74   01/02 TO 01/03

SNOWFALL (INCHES)
TOTALS              T               1.4    -1.4
SINCE 7/1         2.3               2.7    -0.4

DEGREE_DAYS
HEATING TOTAL     714               713       1
 SINCE 7/1       1816              1910     -94
.................................................................

WIND (MPH)
AVERAGE WIND SPEED              10.5
HIGHEST WIND SPEED/DIRECTION    38/020    DATE  01/07
HIGHEST GUST SPEED/DIRECTION    45/020    DATE  01/07


WEATHER CONDITIONS. NUMBER OF DAYS WITH
THUNDERSTORM              0     MIXED PRECIP               0
HEAVY RAIN                1     RAIN                       4
LIGHT RAIN                5     FREEZING RAIN              0
LT FREEZING RAIN          2     HAIL                       0
HEAVY SNOW                0     SNOW                       1
LIGHT SNOW                1     SLEET                      0
FOG                       9     FOG W/VIS <= 1/4 MILE      0
HAZE                      2

-  INDICATES NEGATIVE NUMBERS.
R  INDICATES RECORD WAS SET OR TIED.
MM INDICATES DATA IS MISSING.
T  INDICATES TRACE AMOUNT.

&&
........................................................................
RECORDS AND REMARKS

RECORD DAILY RAINFALL OF 0.72 INCHES ON THE 22ND.

TOTAL PRECIPITATION FOR 2015 IS 2.17 INCHES.

$$




U.S. Dept. of Commerce
NOAA National Weather Service
1325 East West Highway
Silver Spring, MD 20910
E-mail: w-nws.webmaster@noaa.gov
Page last modified: May 16, 2007
NATIONAL WEATHER SERVICE: for Safety, for Work, for Fun - FOR LIFE