116
CXUS54 KOUN 011401
CLMSPS

OUNCLMSPS 000
TTAA00 KOUN 011224


CLIMATE REPORT
NATIONAL WEATHER SERVICE NORMAN OK
724 AM CDT TUE APR 1 2014

...................................

...THE WICHITA FALLS CLIMATE SUMMARY FOR THE MONTH OF MARCH 2014...

CLIMATE NORMAL PERIOD 1981 TO 2010
CLIMATE RECORD PERIOD 1897 TO 2014

WEATHER         OBSERVED          NORMAL  DEPART  LAST YEAR`S
                 VALUE   DATE(S)  VALUE   FROM    VALUE  DATE(S)
                                          NORMAL
................................................................
TEMPERATURE (F)
RECORD
 HIGH             100   03/27/1971
 LOW                6   03/11/1948
HIGHEST            89   03/31        88       1       88  03/16
LOWEST              9R  03/03        23     -14       22  03/26
AVG. MAXIMUM     65.1              67.0    -1.9     67.6
AVG. MINIMUM     36.6              41.2    -4.6     39.6
MEAN             50.8              54.1    -3.3     53.6
DAYS MAX >= 90      0               0.7    -0.7        0
DAYS MAX <= 32      2               0.1     1.9        0
DAYS MIN <= 32      9               4.9     4.1        7
DAYS MIN <= 0       0               0.0     0.0        0

PRECIPITATION (INCHES)
RECORD
 MAXIMUM         6.29   1999
 MINIMUM         0.00   1904
TOTALS           2.18              2.20   -0.02     0.53
DAILY AVG.       0.07              0.07    0.00     0.02
DAYS >= .01         4               6.7    -2.7        3
DAYS >= .10         2               3.7    -1.7        2
DAYS >= .50         1               1.5    -0.5        0
DAYS >= 1.00        1               0.5     0.5        0
GREATEST
 24 HR. TOTAL    1.84   03/15 TO 03/15

SNOWFALL (INCHES)
TOTALS              T               0.5    -0.5
SINCE 7/1         5.0               3.9     1.1

DEGREE_DAYS
HEATING TOTAL     448               357      91
 SINCE 7/1       3218              2803     415
COOLING TOTAL      16                19      -3
 SINCE 1/1         16                22      -6
.................................................................

WIND (MPH)
AVERAGE WIND SPEED              13.1
HIGHEST WIND SPEED/DIRECTION    39/340    DATE  03/18
HIGHEST GUST SPEED/DIRECTION    51/350    DATE  03/11


WEATHER CONDITIONS. NUMBER OF DAYS WITH
THUNDERSTORM              0     MIXED PRECIP               0
HEAVY RAIN                1     RAIN                       2
LIGHT RAIN                5     FREEZING RAIN              0
LT FREEZING RAIN          1     HAIL                       0
HEAVY SNOW                0     SNOW                       0
LIGHT SNOW                1     SLEET                      0
FOG                       6     FOG W/VIS <= 1/4 MILE      0
HAZE                      7

-  INDICATES NEGATIVE NUMBERS.
R  INDICATES RECORD WAS SET OR TIED.
MM INDICATES DATA IS MISSING.
T  INDICATES TRACE AMOUNT.

&&
................................................................
RECORDS/REMARKS
RECORD COOLEST MAXIMUM TEMPERATURE OF 27 DEGREES TIED ON THE 3RD.
RECORD COOLEST MAXIMUM TEMPERATURE OF 26 DEGREES SET ON THE 3RD.
RECORD COOLEST MINIMUM TEMPERATURE OF 9 DEGREES TIED ON THE 3RD.
RECORD DAILY RAINFALL OF 1.84 INCHES SET ON THE 15TH.

THE JANUARY THROUGH MARCH 2014 TOTAL PRECIPITATION IS 2.53 INCHES.

$$




U.S. Dept. of Commerce
NOAA National Weather Service
1325 East West Highway
Silver Spring, MD 20910
E-mail: w-nws.webmaster@noaa.gov
Page last modified: May 16, 2007
NATIONAL WEATHER SERVICE: for Safety, for Work, for Fun - FOR LIFE