985
CXUS56 KPQR 011650
CLMSPB


CLIMATE REPORT
NATIONAL WEATHER SERVICE PORTLAND OREGON
950 AM PDT FRI AUG 1 2014

...................................

...THE SCAPPOOSE OR CLIMATE SUMMARY FOR THE MONTH OF JULY 2014...

CLIMATE NORMAL PERIOD 1981 TO 2010
CLIMATE RECORD PERIOD 9999 TO 9999

WEATHER         OBSERVED          NORMAL  DEPART  LAST YEAR`S
                 VALUE   DATE(S)  VALUE   FROM    VALUE  DATE(S)
                                          NORMAL
................................................................
TEMPERATURE (F)
HIGHEST            97                                 91  07/16
LOWEST             47                                 47  07/12
                                                          07/11
AVG. MAXIMUM     84.2              79.7     4.5     81.8
AVG. MINIMUM     56.5              53.2     3.3     54.9
MEAN             70.4              66.4     4.0     68.4
DAYS MAX >= 90      8               3.7     4.3        1
DAYS MAX <= 32      0               0.0     0.0        0
DAYS MIN <= 32      0               0.0     0.0        0
DAYS MIN <= 0       0               0.0     0.0        0

PRECIPITATION (INCHES)
RECORD
 MAXIMUM           MM   MM
 MINIMUM           MM   MM
TOTALS           0.51              0.66   -0.15        T
DAYS >= .01         3                MM      MM        0
DAYS >= .10         1                MM      MM        0
DAYS >= .50         0                MM      MM        0
DAYS >= 1.00        0                MM      MM        0
GREATEST
 24 HR. TOTAL    0.46   07/23 TO 07/23

DEGREE_DAYS
HEATING TOTAL       7                46     -39       18
 SINCE 7/1          7                46     -39       18
COOLING TOTAL     180                91      89      132
 SINCE 1/1        200               120      80      186
.................................................................

WIND (MPH)
AVERAGE WIND SPEED              6.5
RESULTANT WIND SPEED/DIRECTION   5/358
HIGHEST WIND SPEED/DIRECTION    21/340    DATE  07/08
HIGHEST GUST SPEED/DIRECTION    27/340    DATE  07/08

SKY COVER
POSSIBLE SUNSHINE (PERCENT)   MM
AVERAGE SKY COVER           0.20

AVERAGE RH (PERCENT)     61

WEATHER CONDITIONS. NUMBER OF DAYS WITH
THUNDERSTORM              0     MIXED PRECIP               0
HEAVY RAIN                1     RAIN                       1
LIGHT RAIN                4     FREEZING RAIN              0
LT FREEZING RAIN          0     HAIL                       0
HEAVY SNOW                0     SNOW                       0
LIGHT SNOW                0     SLEET                      0
FOG                       5     FOG W/VIS <= 1/4 MILE      0
HAZE                      0

-  INDICATES NEGATIVE NUMBERS.
R  INDICATES RECORD WAS SET OR TIED.
MM INDICATES DATA IS MISSING.
T  INDICATES TRACE AMOUNT.

$$




U.S. Dept. of Commerce
NOAA National Weather Service
1325 East West Highway
Silver Spring, MD 20910
E-mail: w-nws.webmaster@noaa.gov
Page last modified: May 16, 2007
NATIONAL WEATHER SERVICE: for Safety, for Work, for Fun - FOR LIFE