807
CXUS55 KCYS 081700
CLMSNY


CLIMATE REPORT
NATIONAL WEATHER SERVICE CHEYENNE WY
1100 AM MDT TUE APR 8 2014

...................................

...THE SIDNEY NE AIRPORT CLIMATE SUMMARY FOR THE MONTH OF MARCH 2014...

CLIMATE NORMAL PERIOD 1981 TO 2010
CLIMATE RECORD PERIOD 1948 TO 2014

WEATHER         OBSERVED          NORMAL  DEPART  LAST YEAR`S
                 VALUE   DATE(S)  VALUE   FROM    VALUE
                                          NORMAL
.............................................................
TEMPERATURE (F)
RECORD
 HIGH              83   03/26/2012
                        03/28/1963
 LOW              -25   03/03/1960
HIGHEST            75   03/30        MM      MM       75
LOWEST             -5   03/02        MM      MM        0
AVG. MAXIMUM     52.7              53.1    -0.4     52.2
AVG. MINIMUM     24.5              25.1    -0.6     20.7
MEAN             38.6              39.1    -0.5     36.5
DAYS MAX >= 90      0               0.0                0
DAYS MAX <= 32      3               2.0                2
DAYS MIN <= 32     28              25.3               28
DAYS MIN <= 0       2               0.3                1

PRECIPITATION (INCHES)
RECORD
 MAXIMUM         2.45   1992
 MINIMUM         0.07   1976
TOTALS           0.56              1.10   -0.54     0.37
DAYS >= .01         7               6.7     0.3        3
DAYS >= .10         2               2.7    -0.7        3
DAYS >= .50         0               0.6    -0.6        0
DAYS >= 1.00        0               0.2    -0.2        0
GREATEST
 24 HR. TOTAL    0.18   03/18 TO 03/18

DEGREE_DAYS
HEATING TOTAL     813               803      10      877
 SINCE 7/1       5802              5385     417     5607
COOLING TOTAL       0                 0       0        0
 SINCE 1/1          0                 0       0        0
..............................................................

WIND (MPH)
AVERAGE WIND SPEED              14.3
HIGHEST WIND SPEED/DIRECTION    51/330    DATE  03/31
HIGHEST GUST SPEED/DIRECTION    61/330    DATE  03/31

SKY COVER
POSSIBLE SUNSHINE (PERCENT)   MM
AVERAGE SKY COVER           0.30
NUMBER OF DAYS FAIR           17
NUMBER OF DAYS PC             11
NUMBER OF DAYS CLOUDY          3

AVERAGE RH (PERCENT)     58

WEATHER CONDITIONS. NUMBER OF DAYS WITH
THUNDERSTORM              0     MIXED PRECIP               0
HEAVY RAIN                0     RAIN                       0
LIGHT RAIN                7     FREEZING RAIN              0
LT FREEZING RAIN          0     HAIL                       0
HEAVY SNOW                1     SNOW                       4
LIGHT SNOW                9     SLEET                      0
FOG                      13     FOG W/VIS <= 1/4 MILE      5
HAZE                      7

-  INDICATES NEGATIVE NUMBERS.
R  INDICATES RECORD WAS SET OR TIED.
MM INDICATES DATA IS MISSING.
T  INDICATES TRACE AMOUNT.

$$




U.S. Dept. of Commerce
NOAA National Weather Service
1325 East West Highway
Silver Spring, MD 20910
E-mail: w-nws.webmaster@noaa.gov
Page last modified: May 16, 2007
NATIONAL WEATHER SERVICE: for Safety, for Work, for Fun - FOR LIFE