688
CXUS56 KSGX 011518
CLMSNA


CLIMATE REPORT
NATIONAL WEATHER SERVICE SAN DIEGO, CA
818 AM PDT SAT NOV 1 2014

...................................

...THE JOHN WAYNE AIRPORT CA CLIMATE SUMMARY FOR THE MONTH OF OCTOBER 2014...

CLIMATE NORMAL PERIOD 1981 TO 2010
CLIMATE RECORD PERIOD 1999 TO 2014

WEATHER         OBSERVED          NORMAL  DEPART  LAST YEAR`S
                 VALUE   DATE(S)  VALUE   FROM    VALUE  DATE(S)
                                          NORMAL
................................................................
TEMPERATURE (F)
RECORD
 HIGH             102   10/03/2014
 LOW               46   10/29/2009
HIGHEST           102R  10/03        75      27       94  10/06
                                                          10/05
LOWEST             60   10/27        58       2       51  10/31
AVG. MAXIMUM     82.8              75.2     7.6     76.1
AVG. MINIMUM     65.1              58.7     6.4     58.4
MEAN             73.9              67.0     6.9     67.2
DAYS MAX >= 90      6               1.2     4.8        3
DAYS MAX <= 32      0               0.0     0.0        0
DAYS MAX >= 100     1                                  0
DAYS MIN <= 32      0               0.0     0.0        0

PRECIPITATION (INCHES)
RECORD
 MAXIMUM         6.21   2004
 MINIMUM         0.02   2008
TOTALS              TR             0.75   -0.75     0.20
DAILY AVG.          T              0.02   -0.02     0.01
DAYS >= .01         0                MM      MM        1
DAYS >= .10         0                MM      MM        1
DAYS >= .50         0                MM      MM        0
DAYS >= 1.00        0                MM      MM        0
DAYS >= 1.50        0                                  0
DAYS >= 2.00        0                                  0
GREATEST
 24 HR. TOTAL       T   10/31 TO 10/31           10/09 TO 10/09
                                                          10/31 TO 10/31
                                                          10/31 TO 10/31
 STORM TOTAL       MM                                 MM
 (MM/DD(HH))            MM                    10/09(00) TO 10/09(00)
                                                 10/31(00) TO 10/31(00)1
                                                 10/31(00) TO 10/31(00)1

SNOWFALL (INCHES)
TOTALS            0.0

DEGREE_DAYS
HEATING TOTAL       0                26     -26       18
 SINCE 7/1          0                27     -27       18
COOLING TOTAL     283                86     197       96
 SINCE 1/1       1943               854    1089     1131

FREEZE DATES
RECORD
 EARLIEST     MM
 LATEST       MM
EARLIEST                        MM
LATEST                          MM
..................................................

WIND (MPH)
AVERAGE WIND SPEED              3.2
RESULTANT WIND SPEED/DIRECTION   2/209
HIGHEST WIND SPEED/DIRECTION    16/200    DATE  10/07
HIGHEST GUST SPEED/DIRECTION    21/190    DATE  10/31

SKY COVER
POSSIBLE SUNSHINE (PERCENT)   MM
AVERAGE SKY COVER           0.30
NUMBER OF DAYS FAIR           16
NUMBER OF DAYS PC             14
NUMBER OF DAYS CLOUDY          1

AVERAGE RH (PERCENT)     59

WEATHER CONDITIONS. NUMBER OF DAYS WITH
THUNDERSTORM              0     MIXED PRECIP               0
HEAVY RAIN                0     RAIN                       0
LIGHT RAIN                1     FREEZING RAIN              0
LT FREEZING RAIN          0     HAIL                       0
HEAVY SNOW                0     SNOW                       0
LIGHT SNOW                0     SLEET                      0
FOG                       4     FOG W/VIS <= 1/4 MILE      2
HAZE                     11

-  INDICATES NEGATIVE NUMBERS.
R  INDICATES RECORD WAS SET OR TIED.
MM INDICATES DATA IS MISSING.
T  INDICATES TRACE AMOUNT.

$$




U.S. Dept. of Commerce
NOAA National Weather Service
1325 East West Highway
Silver Spring, MD 20910
E-mail: w-nws.webmaster@noaa.gov
Page last modified: May 16, 2007
NATIONAL WEATHER SERVICE: for Safety, for Work, for Fun - FOR LIFE