299
CXUS46 KLOX 020138
CLMSMX


CLIMATE REPORT
NATIONAL WEATHER SERVICE LOS ANGELES/OXNARD CA
537 PM PST THU JAN 1 2015

...................................

...THE SANTA MARIA AIRPORT CA CLIMATE SUMMARY FOR THE YEAR OF 2014...

CLIMATE NORMAL PERIOD 1981 TO 2010
CLIMATE RECORD PERIOD 1906 TO 2014

WEATHER         OBSERVED          NORMAL  DEPART  LAST YEAR`S
                 VALUE   DATE(S)  VALUE   FROM    VALUE
                                          NORMAL
.............................................................
TEMPERATURE (F)
HIGHEST           105   05/15        MM      MM
LOWEST             32   12/31        MM      MM
AVG. MAXIMUM     74.4              68.6     5.8
AVG. MINIMUM     51.6              46.5     5.1
MEAN             63.0              57.6     5.4
DAYS MAX >= 90     15
DAYS MAX <= 32      0
DAYS MIN <= 32      1
DAYS MIN <= 0       0

PRECIPITATION (INCHES)
RECORD
 MAXIMUM         2.99   2013
 MINIMUM         2.99   2013
TOTALS           9.57R            13.95   -4.38
DAILY AVG.          T
DAYS >= .01        33
DAYS >= .10        19
DAYS >= .50         5
DAYS >= 1.00        4
GREATEST
 24 HR. TOTAL    2.00   MM

DEGREE_DAYS
HEATING TOTAL    1188              2823   -1635     2266
 SINCE 7/1        330              1072    -742      744
COOLING TOTAL     568               104     464      211
 SINCE 1/1        568               104     464      211
..............................................................

WIND (MPH)
AVERAGE WIND SPEED              6.4
HIGHEST WIND SPEED/DIRECTION    36/140    DATE  12/12
HIGHEST GUST SPEED/DIRECTION    47/140    DATE  12/12

SKY COVER
POSSIBLE SUNSHINE (PERCENT)   MM
AVERAGE SKY COVER           0.40
NUMBER OF DAYS FAIR          165
NUMBER OF DAYS PC            163
NUMBER OF DAYS CLOUDY         37

AVERAGE RH (PERCENT)     64

WEATHER CONDITIONS. NUMBER OF DAYS WITH
THUNDERSTORM              0     MIXED PRECIP               0
HEAVY RAIN               11     RAIN                      13
LIGHT RAIN               43     FREEZING RAIN              0
LT FREEZING RAIN          0     HAIL                       0
HEAVY SNOW                0     SNOW                       0
LIGHT SNOW                0     SLEET                      0
FOG                     234     FOG W/VIS <= 1/4 MILE     71
HAZE                    248

-  INDICATES NEGATIVE NUMBERS.
R  INDICATES RECORD WAS SET OR TIED.
MM INDICATES DATA IS MISSING.
T  INDICATES TRACE AMOUNT.

$$




U.S. Dept. of Commerce
NOAA National Weather Service
1325 East West Highway
Silver Spring, MD 20910
E-mail: w-nws.webmaster@noaa.gov
Page last modified: May 16, 2007
NATIONAL WEATHER SERVICE: for Safety, for Work, for Fun - FOR LIFE