141
CXUS56 KPQR 011534
CLMSLE


CLIMATE REPORT
NATIONAL WEATHER SERVICE PORTLAND OREGON
834 AM PDT WED OCT 1 2014

...................................

...THE SALEM OR CLIMATE SUMMARY FOR THE MONTH OF SEPTEMBER 2014...

CLIMATE NORMAL PERIOD 1981 TO 2010
CLIMATE RECORD PERIOD 1892 TO 2014

WEATHER         OBSERVED          NORMAL  DEPART  LAST YEAR`S
                 VALUE   DATE(S)  VALUE   FROM    VALUE  DATE(S)
                                          NORMAL
................................................................
TEMPERATURE (F)
HIGHEST            97                                 96  09/11
LOWEST             47                                 45  09/26
                                                          09/19
AVG. MAXIMUM     80.2              76.8     3.4     76.0
AVG. MINIMUM     52.4              48.4     4.0     55.3
MEAN             66.3              62.6     3.7     65.7
DAYS MAX >= 90      3               2.0     1.0        2
DAYS MAX <= 32      0               0.0     0.0        0
DAYS MIN <= 32      0               0.1    -0.1        0
DAYS MIN <= 0       0               0.0     0.0        0

PRECIPITATION (INCHES)
RECORD
 MAXIMUM         7.05   2013
 MINIMUM         0.00   1975
TOTALS           1.20              1.28   -0.08     7.05
DAYS >= .01         6               6.1    -0.1       13
DAYS >= .10         2               3.3    -1.3       10
DAYS >= .50         1               0.7     0.3        4
DAYS >= 1.00        0               0.2    -0.2        3
GREATEST
 24 HR. TOTAL    1.04   09/23 TO 09/24

DEGREE_DAYS
HEATING TOTAL      28               109     -81       52
 SINCE 7/1         32               165    -133       57
COOLING TOTAL      73                37      36       75
 SINCE 1/1        591               289     302      502
.................................................................

WIND (MPH)
AVERAGE WIND SPEED              5.3
RESULTANT WIND SPEED/DIRECTION   1/347
HIGHEST WIND SPEED/DIRECTION    24/010    DATE  09/04
HIGHEST GUST SPEED/DIRECTION    29/280    DATE  09/02

SKY COVER
POSSIBLE SUNSHINE (PERCENT)   MM
AVERAGE SKY COVER           0.20
NUMBER OF DAYS FAIR            0
NUMBER OF DAYS PC              0
NUMBER OF DAYS CLOUDY          0

AVERAGE RH (PERCENT)     59

WEATHER CONDITIONS. NUMBER OF DAYS WITH
THUNDERSTORM              0     MIXED PRECIP               0
HEAVY RAIN                1     RAIN                       3
LIGHT RAIN                8     FREEZING RAIN              0
LT FREEZING RAIN          0     HAIL                       0
HEAVY SNOW                0     SNOW                       0
LIGHT SNOW                0     SLEET                      0
FOG                       6     FOG W/VIS <= 1/4 MILE      0
HAZE                      3

-  INDICATES NEGATIVE NUMBERS.
R  INDICATES RECORD WAS SET OR TIED.
MM INDICATES DATA IS MISSING.
T  INDICATES TRACE AMOUNT.

$$




U.S. Dept. of Commerce
NOAA National Weather Service
1325 East West Highway
Silver Spring, MD 20910
E-mail: w-nws.webmaster@noaa.gov
Page last modified: May 16, 2007
NATIONAL WEATHER SERVICE: for Safety, for Work, for Fun - FOR LIFE