261
CXUS45 KSLC 021606 CCA
CLMSLC

CLIMATE REPORT
NATIONAL WEATHER SERVICE SALT LAKE CITY UT
905 AM MST TUE DEC 2 2014

...................................

...THE SALT LAKE CITY UT CLIMATE SUMMARY FOR THE MONTH OF NOVEMBER 2014...

CLIMATE NORMAL PERIOD 1981 TO 2010
CLIMATE RECORD PERIOD 1874 TO 2014

WEATHER         OBSERVED          NORMAL  DEPART  LAST YEAR`S
                 VALUE   DATE(S)  VALUE   FROM    VALUE  DATE(S)
                                          NORMAL
................................................................
TEMPERATURE (F)
RECORD
 HIGH              75   11/05/2009
                        11/06/1999
                        11/12/1967
 LOW              -14   11/16/1955

HIGHEST            72   11/01                         71  11/02
LOWEST             14   11/16                         23  11/23
AVG. MAXIMUM     51.2              49.4     1.8     54.5
AVG. MINIMUM     31.4              30.6     0.8     34.3
MEAN             41.3              40.0     1.3     44.4
DAYS MAX >= 90      0               0.0     0.0        0
DAYS MAX <= 32      1               1.2    -0.2        0
DAYS MIN <= 32     15              17.4    -2.4       11
DAYS MIN <= 0       0               0.0     0.0        0

PRECIPITATION (INCHES)
TOTALS           0.60              1.45   -0.85     0.62
DAYS >= .01         6               9.1    -3.1        8
DAYS >= .10         1               4.3    -3.3        3
DAYS >= .50         0               0.4    -0.4        0
DAYS >= 1.00        0               0.1    -0.1        0

SNOWFALL (INCHES)
TOTALS            0.8               7.6    -6.8      3.5
SINCE 7/1         0.8               9.0              3.5

DEGREE_DAYS
HEATING TOTAL     703               750     -47      609
 SINCE 7/1        970              1218    -248     1047
COOLING TOTAL       0                 0       0        0
 SINCE 1/1       1244              1160      84     1768
.................................................................

WIND (MPH)
AVERAGE WIND SPEED              8.0
HIGHEST WIND SPEED/DIRECTION    39/160    DATE  11/01
HIGHEST GUST SPEED/DIRECTION    47/150    DATE  11/01

WEATHER CONDITIONS. NUMBER OF DAYS WITH
THUNDERSTORM              0     RAIN                       3
HAIL                      2     SNOW                       3
FOG                       8     FOG W/VIS <= 1/4 MILE      0
HAZE                     15

-  INDICATES NEGATIVE NUMBERS.
R  INDICATES RECORD WAS SET OR TIED.
MM INDICATES DATA IS MISSING.
T  INDICATES TRACE AMOUNT.

$$




U.S. Dept. of Commerce
NOAA National Weather Service
1325 East West Highway
Silver Spring, MD 20910
E-mail: w-nws.webmaster@noaa.gov
Page last modified: May 16, 2007
NATIONAL WEATHER SERVICE: for Safety, for Work, for Fun - FOR LIFE