640
CXUS45 KSLC 080032
CLMSLC

CLIMATE REPORT
NATIONAL WEATHER SERVICE SALT LAKE CITY UT
530 PM MST FRI NOV 7 2014

...................................

...THE SALT LAKE CITY UT CLIMATE SUMMARY FOR THE MONTH OF OCTOBER 2014...

CLIMATE NORMAL PERIOD 1981 TO 2010
CLIMATE RECORD PERIOD 1874 TO 2014

WEATHER         OBSERVED          NORMAL  DEPART  LAST YEAR`S
                 VALUE   DATE(S)  VALUE   FROM    VALUE  DATE(S)
                                          NORMAL
................................................................
TEMPERATURE (F)
RECORD
 HIGH              89   10/01/2010
                        10/03/1963
 LOW               16   10/30/1971
HIGHEST            79   10/25                         77  10/01
                        10/24
                        10/20
LOWEST             33   10/28                         34  10/05
AVG. MAXIMUM     70.2              64.7     5.5     63.6
AVG. MINIMUM     44.4              41.3     3.1     41.2
MEAN             57.3              53.0     4.3     52.4
DAYS MAX >= 90      0               0.0     0.0        0
DAYS MAX <= 32      0               0.0     0.0        0
DAYS MIN <= 32      0               2.5    -2.5        0
DAYS MIN <= 0       0               0.0     0.0        0

PRECIPITATION (INCHES)
TOTALS           0.01              1.52   -1.51     0.74
DAYS >= .01         1               7.1    -6.1        8
DAYS >= .10         0               4.5    -4.5        3
DAYS >= .50         0               0.8    -0.8        0
DAYS >= 1.00        0               0.1    -0.1        0

SNOWFALL (INCHES)
TOTALS            0.0               1.4    -1.4        T
SINCE 7/1         0.0               1.4                T

DEGREE_DAYS
HEATING TOTAL     234               379    -145      383
 SINCE 7/1        267               468    -201      438
COOLING TOTAL       2                 7      -5        0
 SINCE 1/1       1244              1160      84     1768
.................................................................

WIND (MPH)
AVERAGE WIND SPEED              7.3
HIGHEST WIND SPEED/DIRECTION    33/160    DATE  10/15
HIGHEST GUST SPEED/DIRECTION    45/320    DATE  10/12


WEATHER CONDITIONS. NUMBER OF DAYS WITH
THUNDERSTORM              0     RAIN                       1
HAIL                      1     SNOW                       0
FOG                       0     FOG W/VIS <= 1/4 MILE      0
HAZE                     14

-  INDICATES NEGATIVE NUMBERS.
R  INDICATES RECORD WAS SET OR TIED.
MM INDICATES DATA IS MISSING.
T  INDICATES TRACE AMOUNT.

$$




U.S. Dept. of Commerce
NOAA National Weather Service
1325 East West Highway
Silver Spring, MD 20910
E-mail: w-nws.webmaster@noaa.gov
Page last modified: May 16, 2007
NATIONAL WEATHER SERVICE: for Safety, for Work, for Fun - FOR LIFE