681
CXUS45 KSLC 042116
CLMSLC

SLCCLMSLC 000
TTAA00 KSLC 042111

CLIMATE REPORT
NATIONAL WEATHER SERVICE SALT LAKE CITY UT
310 PM MDT MON AUG 4 2014

...................................

...THE SALT LAKE CITY UT CLIMATE SUMMARY FOR THE MONTH OF JULY 2014...

CLIMATE NORMAL PERIOD 1981 TO 2010
CLIMATE RECORD PERIOD 1874 TO 2014

WEATHER         OBSERVED          NORMAL  DEPART  LAST YEAR`S
                 VALUE   DATE(S)  VALUE   FROM    VALUE  DATE(S)
                                          NORMAL
................................................................
TEMPERATURE (F)
RECORD
 HIGH             107   13/2002
                        26/1960
 LOW               40   01/1968

HIGHEST           103   07/23                        104  07/10
                        07/14                             07/01
LOWEST             58   07/01                         66  07/14

AVG. MAXIMUM     94.3              92.6     1.7     97.1
AVG. MINIMUM     68.3              64.7     3.6     71.2
MEAN             81.3              78.7     2.6     84.1
DAYS MAX >= 90     26              22.0     4.0       27
DAYS MAX <= 32      0               0.0     0.0        0
DAYS MIN <= 32      0               0.0     0.0        0
DAYS MIN <= 0       0               0.0     0.0        0

PRECIPITATION (INCHES)
TOTALS           0.50              0.61   -0.11     1.16
DAYS >= .01         6               4.4     1.6        7
DAYS >= .10         3               1.7     1.3        5
DAYS >= .50         0               0.3    -0.3        1
DAYS >= 1.00        0               0.0     0.0        0

SNOWFALL (INCHES)
TOTALS            0.0               0.0     0.0      0.0
SINCE 7/1         0.0               0.0              0.0

DEGREE_DAYS
HEATING TOTAL       0                 2      -2        0
 SINCE 7/1          0                 2      -2        0
COOLING TOTAL     515               425      90      599
 SINCE 1/1        757               662      95      992
.................................................................

WIND (MPH)
AVERAGE WIND SPEED              8.1
HIGHEST WIND SPEED/DIRECTION    40/170    DATE  07/10
HIGHEST GUST SPEED/DIRECTION    48/170    DATE  07/10


WEATHER CONDITIONS. NUMBER OF DAYS WITH
THUNDERSTORM              5     RAIN                       6
HAIL                      0     SNOW                       0
FOG                       3     FOG W/VIS <= 1/4 MILE      0
HAZE                      8

-  INDICATES NEGATIVE NUMBERS.
R  INDICATES RECORD WAS SET OR TIED.
MM INDICATES DATA IS MISSING.
T  INDICATES TRACE AMOUNT.

$$




U.S. Dept. of Commerce
NOAA National Weather Service
1325 East West Highway
Silver Spring, MD 20910
E-mail: w-nws.webmaster@noaa.gov
Page last modified: May 16, 2007
NATIONAL WEATHER SERVICE: for Safety, for Work, for Fun - FOR LIFE