230
CXUS45 KSLC 012333
CLMSLC

SLCCLMSLC 000
TTAA00 KSLC 012331

CLIMATE REPORT
NATIONAL WEATHER SERVICE SALT LAKE CITY UT
530 PM MDT WED OCT 1 2014

...................................

...THE SALT LAKE CITY UT CLIMATE SUMMARY FOR THE MONTH OF SEPTEMBER 2014...

CLIMATE NORMAL PERIOD 1981 TO 2010
CLIMATE RECORD PERIOD 1874 TO 2014

WEATHER         OBSERVED          NORMAL  DEPART  LAST YEAR`S
                 VALUE   DATE(S)  VALUE   FROM    VALUE  DATE(S)
                                          NORMAL
................................................................
TEMPERATURE (F)
RECORD
 HIGH             100   08/1979
 LOW               27   18/1965
HIGHEST            94   09/17                         98  09/06
LOWEST             45   09/12                         42  09/28
AVG. MAXIMUM     81.7              79.2     2.5     80.8
AVG. MINIMUM     58.2              53.0     5.2     59.9
MEAN             69.9              66.1     3.8     70.4
DAYS MAX >= 90      5               3.3     1.7        7
DAYS MAX <= 32      0               0.0     0.0        0
DAYS MIN <= 32      0               0.0     0.0        0
DAYS MIN <= 0       0               0.0     0.0        0

PRECIPITATION (INCHES)
TOTALS           2.51              1.21    1.30     1.17
DAYS >= .01        10               5.8     4.2        9
DAYS >= .10         8               2.8     5.2        6
DAYS >= .50         1               0.7     0.3        0
DAYS >= 1.00        1               0.2     0.8        0

SNOWFALL (INCHES)
TOTALS            0.0               0.0     0.0      0.0
SINCE 7/1         0.0               0.0              0.0

DEGREE_DAYS
HEATING TOTAL      32                84     -52       55
 SINCE 7/1         33                89     -56       55
COOLING TOTAL     189               117      72      222
 SINCE 1/1       1242              1153      89     1768
.................................................................

WIND (MPH)
AVERAGE WIND SPEED              8.5
HIGHEST WIND SPEED/DIRECTION    33/200    DATE  09/26
HIGHEST GUST SPEED/DIRECTION    46/190    DATE  09/26


WEATHER CONDITIONS. NUMBER OF DAYS WITH
THUNDERSTORM              9     RAIN                      10
HAIL                      0     SNOW                       0
FOG                       9     FOG W/VIS <= 1/4 MILE      0
HAZE                     10

-  INDICATES NEGATIVE NUMBERS.
R  INDICATES RECORD WAS SET OR TIED.
MM INDICATES DATA IS MISSING.
T  INDICATES TRACE AMOUNT.

$$




U.S. Dept. of Commerce
NOAA National Weather Service
1325 East West Highway
Silver Spring, MD 20910
E-mail: w-nws.webmaster@noaa.gov
Page last modified: May 16, 2007
NATIONAL WEATHER SERVICE: for Safety, for Work, for Fun - FOR LIFE