264
CXUS45 KSLC 020046
CLMSLC

SLCCLMSLC 000
TTAA00 KSLC 020043

CLIMATE REPORT NATIONAL WEATHER SERVICE SALT LAKE CITY UT

642 PM MDT TUE JUL 1 2014

...................................

...THE SALT LAKE CITY UT CLIMATE SUMMARY FOR THE MONTH OF JUNE 2014...

CLIMATE NORMAL PERIOD 1981 TO 2010
CLIMATE RECORD PERIOD 1874 TO 2014

WEATHER         OBSERVED          NORMAL  DEPART  LAST YEAR`S
                 VALUE   DATE(S)  VALUE   FROM    VALUE  DATE(S)
                                          NORMAL
................................................................
TEMPERATURE (F)
RECORD
 HIGH             105   06/29/2013
                        06/28/2013

 LOW               35   06/07/1962
                        06/02/1954
                        06/05/1937

HIGHEST            95   06/24                        105  06/29
                                                          06/28

LOWEST             41   06/18                         48  06/01

AVG. MAXIMUM     82.6              83.0    -0.4     89.9
AVG. MINIMUM     56.4              56.4     0.0     60.8
MEAN             69.5              69.7    -0.2     75.3

DAYS MAX >= 90      6               8.0    -2.0       16
DAYS MAX <= 32      0               0.0     0.0        0
DAYS MIN <= 32      0               0.0     0.0        0
DAYS MIN <= 0       0               0.0     0.0        0

PRECIPITATION (INCHES)
TOTALS           1.20              0.98    0.22        T

DAYS >= .01         3               5.6    -2.6        0
DAYS >= .10         3               2.7     0.3        0
DAYS >= .50         1               0.4     0.6        0
DAYS >= 1.00        0               0.1    -0.1        0

SNOWFALL (INCHES)
TOTALS            0.0               0.0     0.0      0.0
SINCE 7/1        35.5              56.2             69.9

DEGREE_DAYS
HEATING TOTAL      39                46      -7        4
 SINCE 7/1       5057              5607    -550     5460
COOLING TOTAL     180               187      -7      323
 SINCE 1/1        242               237       5      393
.................................................................

WIND (MPH)
AVERAGE WIND SPEED              7.9
HIGHEST WIND SPEED/DIRECTION    36/250    DATE  06/12
HIGHEST GUST SPEED/DIRECTION    45/250    DATE  06/12

WEATHER CONDITIONS. NUMBER OF DAYS WITH
THUNDERSTORM              3     RAIN                       3
HAIL                      0     SNOW                       0
FOG                       3     FOG W/VIS <= 1/4 MILE      0
HAZE                     16

-  INDICATES NEGATIVE NUMBERS.
R  INDICATES RECORD WAS SET OR TIED.
MM INDICATES DATA IS MISSING.
T  INDICATES TRACE AMOUNT.

$$




U.S. Dept. of Commerce
NOAA National Weather Service
1325 East West Highway
Silver Spring, MD 20910
E-mail: w-nws.webmaster@noaa.gov
Page last modified: May 16, 2007
NATIONAL WEATHER SERVICE: for Safety, for Work, for Fun - FOR LIFE