224
CXUS45 KSLC 032141 CCA
CLMSLC

SLCCLMSLC 000
TTAA00 KSLC 032029

CLIMATE REPORT
NATIONAL WEATHER SERVICE SALT LAKE CITY UT
230 PM MDT THU APR 3 2014

...................................

...THE SALT LAKE CITY UT CLIMATE SUMMARY FOR THE MONTH OF MARCH 2014...

CLIMATE NORMAL PERIOD 1981 TO 2010
CLIMATE RECORD PERIOD 1874 TO 2014

WEATHER         OBSERVED          NORMAL  DEPART  LAST YEAR`S
                 VALUE   DATE(S)  VALUE   FROM    VALUE  DATE(S)
                                          NORMAL
................................................................
TEMPERATURE (F)
RECORD
 HIGH              80   03/31/2012
 LOW                2   03/04/1966
HIGHEST            75   03/25                         74  03/14
LOWEST             30   03/19                         22  03/23
AVG. MAXIMUM     59.7              53.7     6.0     54.7
AVG. MINIMUM     38.4              33.6     4.8     34.5
MEAN             49.0              43.6     5.4     44.6
DAYS MAX >= 90      0               0.0     0.0        0
DAYS MAX <= 32      0               0.2    -0.2        0
DAYS MIN <= 32      2              11.8    -9.8       12
DAYS MIN <= 0       0               0.0     0.0        0

PRECIPITATION (INCHES)
TOTALS           1.11              1.79   -0.68     0.71
DAYS >= .01        10               9.9     0.1        6
DAYS >= .10         3               5.6    -2.6        3
DAYS >= .50         0               0.7    -0.7        0
DAYS >= 1.00        0               0.0     0.0        0

SNOWFALL (INCHES)
TOTALS            0.5               6.5    -6.0      2.7
SINCE 7/1        35.5              51.9             69.8

DEGREE_DAYS
HEATING TOTAL     487               662    -175      626
 SINCE 7/1       4474              4918    -444     4858
COOLING TOTAL       0                 0       0        0
 SINCE 1/1          0                 0       0        0
.................................................................

WIND (MPH)
AVERAGE WIND SPEED              9.2
HIGHEST WIND SPEED/DIRECTION    40/340    DATE  03/17
HIGHEST GUST SPEED/DIRECTION    53/340    DATE  03/17


WEATHER CONDITIONS. NUMBER OF DAYS WITH
THUNDERSTORM              3     RAIN                      10
HAIL                      0     SNOW                       1
FOG                       6     FOG W/VIS <= 1/4 MILE      0
HAZE                      4

-  INDICATES NEGATIVE NUMBERS.
R  INDICATES RECORD WAS SET OR TIED.
MM INDICATES DATA IS MISSING.
T  INDICATES TRACE AMOUNT.

$$




U.S. Dept. of Commerce
NOAA National Weather Service
1325 East West Highway
Silver Spring, MD 20910
E-mail: w-nws.webmaster@noaa.gov
Page last modified: May 16, 2007
NATIONAL WEATHER SERVICE: for Safety, for Work, for Fun - FOR LIFE