902
CXUS54 KSJT 011818
CLMSJT


CLIMATE REPORT
NATIONAL WEATHER SERVICE SAN ANGELO TX
1203 PM CST THU JAN 1 2015

...................................

...THE SAN ANGELO CLIMATE SUMMARY FOR THE MONTH OF DECEMBER 2014...

CLIMATE NORMAL PERIOD 1981 TO 2010
CLIMATE RECORD PERIOD 1907 TO 2014

WEATHER         OBSERVED          NORMAL  DEPART  LAST YEAR`S
                 VALUE   DATE(S)  VALUE   FROM    VALUE  DATE(S)
                                          NORMAL
................................................................
TEMPERATURE (F)
RECORD
 HIGH              91   12/04/1954
 LOW               -4   12/23/1989
HIGHEST            78   12/05                         84  12/04
LOWEST             20   12/31                         19  12/07
AVG. MAXIMUM     62.3              59.9     2.4     57.9
AVG. MINIMUM     42.1              33.6     8.5     31.6
MEAN             52.2              46.7     5.5     44.7
DAYS MAX >= 90      0               0.0     0.0        0
DAYS MAX <= 32      1               0.6     0.4        3
DAYS MIN <= 32      5              13.6    -8.6       22
DAYS MIN <= 0       0               0.1    -0.1        0

PRECIPITATION (INCHES)
RECORD
 MAXIMUM         5.96   1911
 MINIMUM            T   2003
                        1973
                        1968
TOTALS           0.36              0.85   -0.49     1.15
DAILY AVG.       0.01              0.03   -0.02     0.04
DAYS >= .01         4               4.5    -0.5        4
DAYS >= .10         1               1.9    -0.9        4
DAYS >= .50         0               0.4    -0.4        0
DAYS >= 1.00        0               0.1    -0.1        0
GREATEST
 24 HR. TOTAL    0.27   12/23 TO 12/23           12/05 TO 12/06
                        12/22 TO 12/23                    12/06 TO 12/06
                        12/23 TO 12/23                    12/06 TO 12/06

SNOWFALL (INCHES)
RECORDS
 TOTAL            3.7   1986
TOTALS              T               0.3    -0.3      1.5
SINCE 7/1           T               0.6    -0.6      1.5
SNOWDEPTH AVG.      0                MM      MM        0
DAYS >= 1.0         0               0.1    -0.1        1
GREATEST
 SNOW DEPTH         0   MM                             2  12/06

DEGREE_DAYS
HEATING TOTAL     391               567    -176      623
 SINCE 7/1        761               967    -206     1099
COOLING TOTAL       1                 1       0        3
 SINCE 1/1       2877              2503     374     2863
.......................................................

WIND (MPH)
AVERAGE WIND SPEED              9.2
HIGHEST WIND SPEED/DIRECTION    33/190    DATE  12/25
HIGHEST GUST SPEED/DIRECTION    43/200    DATE  12/25

SKY COVER
AVERAGE SKY COVER           0.50

AVERAGE RH (PERCENT)     67

WEATHER CONDITIONS. NUMBER OF DAYS WITH
THUNDERSTORM              0     MIXED PRECIP               0
HEAVY RAIN                1     RAIN                       0
LIGHT RAIN                7     FREEZING RAIN              0
LT FREEZING RAIN          2     HAIL                       0
HEAVY SNOW                0     SNOW                       0
LIGHT SNOW                1     SLEET                      2
FOG                       7     FOG W/VIS <= 1/4 MILE      2
HAZE                      0

-  INDICATES NEGATIVE NUMBERS.
R  INDICATES RECORD WAS SET OR TIED.
MM INDICATES DATA IS MISSING.
T  INDICATES TRACE AMOUNT.

$$





U.S. Dept. of Commerce
NOAA National Weather Service
1325 East West Highway
Silver Spring, MD 20910
E-mail: w-nws.webmaster@noaa.gov
Page last modified: May 16, 2007
NATIONAL WEATHER SERVICE: for Safety, for Work, for Fun - FOR LIFE