608
CXUS54 KSJT 011442
CLMSJT


CLIMATE REPORT
NATIONAL WEATHER SERVICE SAN ANGELO TX
940 AM CDT TUE JUL 1 2014

...................................

...THE SAN ANGELO CLIMATE SUMMARY FOR THE MONTH OF JUNE 2014...

CLIMATE NORMAL PERIOD 1981 TO 2010
CLIMATE RECORD PERIOD 1907 TO 2014

WEATHER         OBSERVED          NORMAL  DEPART  LAST YEAR`S
                 VALUE   DATE(S)  VALUE   FROM    VALUE  DATE(S)
                                          NORMAL
................................................................
TEMPERATURE (F)
RECORD
 HIGH             110   06/28/1994
                        06/20/1969
                        06/16/1924
 LOW               40   06/23/1912
HIGHEST            98   06/11                        106  06/29
LOWEST             56   06/10                         62  06/08
AVG. MAXIMUM     90.8              92.1    -1.3     95.7
AVG. MINIMUM     70.8              68.8     2.0     71.3
MEAN             80.8              80.4     0.4     83.5
DAYS MAX >= 90     22              19.4     2.6       27
DAYS MAX <= 32      0               0.0     0.0        0
DAYS MIN <= 32      0               0.0     0.0        0
DAYS MIN <= 0       0               0.0     0.0        0

PRECIPITATION (INCHES)
RECORD
 MAXIMUM         6.75   1940
 MINIMUM            T   1924
                        1933
TOTALS           2.29              2.59   -0.30     1.40
DAILY AVG.       0.08              0.09   -0.01     0.05
DAYS >= .01         7               6.2     0.8        6
DAYS >= .10         4               4.1    -0.1        5
DAYS >= .50         2               1.8     0.2        0
DAYS >= 1.00        1               0.8     0.2        0
GREATEST
 24 HR. TOTAL    1.01   06/08 TO 06/08           06/07 TO 06/07
                        06/07 TO 06/08                    06/06 TO 06/07
                        06/08 TO 06/08                    06/07 TO 06/07

SNOWFALL (INCHES)
RECORDS
 TOTAL            0.0   2013
                        2012
                        2011
TOTALS            0.0               0.0     0.0      0.0
SINCE 7/1         1.6               2.2    -0.6      2.8
SNOWDEPTH AVG.      0                MM      MM        0
DAYS >= 1.0         0               0.0     0.0        0
GREATEST
 SNOW DEPTH         0   MM                             0  MM

DEGREE_DAYS
HEATING TOTAL       0                 0       0        0
 SINCE 7/1       2497              2316     181     1919
COOLING TOTAL     484               464      20      561
 SINCE 1/1       1086               924     162     1157
........................................................

WIND (MPH)
AVERAGE WIND SPEED              10.8
HIGHEST WIND SPEED/DIRECTION    43/350    DATE  06/11
HIGHEST GUST SPEED/DIRECTION    53/360    DATE  06/11

SKY COVER
AVERAGE SKY COVER           0.20

AVERAGE RH (PERCENT)     64

WEATHER CONDITIONS. NUMBER OF DAYS WITH
THUNDERSTORM              5     MIXED PRECIP               0
HEAVY RAIN                2     RAIN                       4
LIGHT RAIN                9     FREEZING RAIN              0
LT FREEZING RAIN          0     HAIL                       0
HEAVY SNOW                0     SNOW                       0
LIGHT SNOW                0     SLEET                      0
FOG                       4     FOG W/VIS <= 1/4 MILE      0
HAZE                      0

-  INDICATES NEGATIVE NUMBERS.
R  INDICATES RECORD WAS SET OR TIED.
MM INDICATES DATA IS MISSING.
T  INDICATES TRACE AMOUNT.

$$





U.S. Dept. of Commerce
NOAA National Weather Service
1325 East West Highway
Silver Spring, MD 20910
E-mail: w-nws.webmaster@noaa.gov
Page last modified: May 16, 2007
NATIONAL WEATHER SERVICE: for Safety, for Work, for Fun - FOR LIFE