722
CXUS55 KBYZ 011033
CLMSHR


CLIMATE REPORT
NATIONAL WEATHER SERVICE BILLINGS MT
428 AM MDT FRI AUG 1 2014

...................................

...THE SHERIDAN WY CLIMATE SUMMARY FOR THE MONTH OF JULY 2014...

CLIMATE NORMAL PERIOD 1981 TO 2010
CLIMATE RECORD PERIOD 1907 TO 2014

WEATHER         OBSERVED          NORMAL  DEPART
                 VALUE   DATE(S)  VALUE   FROM
                                          NORMAL
................................................
TEMPERATURE (F)
HIGHEST           100   07/24
LOWEST             42   07/02
AVG. MAXIMUM     88.3              87.1     1.2
AVG. MINIMUM     52.0              53.0    -1.0
MEAN             70.1              70.0     0.1
DAYS MAX >= 90     15
DAYS MAX <= 32      0
DAYS MIN <= 32      0
DAYS MIN <= 0       0

PRECIPITATION (INCHES)
TOTALS           1.01              1.18   -0.17
DAYS >= .01         7
DAYS >= .10         3
DAYS >= .50         0
DAYS >= 1.00        0
GREATEST
 24 HR. TOTAL    0.48   07/21 TO 07/21

DEGREE_DAYS
HEATING TOTAL       9                26     -17
 SINCE 7/1          9                26     -17
COOLING TOTAL     175               182      -7
 SINCE 1/1        191               232     -41
.................................................

WIND (MPH)
AVERAGE WIND SPEED              5.7
HIGHEST WIND SPEED/DIRECTION    40/320    DATE  07/03
HIGHEST GUST SPEED/DIRECTION    47/310    DATE  07/03

AVERAGE RH (PERCENT)     54

WEATHER CONDITIONS. NUMBER OF DAYS WITH
THUNDERSTORM              9     MIXED PRECIP               0
HEAVY RAIN                2     RAIN                       3
LIGHT RAIN                5     FREEZING RAIN              0
LT FREEZING RAIN          0     HAIL                       0
HEAVY SNOW                0     SNOW                       0
LIGHT SNOW                0     SLEET                      0
FOG                       1     FOG W/VIS <= 1/4 MILE      0
HAZE                      0

-  INDICATES NEGATIVE NUMBERS.
R  INDICATES RECORD WAS SET OR TIED.
MM INDICATES DATA IS MISSING.
T  INDICATES TRACE AMOUNT.

&&

...JULY 2014 MONTH IN REVIEW FOR SHERIDAN...

BELOW IS A SUMMARY OF THE TEMPERATURE AND PRECIPITATION
STATISTICS FOR SHERIDAN FOR JULY 2014. ALL TEMPERATURES ARE IN
DEGREES FAHRENHEIT AND ALL PRECIPITATION AMOUNTS ARE IN INCHES. NORMALS
ARE 30 YEAR AVERAGES CALCULATED FROM 1981 TO 2010. MONTHLY RANKINGS
FOR PRECIPITATION...SNOWFALL...AND TEMPERATURES USE A PERIOD
OF RECORD THAT STARTED IN MAY 1934 AT OR NEAR THE SHERIDAN AIRPORT.

NUMBERS DENOTED WITH AN * IS MISSING DATA IN THE CALCULATION.

...SHERIDAN MONTHLY PRECIPITATION...

 MONTH   2014 VALUES  NORMALS    DEPARTURE  RANKING

JULY         1.01     1.18       -0.17      TIED FOR THE 45TH WETTEST OUT OF 108 YEARS
                                            (RECORD WETTEST WAS 6.37 IN 1923)
                                            (WETTEST SINCE 1.54 IN 2010)

...SHERIDAN JULY 2014 BROKEN OR TIED DAILY PRECIPITATION RECORDS...

0.48 ON JULY 21 (OLD RECORD 0.45 IN 1978)

...SHERIDAN AVERAGE TEMPERATURES...

 MONTH   2014 VALUES  NORMALS   DEPARTURE  RANKING

JULY         70.2      70.0      +0.2      52ND COLDEST OUT OF 108 YEARS
                                           (RECORD COLDEST WAS 61.2 IN 1915)
                                           (COLDEST SINCE 68.7 IN 2010)

...SHERIDAN AVERAGE HIGH TEMPERATURES...

 MONTH   2014 VALUES  NORMALS   DEPARTURE  RANKING

JULY         88.3      87.1      +1.2      TIED FOR THE 38TH WARMEST OUT OF 108 YEARS
                                           (RECORD WARMEST WAS 95.8 IN 1936)
                                           (WARMEST SINCE 89.0 IN 2013)

...SHERIDAN JULY 2014 BROKEN OR TIED WARMEST DAILY HIGH TEMPERATURE RECORDS...

NONE

...SHERIDAN JULY 2014 BROKEN OR TIED COLDEST DAILY HIGH TEMPERATURE RECORDS...

NONE

...SHERIDAN AVERAGE LOW TEMPERATURES...

 MONTH   2014 VALUES  NORMALS   DEPARTURE  RANKING

JULY         52.0      53.0      -1.0      TIED FOR THE 19TH COLDEST OUT OF 108 YEARS
                                           (RECORD COLDEST WAS 46.8 IN 1911)
                                           (COLDEST SINCE 50.7 IN 2009)

...SHERIDAN JULY 2014 BROKEN OR TIED WARMEST DAILY LOW TEMPERATURE RECORDS...

NONE

...SHERIDAN JULY 2014 BROKEN OR TIED COLDEST DAILY LOW TEMPERATURE RECORDS...

45 ON JULY 27 (TIED RECORD IN 1911)

$$






U.S. Dept. of Commerce
NOAA National Weather Service
1325 East West Highway
Silver Spring, MD 20910
E-mail: w-nws.webmaster@noaa.gov
Page last modified: May 16, 2007
NATIONAL WEATHER SERVICE: for Safety, for Work, for Fun - FOR LIFE