144
CXUS55 KBYZ 011032
CLMSHR


CLIMATE REPORT
NATIONAL WEATHER SERVICE BILLINGS MT
426 AM MDT TUE JUL 1 2014

...................................

...THE SHERIDAN WY CLIMATE SUMMARY FOR THE MONTH OF JUNE 2014...

CLIMATE NORMAL PERIOD 1981 TO 2010
CLIMATE RECORD PERIOD 1907 TO 2014

WEATHER         OBSERVED          NORMAL  DEPART
                 VALUE   DATE(S)  VALUE   FROM
                                          NORMAL
................................................
TEMPERATURE (F)
HIGHEST            84   06/20
LOWEST             36   06/09
AVG. MAXIMUM     72.8              76.7    -3.9
AVG. MINIMUM     45.0              46.4    -1.4
MEAN             58.9              61.6    -2.7
DAYS MAX >= 90      0
DAYS MAX <= 32      0
DAYS MIN <= 32      0
DAYS MIN <= 0       0

PRECIPITATION (INCHES)
TOTALS           2.20              2.12    0.08
DAYS >= .01        17
DAYS >= .10         8
DAYS >= .50         0
DAYS >= 1.00        0
GREATEST
 24 HR. TOTAL    0.68   06/22 TO 06/23

DEGREE_DAYS
HEATING TOTAL     182               149      33
 SINCE 7/1       7904              7643     261
COOLING TOTAL       8                46     -38
 SINCE 1/1         16                50     -34
.................................................

WIND (MPH)
AVERAGE WIND SPEED              7.0
HIGHEST WIND SPEED/DIRECTION    44/320    DATE  06/10
HIGHEST GUST SPEED/DIRECTION    57/320    DATE  06/10

AVERAGE RH (PERCENT)     64

WEATHER CONDITIONS. NUMBER OF DAYS WITH
THUNDERSTORM              0     MIXED PRECIP               0
HEAVY RAIN                3     RAIN                       5
LIGHT RAIN               18     FREEZING RAIN              0
LT FREEZING RAIN          0     HAIL                       0
HEAVY SNOW                0     SNOW                       0
LIGHT SNOW                0     SLEET                      0
FOG                       9     FOG W/VIS <= 1/4 MILE      0
HAZE                      1

-  INDICATES NEGATIVE NUMBERS.
R  INDICATES RECORD WAS SET OR TIED.
MM INDICATES DATA IS MISSING.
T  INDICATES TRACE AMOUNT.

&&

...JUNE 2014 MONTH IN REVIEW FOR SHERIDAN...

BELOW IS A SUMMARY OF THE TEMPERATURE AND PRECIPITATION
STATISTICS FOR SHERIDAN FOR JUNE 2014. ALL TEMPERATURES ARE IN
DEGREES FAHRENHEIT AND ALL PRECIPITATION AMOUNTS ARE IN INCHES. NORMALS
ARE 30 YEAR AVERAGES CALCULATED FROM 1981 TO 2010. MONTHLY RANKINGS
FOR PRECIPITATION...SNOWFALL...AND TEMPERATURES USE A PERIOD
OF RECORD THAT STARTED IN MAY 1934 AT OR NEAR THE SHERIDAN AIRPORT.

NUMBERS DENOTED WITH AN * IS MISSING DATA IN THE CALCULATION.

...SHERIDAN MONTHLY PRECIPITATION...

 MONTH   2014 VALUES  NORMALS    DEPARTURE  RANKING

JUNE         2.20     2.12       +0.08      42ND WETTEST OUT OF 108 YEARS
                                            (RECORD WETTEST WAS 9.54 IN 1944)
                                            (WETTEST SINCE 2.68 IN 2010)

...SHERIDAN JUNE 2014 BROKEN OR TIED DAILY PRECIPITATION RECORDS...

NONE

...SHERIDAN AVERAGE TEMPERATURES...

 MONTH   2014 VALUES  NORMALS   DEPARTURE  RANKING

JUNE         58.9      61.6      -2.7      19TH COLDEST OUT OF 108 YEARS
                                           (RECORD COLDEST WAS 55.1 IN 1998)
                                           (COLDEST SINCE 58.3 IN 2009)

...SHERIDAN AVERAGE HIGH TEMPERATURES...

 MONTH   2014 VALUES  NORMALS   DEPARTURE  RANKING

JUNE         72.8      76.7      -3.9      22ND COLDEST OUT OF 108 YEARS
                                           (RECORD COLDEST WAS 67.1 IN 1945)
                                           (COLDEST SINCE 71.5 IN 2009)

...SHERIDAN JUNE 2014 BROKEN OR TIED WARMEST DAILY HIGH TEMPERATURE RECORDS...

NONE

...SHERIDAN JUNE 2014 BROKEN OR TIED COLDEST DAILY HIGH TEMPERATURE RECORDS...

NONE

...SHERIDAN AVERAGE LOW TEMPERATURES...

 MONTH   2014 VALUES  NORMALS   DEPARTURE  RANKING

JUNE         45.0      46.4      -1.4      TIED FOR THE 12TH COLDEST OUT OF 108 YEARS
                                           (RECORD COLDEST WAS 42.7 TIED IN 1998)
                                           (COLDEST SINCE 45.0 IN 2009)

...SHERIDAN JUNE 2014 BROKEN OR TIED WARMEST DAILY LOW TEMPERATURE RECORDS...

NONE

...SHERIDAN JUNE 2014 BROKEN OR TIED COLDEST DAILY LOW TEMPERATURE RECORDS...

NONE

$$





U.S. Dept. of Commerce
NOAA National Weather Service
1325 East West Highway
Silver Spring, MD 20910
E-mail: w-nws.webmaster@noaa.gov
Page last modified: May 16, 2007
NATIONAL WEATHER SERVICE: for Safety, for Work, for Fun - FOR LIFE