224
CXUS53 KSGF 010840
CLMSGF


CLIMATE REPORT
NATIONAL WEATHER SERVICE SPRINGFIELD MO
239 AM CST MON DEC 1 2014

...................................

...THE SPRINGFIELD MO CLIMATE SUMMARY FOR THE MONTH OF NOVEMBER 2014...

CLIMATE NORMAL PERIOD 1981 TO 2010
CLIMATE RECORD PERIOD 1888 TO 2014

WEATHER         OBSERVED          NORMAL  DEPART
                 VALUE   DATE(S)  VALUE   FROM
                                          NORMAL
................................................
TEMPERATURE (F)
RECORD
 HIGH              83   11/09/2006
 LOW                4   11/17/1959
HIGHEST            75   11/10        57      18
LOWEST              9   11/18        36     -27
AVG. MAXIMUM     51.7              56.7    -5.0
AVG. MINIMUM     30.0              35.4    -5.4
MEAN             40.8              46.1    -5.3
DAYS MAX >= 90      0               0.0     0.0
DAYS MAX <= 32      3               0.5     2.5
DAYS MIN <= 32     21              11.8     9.2
DAYS MIN <= 0       0               0.0     0.0

PRECIPITATION (INCHES)
RECORD
 MAXIMUM        12.24   1985
 MINIMUM         0.14   1910
TOTALS           2.30              4.22   -1.92
DAILY AVG.       0.08              0.14   -0.06
DAYS >= .01         6               9.4    -3.4
DAYS >= .10         4               5.9    -1.9
DAYS >= .50         2               2.6    -0.6
DAYS >= 1.00        1               1.3    -0.3
GREATEST
 24 HR. TOTAL    1.48   11/04 TO 11/04

SNOWFALL (INCHES)
TOTALS            1.7
SINCE 7/1         1.7
DAYS >= TRACE       4

DEGREE_DAYS
HEATING TOTAL     718               571     147
 SINCE 7/1        950               879      71
COOLING TOTAL       0                 2      -2
 SINCE 1/1       1470              1389      81
.................................................

WIND (MPH)
AVERAGE WIND SPEED              11.4
HIGHEST WIND SPEED/DIRECTION    38/190    DATE  11/10
HIGHEST GUST SPEED/DIRECTION    49/190    DATE  11/10

SKY COVER
POSSIBLE SUNSHINE (PERCENT)   MM
AVERAGE SKY COVER           0.30
NUMBER OF DAYS FAIR           17
NUMBER OF DAYS PC              8
NUMBER OF DAYS CLOUDY          5

AVERAGE RH (PERCENT)     62

WEATHER CONDITIONS. NUMBER OF DAYS WITH
THUNDERSTORM              1     MIXED PRECIP               0
HEAVY RAIN                2     RAIN                       3
LIGHT RAIN                5     FREEZING RAIN              0
LT FREEZING RAIN          1     HAIL                       0
HEAVY SNOW                1     SNOW                       1
LIGHT SNOW                4     SLEET                      0
FOG                       8     FOG W/VIS <= 1/4 MILE      2
HAZE                      1

-  INDICATES NEGATIVE NUMBERS.
R  INDICATES RECORD WAS SET OR TIED.
MM INDICATES DATA IS MISSING.
T  INDICATES TRACE AMOUNT.

$$





U.S. Dept. of Commerce
NOAA National Weather Service
1325 East West Highway
Silver Spring, MD 20910
E-mail: w-nws.webmaster@noaa.gov
Page last modified: May 16, 2007
NATIONAL WEATHER SERVICE: for Safety, for Work, for Fun - FOR LIFE