449
CXUS53 KSGF 011418
CLMSGF


CLIMATE REPORT
NATIONAL WEATHER SERVICE SPRINGFIELD MO
917 AM CDT TUE APR 1 2014

...................................

...THE SPRINGFIELD MO CLIMATE SUMMARY FOR THE MONTH OF MARCH 2014...

CLIMATE NORMAL PERIOD 1981 TO 2010
CLIMATE RECORD PERIOD 1888 TO 2014

WEATHER         OBSERVED          NORMAL  DEPART
                 VALUE   DATE(S)  VALUE   FROM
                                          NORMAL
................................................
TEMPERATURE (F)
RECORD
 HIGH              92   03/20/1907
 LOW               -8   03/07/1943
HIGHEST            79   03/11        57      22
LOWEST              2   03/03        34     -32
AVG. MAXIMUM     56.4              57.5    -1.1
AVG. MINIMUM     29.2              35.2    -6.0
MEAN             42.8              46.3    -3.5
DAYS MAX >= 90      0               0.0     0.0
DAYS MAX <= 32      2               0.5     1.5
DAYS MIN <= 32     19              12.2     6.8
DAYS MIN <= 0       0               0.0     0.0

PRECIPITATION (INCHES)
RECORD
 MAXIMUM         9.40   2008
 MINIMUM         0.50   1956
TOTALS           2.33              3.62   -1.29
DAILY AVG.       0.08              0.12   -0.04
DAYS >= .01         8              10.5    -2.5
DAYS >= .10         4               6.5    -2.5
DAYS >= .50         1               2.3    -1.3
DAYS >= 1.00        1               1.0     0.0
GREATEST
 24 HR. TOTAL    1.63   03/16 TO 03/16

SNOWFALL (INCHES)
TOTALS            4.8
SINCE 7/1        32.2
DAYS >= TRACE       4

DEGREE_DAYS
HEATING TOTAL     681               581     100
 SINCE 7/1       4636              4174     462
COOLING TOTAL       0                 3      -3
 SINCE 1/1          0                 3      -3
.................................................

WIND (MPH)
AVERAGE WIND SPEED              12.0
HIGHEST WIND SPEED/DIRECTION    38/190    DATE  03/27
HIGHEST GUST SPEED/DIRECTION    48/190    DATE  03/27

SKY COVER
POSSIBLE SUNSHINE (PERCENT)   MM
AVERAGE SKY COVER           0.30
NUMBER OF DAYS FAIR           21
NUMBER OF DAYS PC              7
NUMBER OF DAYS CLOUDY          3

AVERAGE RH (PERCENT)     59

WEATHER CONDITIONS. NUMBER OF DAYS WITH
THUNDERSTORM              0     MIXED PRECIP               0
HEAVY RAIN                1     RAIN                       4
LIGHT RAIN                9     FREEZING RAIN              2
LT FREEZING RAIN          2     HAIL                       0
HEAVY SNOW                0     SNOW                       1
LIGHT SNOW                4     SLEET                      1
FOG                      14     FOG W/VIS <= 1/4 MILE      0
HAZE                      7

-  INDICATES NEGATIVE NUMBERS.
R  INDICATES RECORD WAS SET OR TIED.
MM INDICATES DATA IS MISSING.
T  INDICATES TRACE AMOUNT.

$$





U.S. Dept. of Commerce
NOAA National Weather Service
1325 East West Highway
Silver Spring, MD 20910
E-mail: w-nws.webmaster@noaa.gov
Page last modified: May 16, 2007
NATIONAL WEATHER SERVICE: for Safety, for Work, for Fun - FOR LIFE