955
CXUS53 KSGF 010632
CLMSGF


CLIMATE REPORT
NATIONAL WEATHER SERVICE SPRINGFIELD MO
131 AM CDT TUE JUL 1 2014

...................................

...THE SPRINGFIELD MO CLIMATE SUMMARY FOR THE MONTH OF JUNE 2014...

CLIMATE NORMAL PERIOD 1981 TO 2010
CLIMATE RECORD PERIOD 1888 TO 2014

WEATHER         OBSERVED          NORMAL  DEPART
                 VALUE   DATE(S)  VALUE   FROM
                                          NORMAL
................................................
TEMPERATURE (F)
RECORD
 HIGH             101   06/28/2012
                        06/27/2012
                        06/27/1954
 LOW               42   06/01/1966
HIGHEST            91   06/30        84       7
                        06/21
LOWEST             57   06/13        62      -5
                        06/10
AVG. MAXIMUM     82.7              83.8    -1.1
AVG. MINIMUM     66.3              63.1     3.2
MEAN             74.5              73.4     1.1
DAYS MAX >= 90      3               3.9    -0.9
DAYS MAX <= 32      0               0.0     0.0
DAYS MIN <= 32      0               0.0     0.0
DAYS MIN <= 0       0               0.0     0.0

PRECIPITATION (INCHES)
RECORD
 MAXIMUM        13.41   2008
 MINIMUM         0.23   1991
TOTALS           6.23              4.85    1.38
DAILY AVG.       0.21              0.16    0.05
DAYS >= .01        16              10.6     5.4
DAYS >= .10        13               7.5     5.5
DAYS >= .50         4               3.5     0.5
DAYS >= 1.00        2               1.2     0.8
GREATEST
 24 HR. TOTAL    2.09   06/04 TO 06/05

SNOWFALL (INCHES)
TOTALS            0.0
SINCE 7/1        32.2
DAYS >= TRACE       0

DEGREE_DAYS
HEATING TOTAL       0                 9      -9
 SINCE 7/1       5020              4578     442
COOLING TOTAL     294               263      31
 SINCE 1/1        487               378     109
.................................................

WIND (MPH)
AVERAGE WIND SPEED              10.0
HIGHEST WIND SPEED/DIRECTION    37/230    DATE  06/05
HIGHEST GUST SPEED/DIRECTION    50/230    DATE  06/05

SKY COVER
POSSIBLE SUNSHINE (PERCENT)   MM
AVERAGE SKY COVER           0.30
NUMBER OF DAYS FAIR           16
NUMBER OF DAYS PC             13
NUMBER OF DAYS CLOUDY          1

AVERAGE RH (PERCENT)     75

WEATHER CONDITIONS. NUMBER OF DAYS WITH
THUNDERSTORM              0     MIXED PRECIP               0
HEAVY RAIN               10     RAIN                      10
LIGHT RAIN               16     FREEZING RAIN              0
LT FREEZING RAIN          0     HAIL                       0
HEAVY SNOW                0     SNOW                       0
LIGHT SNOW                0     SLEET                      0
FOG                      18     FOG W/VIS <= 1/4 MILE      3
HAZE                      1

-  INDICATES NEGATIVE NUMBERS.
R  INDICATES RECORD WAS SET OR TIED.
MM INDICATES DATA IS MISSING.
T  INDICATES TRACE AMOUNT.

$$





U.S. Dept. of Commerce
NOAA National Weather Service
1325 East West Highway
Silver Spring, MD 20910
E-mail: w-nws.webmaster@noaa.gov
Page last modified: May 16, 2007
NATIONAL WEATHER SERVICE: for Safety, for Work, for Fun - FOR LIFE