513
CXUS53 KSGF 010639
CLMSGF


CLIMATE REPORT
NATIONAL WEATHER SERVICE SPRINGFIELD MO
139 AM CDT FRI AUG 1 2014

...................................

...THE SPRINGFIELD MO CLIMATE SUMMARY FOR THE MONTH OF JULY 2014...

CLIMATE NORMAL PERIOD 1981 TO 2010
CLIMATE RECORD PERIOD 1888 TO 2014

WEATHER         OBSERVED          NORMAL  DEPART
                 VALUE   DATE(S)  VALUE   FROM
                                          NORMAL
................................................
TEMPERATURE (F)
RECORD
 HIGH             113   07/14/1954
 LOW               44   07/06/1972
                        07/21/1970
HIGHEST            97   07/26        90       7
LOWEST             52   07/03        67     -15
AVG. MAXIMUM     84.6              88.8    -4.2
AVG. MINIMUM     63.7              67.6    -3.9
MEAN             74.2              78.2    -4.0
DAYS MAX >= 90      9              13.1    -4.1
DAYS MAX <= 32      0               0.0     0.0
DAYS MIN <= 32      0               0.0     0.0
DAYS MIN <= 0       0               0.0     0.0

PRECIPITATION (INCHES)
RECORD
 MAXIMUM        18.75   1958
 MINIMUM         0.32   2012
TOTALS           2.30              3.68   -1.38
DAILY AVG.       0.07              0.12   -0.05
DAYS >= .01         5               8.4    -3.4
DAYS >= .10         3               5.8    -2.8
DAYS >= .50         2               2.6    -0.6
DAYS >= 1.00        1               1.1    -0.1
GREATEST
 24 HR. TOTAL    1.45   07/08 TO 07/08
                        07/07 TO 07/08
                        07/08 TO 07/08

SNOWFALL (INCHES)
TOTALS            0.0
SINCE 7/1         0.0
DAYS >= TRACE       0

DEGREE_DAYS
HEATING TOTAL       0                 0       0
 SINCE 7/1          0                 0       0
COOLING TOTAL     292               410    -118
 SINCE 1/1        779               788      -9
.................................................

WIND (MPH)
AVERAGE WIND SPEED              7.7
HIGHEST WIND SPEED/DIRECTION    40/360    DATE  07/08
HIGHEST GUST SPEED/DIRECTION    53/010    DATE  07/08

SKY COVER
POSSIBLE SUNSHINE (PERCENT)   MM
AVERAGE SKY COVER           0.20
NUMBER OF DAYS FAIR           29
NUMBER OF DAYS PC              1
NUMBER OF DAYS CLOUDY          1

AVERAGE RH (PERCENT)     68

WEATHER CONDITIONS. NUMBER OF DAYS WITH
THUNDERSTORM              0     MIXED PRECIP               0
HEAVY RAIN                2     RAIN                       2
LIGHT RAIN                8     FREEZING RAIN              0
LT FREEZING RAIN          0     HAIL                       0
HEAVY SNOW                0     SNOW                       0
LIGHT SNOW                0     SLEET                      0
FOG                       9     FOG W/VIS <= 1/4 MILE      1
HAZE                      4

-  INDICATES NEGATIVE NUMBERS.
R  INDICATES RECORD WAS SET OR TIED.
MM INDICATES DATA IS MISSING.
T  INDICATES TRACE AMOUNT.

$$





U.S. Dept. of Commerce
NOAA National Weather Service
1325 East West Highway
Silver Spring, MD 20910
E-mail: w-nws.webmaster@noaa.gov
Page last modified: May 16, 2007
NATIONAL WEATHER SERVICE: for Safety, for Work, for Fun - FOR LIFE