379
CXUS53 KLMK 011523 CCA
CLMSDF

CLIMATE REPORT
NATIONAL WEATHER SERVICE LOUISVILLE KY
832 AM EST MON DEC 1 2014

...................................

...THE LOUISVILLE KY CLIMATE SUMMARY FOR THE MONTH OF NOVEMBER 2014...
...COR TO ADD MONTHLY RECORD LOW TEMPERATURE...

CLIMATE NORMAL PERIOD 1981 TO 2010
CLIMATE RECORD PERIOD 1871 TO 2014

WEATHER         OBSERVED          NORMAL  DEPART  LAST YEAR`S
                 VALUE   DATE(S)  VALUE   FROM    VALUE  DATE(S)
                                          NORMAL
................................................................
TEMPERATURE (F)
RECORD
 HIGH              84   11/17/1958
 LOW               -1   11/25/1950
HIGHEST            72   11/30        MM      MM       69  11/17
                                                          11/06
                                                          11/01
LOWEST             16   11/19        MM      MM       20  11/28
                        11/18                             11/24
AVG. MAXIMUM     50.5              57.9    -7.4     54.5
AVG. MINIMUM     33.2              39.5    -6.3     35.1
MEAN             41.9              48.7    -6.8     44.8
DAYS MAX >= 90      0               0.0     0.0        0
DAYS MAX <= 32      1               0.1     0.9        1
DAYS MIN <= 32     12               7.1     4.9       12
DAYS MIN <= 0       0               0.0     0.0        0

PRECIPITATION (INCHES)
RECORD
 MAXIMUM         9.12   1957
 MINIMUM         0.25   1904
TOTALS           1.71              3.59   -1.88     3.72
DAILY AVG.       0.06              0.12   -0.06     0.12
DAYS >= .01         9              10.1    -1.1       11
DAYS >= .10         4               6.3    -2.3        3
DAYS >= .50         1               2.9    -1.9        1
DAYS >= 1.00        0               0.8    -0.8        1
GREATEST
 24 HR. TOTAL    0.88   11/23 TO 11/24           11/17 TO 11/17
                                                          11/17 TO 11/17
                                                          11/17 TO 11/17
 STORM TOTAL       MM                                 MM
 (MM/DD(HH))            MM                    11/17(00) TO 11/17(00)
                                                 11/17(00) TO 11/17(00)7
                                                 11/17(00) TO 11/17(00)7

SNOWFALL (INCHES)
RECORDS
 TOTAL           13.2   5
                        0
 24 HR TOTAL     13.1   11/02/1966 TO 11/03/1966
 SNOW DEPTH         8   11/02/1966
TOTALS            3.7               0.1     3.6      0.5
 LIQUID EQUIV    0.37              0.00    0.37     0.05
SINCE 7/1         3.7               0.2     3.5      0.5
 LIQUID 7/1      0.37              0.00    0.37     0.05
SNOWDEPTH AVG.      0                MM      MM        0
DAYS >= TRACE       6               0.3     5.7        4
DAYS >= 1.0         1               0.0     1.0        0
GREATEST
 SNOW DEPTH         2   11/18                          0  MM
                        11/17
 24 HR TOTAL      3.3   11/17 TO 11/17           11/17 TO 11/17
                                                          11/17 TO 11/17
                                                          11/17 TO 11/17
 STORM TOTAL       MM                                 MM
 (MM/DD(HH))            MM                    11/17(00) TO 11/17(00)
                                                 11/17(00) TO 11/17(00)7
                                                 11/17(00) TO 11/17(00)7

DEGREE_DAYS
HEATING TOTAL     685               493     192      597
 SINCE 7/1        886               735     151      830
COOLING TOTAL       1                 4      -3        0
 SINCE 1/1       1626              1613      13     1628

FREEZE DATES
RECORD
 EARLIEST     10/03/1974
 LATEST       05/10/1966
EARLIEST                        10/25
LATEST                          04/15
........................................................

WIND (MPH)
AVERAGE WIND SPEED              9.5
RESULTANT WIND SPEED/DIRECTION   4/236
HIGHEST WIND SPEED/DIRECTION    39/230    DATE  11/24
HIGHEST GUST SPEED/DIRECTION    55/220    DATE  11/24

SKY COVER
POSSIBLE SUNSHINE (PERCENT)   MM
AVERAGE SKY COVER           0.70
NUMBER OF DAYS FAIR            5
NUMBER OF DAYS PC             15
NUMBER OF DAYS CLOUDY         10

AVERAGE RH (PERCENT)     63

WEATHER CONDITIONS. NUMBER OF DAYS WITH
THUNDERSTORM              0     MIXED PRECIP               0
HEAVY RAIN                2     RAIN                       4
LIGHT RAIN               11     FREEZING RAIN              0
LT FREEZING RAIN          0     HAIL                       0
HEAVY SNOW                0     SNOW                       3
LIGHT SNOW                6     SLEET                      2
FOG                      11     FOG W/VIS <= 1/4 MILE      0
HAZE                      7

-  INDICATES NEGATIVE NUMBERS.
R  INDICATES RECORD WAS SET OR TIED.
MM INDICATES DATA IS MISSING.
T  INDICATES TRACE AMOUNT.

$$








U.S. Dept. of Commerce
NOAA National Weather Service
1325 East West Highway
Silver Spring, MD 20910
E-mail: w-nws.webmaster@noaa.gov
Page last modified: May 16, 2007
NATIONAL WEATHER SERVICE: for Safety, for Work, for Fun - FOR LIFE