671
CXUS51 KAKQ 020031
CLMSBY


CLIMATE REPORT
NATIONAL WEATHER SERVICE WAKEFIELD, VA
827 PM EDT FRI AUG 1 2014

...................................

...THE SALISBURY MD CLIMATE SUMMARY FOR THE MONTH OF JULY 2014...

CLIMATE NORMAL PERIOD 1981 TO 2010
CLIMATE RECORD PERIOD 1900 TO 2014

WEATHER         OBSERVED          NORMAL  DEPART  LAST YEAR`S
                 VALUE   DATE(S)  VALUE   FROM    VALUE  DATE(S)
                                          NORMAL
................................................................
TEMPERATURE (F)
RECORD
 HIGH             106   07/21/1929
 LOW               42   07/12/2002
HIGHEST            99   07/02        89      10       97  07/18
                                                          07/17
LOWEST             56   07/30        66     -10       62  07/30
                        07/29
AVG. MAXIMUM     87.3              86.5     0.8     89.3
AVG. MINIMUM     67.4              67.0     0.4     72.7
MEAN             77.4              76.8     0.6     81.0
DAYS MAX >= 90     10               8.6     1.4       16
DAYS MAX <= 32      0               0.0     0.0        0
DAYS MIN <= 32      0               0.0     0.0        0
DAYS MIN <= 0       0               0.0     0.0        0

PRECIPITATION (INCHES)
RECORD
 MAXIMUM        10.42   1975
 MINIMUM         0.86   2010
TOTALS           3.28              4.38   -1.10     3.81
DAILY AVG.       0.11              0.14   -0.03     0.12
DAYS >= .01         8              10.0    -2.0        6
DAYS >= .10         6               6.8    -0.8        5
DAYS >= .50         2               2.5    -0.5        2
DAYS >= 1.00        2               1.3     0.7        1
GREATEST
 24 HR. TOTAL    1.30   07/15 TO 07/15

DEGREE_DAYS
HEATING TOTAL       0                 1      -1        0
 SINCE 7/1          0                 1      -1        0
COOLING TOTAL     390               364      26      506
 SINCE 1/1        818               675     143     1030
.................................................................

WIND (MPH)
AVERAGE WIND SPEED              6.7
HIGHEST WIND SPEED/DIRECTION    32/320    DATE  07/04
HIGHEST GUST SPEED/DIRECTION    41/360    DATE  07/04

SKY COVER
POSSIBLE SUNSHINE (PERCENT)   MM
AVERAGE SKY COVER           0.20

AVERAGE RH (PERCENT)     65

WEATHER CONDITIONS. NUMBER OF DAYS WITH
THUNDERSTORM              4     MIXED PRECIP               0
HEAVY RAIN                5     RAIN                       5
LIGHT RAIN               12     FREEZING RAIN              0
LT FREEZING RAIN          0     HAIL                       0
HEAVY SNOW                0     SNOW                       0
LIGHT SNOW                0     SLEET                      0
FOG                      11     FOG W/VIS <= 1/4 MILE      2
HAZE                      5

-  INDICATES NEGATIVE NUMBERS.
R  INDICATES RECORD WAS SET OR TIED.
MM INDICATES DATA IS MISSING.
T  INDICATES TRACE AMOUNT.

$$





U.S. Dept. of Commerce
NOAA National Weather Service
1325 East West Highway
Silver Spring, MD 20910
E-mail: w-nws.webmaster@noaa.gov
Page last modified: May 16, 2007
NATIONAL WEATHER SERVICE: for Safety, for Work, for Fun - FOR LIFE