172
CXUS51 KAKQ 011414
CLMSBY


CLIMATE REPORT
NATIONAL WEATHER SERVICE WAKEFIELD, VA
1014 AM EDT TUE APR 1 2014

...................................

...THE SALISBURY MD CLIMATE SUMMARY FOR THE MONTH OF MARCH 2014...

CLIMATE NORMAL PERIOD 1981 TO 2010
CLIMATE RECORD PERIOD 1900 TO 2014

WEATHER         OBSERVED          NORMAL  DEPART  LAST YEAR`S
                 VALUE   DATE(S)  VALUE   FROM    VALUE  DATE(S)
                                          NORMAL
................................................................
TEMPERATURE (F)
RECORD
 HIGH              93   MM
 LOW               10   03/04/2014
HIGHEST            75   03/11        MM      MM       66  03/11
LOWEST             10R  03/04        MM      MM       26  03/23
                                                          03/05
AVG. MAXIMUM     53.1              55.0    -1.9     51.5
AVG. MINIMUM     31.9              34.5    -2.6     33.1
MEAN             42.5              44.7    -2.2     42.3
DAYS MAX >= 90      0               0.0     0.0        0
DAYS MAX <= 32      1               0.4     0.6        0
DAYS MIN <= 32     16              13.5     2.5       13
DAYS MIN <= 0       0               0.0     0.0        0

PRECIPITATION (INCHES)
RECORD
 MAXIMUM           MM   MM
 MINIMUM           MM   MM
TOTALS           2.57              4.42   -1.85     4.85
DAILY AVG.       0.08              0.14   -0.06     0.16
DAYS >= .01        10              11.0    -1.0        9
DAYS >= .10         6               6.9    -0.9        5
DAYS >= .50         2               3.1    -1.1        3
DAYS >= 1.00        0               1.0    -1.0        1
GREATEST
 24 HR. TOTAL    0.85   03/29 TO 03/29

SNOWFALL (INCHES)
RECORDS
 TOTAL             MM   MM
TOTALS           11.0
SINCE 7/1        22.5               9.1    13.4      2.8
SNOWDEPTH AVG.      1                MM      MM        0
DAYS >= 1.0         4               0.4     3.6        0
GREATEST
 SNOW DEPTH         4   03/26                          0  MM
                        03/17
 24 HR TOTAL      4.0   03/25 TO 03/25           03/24 TO 03/24
                                                          03/24 TO 03/24
                                                          03/24 TO 03/24

DEGREE_DAYS
HEATING TOTAL     689               630      59      697
 SINCE 7/1       3829              3935    -106     3475
COOLING TOTAL       0                 2      -2        0
 SINCE 1/1          0                 2      -2        0
.....................................................

WIND (MPH)
AVERAGE WIND SPEED              9.6
HIGHEST WIND SPEED/DIRECTION    33/300    DATE  03/12
HIGHEST GUST SPEED/DIRECTION    49/270    DATE  03/12

SKY COVER
POSSIBLE SUNSHINE (PERCENT)   MM
AVERAGE SKY COVER           0.50

AVERAGE RH (PERCENT)     63

WEATHER CONDITIONS. NUMBER OF DAYS WITH
THUNDERSTORM              0     MIXED PRECIP               0
HEAVY RAIN                3     RAIN                       3
LIGHT RAIN               12     FREEZING RAIN              1
LT FREEZING RAIN          1     HAIL                       0
HEAVY SNOW                2     SNOW                       2
LIGHT SNOW                6     SLEET                      3
FOG                      13     FOG W/VIS <= 1/4 MILE      3
HAZE                     10

-  INDICATES NEGATIVE NUMBERS.
R  INDICATES RECORD WAS SET OR TIED.
MM INDICATES DATA IS MISSING.
T  INDICATES TRACE AMOUNT.

$$




U.S. Dept. of Commerce
NOAA National Weather Service
1325 East West Highway
Silver Spring, MD 20910
E-mail: w-nws.webmaster@noaa.gov
Page last modified: May 16, 2007
NATIONAL WEATHER SERVICE: for Safety, for Work, for Fun - FOR LIFE