138
CXUS53 KIWX 011947
CLMSBN

CLIMATE REPORT
NATIONAL WEATHER SERVICE NORTHERN INDIANA
344 PM EDT SAT NOV 1 2014

...................................

...THE SOUTH BEND CLIMATE SUMMARY FOR THE MONTH OF OCTOBER 2014...

CLIMATE NORMAL PERIOD 1981 TO 2010
CLIMATE RECORD PERIOD 1893 TO 2014

WEATHER         OBSERVED          NORMAL  DEPART  LAST YEAR`S
                 VALUE   DATE(S)  VALUE   FROM    VALUE  DATE(S)
                                          NORMAL
................................................................
TEMPERATURE (F)
RECORD
 HIGH              92   10/06/1963
 LOW               12   10/11/1906
HIGHEST            77   10/02        MM      MM       82  10/02
LOWEST             30   10/23        MM      MM       28  10/25
                        10/22
AVG. MAXIMUM     61.7              61.7     0.0     63.2
AVG. MINIMUM     43.2              42.6     0.6     43.9
MEAN             52.4              52.1     0.3
DAYS MAX >= 90      0               0.0     0.0        0
DAYS MAX <= 32      0               0.0     0.0        0
DAYS MIN <= 32      3               3.0     0.0        4
DAYS MIN <= 0       0               0.0     0.0        0

PRECIPITATION (INCHES)
RECORD
 MAXIMUM         9.75   1954
 MINIMUM         0.42   1950
TOTALS           5.68              3.32    2.36     4.35
DAILY AVG.       0.18              0.11    0.07     0.14
DAYS >= .01        14              10.9     3.1       12
DAYS >= .10         7               6.5     0.5       10
DAYS >= .50         2               2.0     0.0        2
DAYS >= 1.00        2               0.8     1.2        2
GREATEST
 24 HR. TOTAL    2.28   10/02 TO 10/02

SNOWFALL (INCHES)
RECORDS
 TOTAL           15.0   1910
TOTALS            0.2               0.4    -0.2      0.3
SINCE 7/1         0.2               0.4    -0.2      0.0
SNOWDEPTH AVG.      0                MM      MM        0
DAYS >= 1.0         0               0.1    -0.1        0
GREATEST
 SNOW DEPTH         0   MM
 24 HR TOTAL      0.2R  MM

DEGREE_DAYS
HEATING TOTAL     385               407     -22      379
 SINCE 7/1        533               541      -8      499
COOLING TOTAL       4                 9      -5       30
 SINCE 1/1        771               773      -2      828
.................................................................

WIND (MPH)
AVERAGE WIND SPEED              9.4
HIGHEST WIND SPEED/DIRECTION    35/360    DATE  10/31
HIGHEST GUST SPEED/DIRECTION    45/010    DATE  10/31

SKY COVER
POSSIBLE SUNSHINE (PERCENT)   MM
AVERAGE SKY COVER           0.50
NUMBER OF DAYS FAIR            9
NUMBER OF DAYS PC              9
NUMBER OF DAYS CLOUDY         12

AVERAGE RH (PERCENT)     69

WEATHER CONDITIONS. NUMBER OF DAYS WITH
THUNDERSTORM              0     MIXED PRECIP               0
HEAVY RAIN                6     RAIN                       7
LIGHT RAIN               16     FREEZING RAIN              0
LT FREEZING RAIN          0     HAIL                       0
HEAVY SNOW                0     SNOW                       1
LIGHT SNOW                1     SLEET                      0
FOG                      14     FOG W/VIS <= 1/4 MILE      4
HAZE                      5

-  INDICATES NEGATIVE NUMBERS.
R  INDICATES RECORD WAS SET OR TIED.
MM INDICATES DATA IS MISSING.
T  INDICATES TRACE AMOUNT.

&&

...A SLIGHTLY WARM BUT WET OCTOBER IN SOUTH BEND AREA...

THE AVERAGE MONTHLY TEMPERATURE WAS JUST SLIGHTLY WARMER THAN NORMAL
IN THE SOUTH BEND AREA BUT PRECIPITATION WAS WELL ABOVE NORMAL. AS
WITH MANY OCTOBER MONTHS...TEMPERATURES FLUCTUATED SIGNIFICANTLY
WITH HIGHS RANGING FROM THE UPPER 70S TO MIDDLE 40S AND LOW
TEMPERATURES RANGING FROM THE LOWER 60S TO LOWER 30S. THE MONTH
ENDED WITH THE FIRST MEASURABLE SNOWFALL OF THE SEASON ON HALLOWEEN.

THE AVERAGE MONTHLY TEMPERATURE AT SOUTH BEND WAS 52.4
DEGREES...JUST 0.3 DEGREES ABOVE NORMAL. THIS RANKED AS THE 50TH
COOLEST OCTOBER ON RECORD DATING BACK TO 1894. THE HIGHEST
TEMPERATURE WAS 77 ON THE 2ND AND THE COLDEST TEMPERATURE WAS 30 ON
THE 22ND AND 23RD. THE DAILY AVERAGE TEMPERATURE WAS BELOW NORMAL ON
16 DAYS AND ONLY ONE DAY...THE 4TH...HAD AN AVERAGE TEMPERATURE MORE
THAN 10 DEGREES BELOW NORMAL (13 DEGREES BELOW NORMAL). THERE WERE FOUR
DAYS WITH AN AVERAGE DAILY TEMPERATURE OF TEN OR MORE DEGREES ABOVE
NORMAL. THE 27TH WAS THE WARMEST DAY WITH REGARDS TO DEPARTURE FROM
NORMAL AS THE AVERAGE DAILY TEMPERATURE ON THIS DAY WAS 13 DEGREES
ABOVE NORMAL.

PRECIPITATION FOR THE MONTH WAS 5.68 INCHES...2.36 INCHES ABOVE
NORMAL. THIS RANKED AS THE 10TH WETTEST OCTOBER ON RECORD.
MEASURABLE PRECIPITATION FELL ON 14 DAYS AND 2 DAYS HAD MORE THAN AN
INCH OF PRECIPITATION...THE SECOND AND THE THIRD OF THE MONTH. AS A
MATTER OF FACT...3.83 INCHES OF RAIN FELL ON THESE TWO DAYS. THAT
WAS NEARLY 70 PERCENT OF THE MONTHLY TOTAL.

THE MONTH ENDED WITH A STRONG COLD FRONT BLASTING THROUGH THE
REGION. TEMPERATURES FELL FROM THE 40S INTO THE 30S ON HALLOWEEN
DAY. RAIN SHOWERS TURNED TO SNOW SHOWERS WITH SEVERAL LOCATIONS
RECEIVING THEIR FIRST MEASURABLE SNOWFALL OF THE SEASON. AMOUNTS
WERE GENERALLY A HALF INCH OR LESS AND CONFINED TO GRASSY SURFACES.
SOUTH BEND OFFICIALLY REPORTED TWO TENTHS OF AN INCH. THIS WAS THE
4TH SNOWIEST HALLOWEEN ON RECORD AND THE 29TH SNOWIEST OCTOBER.

$$

LASHLEY






U.S. Dept. of Commerce
NOAA National Weather Service
1325 East West Highway
Silver Spring, MD 20910
E-mail: w-nws.webmaster@noaa.gov
Page last modified: May 16, 2007
NATIONAL WEATHER SERVICE: for Safety, for Work, for Fun - FOR LIFE