298
CXUS46 KLOX 020138
CLMSBA


CLIMATE REPORT
NATIONAL WEATHER SERVICE LOS ANGELES/OXNARD CA
537 PM PST THU JAN 1 2015

...................................

...THE SANTA BARBARA AIRPORT CA CLIMATE SUMMARY FOR THE YEAR OF 2014...

CLIMATE NORMAL PERIOD 1981 TO 2010
CLIMATE RECORD PERIOD 1940 TO 2014

WEATHER         OBSERVED          NORMAL  DEPART  LAST YEAR`S
                 VALUE   DATE(S)  VALUE   FROM    VALUE
                                          NORMAL
.............................................................
TEMPERATURE (F)
HIGHEST            99   09/16       109     -10
LOWEST             33   12/31        20      13
AVG. MAXIMUM     73.1              68.8     4.3
AVG. MINIMUM     52.1              49.2     2.9
MEAN             62.6              59.0     3.6
DAYS MAX >= 90      9
DAYS MAX <= 32      0
DAYS MIN <= 32      0
DAYS MIN <= 0       0

PRECIPITATION (INCHES)
RECORD
 MAXIMUM           MM   MM
 MINIMUM           MM   MM
TOTALS          11.51             17.76   -6.25
DAILY AVG.          T
DAYS >= .01        25
DAYS >= .10        16
DAYS >= .50         8
DAYS >= 1.00        5
GREATEST
 24 HR. TOTAL    2.26   MM

DEGREE_DAYS
HEATING TOTAL    1302              2374   -1072     2015
 SINCE 7/1        378               884    -506      742
COOLING TOTAL     530               187     343      285
 SINCE 1/1        530               188     342      285
..............................................................

WIND (MPH)
AVERAGE WIND SPEED              5.0
HIGHEST WIND SPEED/DIRECTION    36/120    DATE  12/11
HIGHEST GUST SPEED/DIRECTION    49/120    DATE  12/11

SKY COVER
POSSIBLE SUNSHINE (PERCENT)   MM
AVERAGE SKY COVER           0.20
NUMBER OF DAYS FAIR          264
NUMBER OF DAYS PC             78
NUMBER OF DAYS CLOUDY         23

AVERAGE RH (PERCENT)     67

WEATHER CONDITIONS. NUMBER OF DAYS WITH
THUNDERSTORM              0     MIXED PRECIP               0
HEAVY RAIN               10     RAIN                      11
LIGHT RAIN               31     FREEZING RAIN              0
LT FREEZING RAIN          0     HAIL                       0
HEAVY SNOW                0     SNOW                       0
LIGHT SNOW                0     SLEET                      0
FOG                     143     FOG W/VIS <= 1/4 MILE     16
HAZE                    109

-  INDICATES NEGATIVE NUMBERS.
R  INDICATES RECORD WAS SET OR TIED.
MM INDICATES DATA IS MISSING.
T  INDICATES TRACE AMOUNT.

$$




U.S. Dept. of Commerce
NOAA National Weather Service
1325 East West Highway
Silver Spring, MD 20910
E-mail: w-nws.webmaster@noaa.gov
Page last modified: May 16, 2007
NATIONAL WEATHER SERVICE: for Safety, for Work, for Fun - FOR LIFE