389
CXUS52 KCHS 011401
CLMSAV

CLIMATE REPORT
NATIONAL WEATHER SERVICE CHARLESTON SC
946 AM EDT SAT NOV 1 2014

...................................

...THE SAVANNAH GA CLIMATE SUMMARY FOR THE MONTH OF OCTOBER 2014...

CLIMATE NORMAL PERIOD 1981 TO 2010
CLIMATE RECORD PERIOD 1871 TO 2014

WEATHER         OBSERVED          NORMAL  DEPART  LAST YEAR`S
                 VALUE   DATE(S)  VALUE   FROM    VALUE  DATE(S)
                                          NORMAL
................................................................
TEMPERATURE (F)
RECORD
 HIGH              97   10/02/1986
 LOW               28   10/30/1952
HIGHEST            90   10/27                         88  10/18
                        10/12                             10/07
                        10/08                             10/06
LOWEST             46   10/23                         41  10/27
                                                          10/26
AVG. MAXIMUM     82.1              78.4     3.7     80.3
AVG. MINIMUM     57.9              57.5     0.4     58.5
MEAN             70.0              67.9     2.1     69.4
DAYS MAX >= 90      3               0.6     2.4        0
DAYS MAX <= 32      0               0.0     0.0        0
DAYS MIN <= 32      0               0.0     0.0        0
DAYS MIN <= 0       0               0.0     0.0        0

PRECIPITATION (INCHES)
RECORD
 MAXIMUM        19.84   1994
 MINIMUM            T   2000
TOTALS           1.72              3.69   -1.97     0.23
DAYS >= .01         4               7.1    -3.1        4
DAYS >= .10         4               4.4    -0.4        1
DAYS >= .50         1               2.0    -1.0        0
DAYS >= 1.00        0               1.0    -1.0        0
GREATEST
 24 HR. TOTAL    0.99   10/14 TO 10/15

SNOWFALL (INCHES)
RECORDS
 TOTAL            0.0
TOTALS            0.0               0.0     0.0
SINCE 7/1         0.0               0.0     0.0

DEGREE_DAYS
HEATING TOTAL      18                55     -37
 SINCE 7/1         19                57     -38
COOLING TOTAL     181               146      35
 SINCE 1/1       2703              2412     291
.................................................................

WIND (MPH)
AVERAGE WIND SPEED              4.8
HIGHEST WIND SPEED/DIRECTION    31/220
HIGHEST GUST SPEED/DIRECTION    40/220


WEATHER CONDITIONS. NUMBER OF DAYS WITH
THUNDERSTORM              2     MIXED PRECIP               0
HEAVY RAIN                4     RAIN                       3
LIGHT RAIN                4     FREEZING RAIN              0
LT FREEZING RAIN          0     HAIL                       0
HEAVY SNOW                0     SNOW                       0
LIGHT SNOW                0     SLEET                      0
FOG                      12     FOG W/VIS <= 1/4 MILE      2
HAZE                      2

-  INDICATES NEGATIVE NUMBERS.
R  INDICATES RECORD WAS SET OR TIED.
MM INDICATES DATA IS MISSING.
T  INDICATES TRACE AMOUNT.

&&

RECORDS ESTABLISHED DURING THE MONTH:

*OCT 11 - RECORD HIGH TEMPERATURE OF 89 DEGREES
*OCT 27 - RECORD HIGH TEMPERATURE OF 90 DEGREES

$$







U.S. Dept. of Commerce
NOAA National Weather Service
1325 East West Highway
Silver Spring, MD 20910
E-mail: w-nws.webmaster@noaa.gov
Page last modified: May 16, 2007
NATIONAL WEATHER SERVICE: for Safety, for Work, for Fun - FOR LIFE