802
CXUS52 KCHS 011503
CLMSAV

CLIMATE REPORT
NATIONAL WEATHER SERVICE CHARLESTON SC
924 AM EST MON DEC 1 2014

...................................

...THE SAVANNAH GA CLIMATE SUMMARY FOR THE MONTH OF NOVEMBER 2014...

CLIMATE NORMAL PERIOD 1981 TO 2010
CLIMATE RECORD PERIOD 1871 TO 2014

WEATHER         OBSERVED          NORMAL  DEPART  LAST YEAR`S
                 VALUE   DATE(S)  VALUE   FROM    VALUE  DATE(S)
                                          NORMAL
................................................................
TEMPERATURE (F)
RECORD
 HIGH              89   11/01/1961
 LOW               15   11/25/1970
HIGHEST            83   11/24                         83  11/18
                                                          11/01
LOWEST             26   11/19                         29  11/28
AVG. MAXIMUM     68.5              70.6    -2.1     69.9
AVG. MINIMUM     44.4              47.9    -3.5     47.6
MEAN             56.5              59.3    -2.8     58.7
DAYS MAX >= 90      0               0.0     0.0        0
DAYS MAX <= 32      0               0.0     0.0        0
DAYS MIN <= 32      3               1.5     1.5        3
DAYS MIN <= 0       0               0.0     0.0        0

PRECIPITATION (INCHES)
RECORD
 MAXIMUM         6.28   1898
 MINIMUM         0.01   1922
TOTALS           4.64              2.37    2.27     2.51
DAYS >= .01         6               6.8    -0.8        8
DAYS >= .10         5               3.9     1.1        3
DAYS >= .50         2               1.9     0.1        2
DAYS >= 1.00        2               0.7     1.3        1
GREATEST
 24 HR. TOTAL    2.21   11/25 TO 11/26

SNOWFALL (INCHES)
RECORDS
 TOTAL            0.0
TOTALS            0.0               0.0     0.0
SINCE 7/1         0.0               0.0     0.0

DEGREE_DAYS
HEATING TOTAL     273               210      63
 SINCE 7/1        292               267      25
COOLING TOTAL      23                37     -14
 SINCE 1/1       2726              2449     277
.................................................................

WIND (MPH)
AVERAGE WIND SPEED              6.6
HIGHEST WIND SPEED/DIRECTION    32/280
HIGHEST GUST SPEED/DIRECTION    41/310


WEATHER CONDITIONS. NUMBER OF DAYS WITH
THUNDERSTORM              3     MIXED PRECIP               0
HEAVY RAIN                3     RAIN                       4
LIGHT RAIN                8     FREEZING RAIN              0
LT FREEZING RAIN          0     HAIL                       0
HEAVY SNOW                0     SNOW                       0
LIGHT SNOW                0     SLEET                      0
FOG                      13     FOG W/VIS <= 1/4 MILE      2
HAZE                     11

-  INDICATES NEGATIVE NUMBERS.
R  INDICATES RECORD WAS SET OR TIED.
MM INDICATES DATA IS MISSING.
T  INDICATES TRACE AMOUNT.

&&

RECORDS ESTABLISHED DURING THE MONTH:

*NOV 19 - RECORD LOW TEMPERATURE OF 26 DEGREES
*NOV 24 - RECORD HIGH TEMPERATURE OF 83 DEGREES
*NOV 24 - RECORD HIGH MINIMUM TEMPERATURE OF 67 DEGREES
*NOV 25 - RECORD RAINFALL OF 2.13 INCHES

$$







U.S. Dept. of Commerce
NOAA National Weather Service
1325 East West Highway
Silver Spring, MD 20910
E-mail: w-nws.webmaster@noaa.gov
Page last modified: May 16, 2007
NATIONAL WEATHER SERVICE: for Safety, for Work, for Fun - FOR LIFE