931
CXUS54 KEWX 011444
CLMSAT

SATCLMSAT 000
TTAA00 KEWX 011432

CLIMATE REPORT...PRELIMINARY
NATIONAL WEATHER SERVICE AUSTIN/SAN ANTONIO, TX
943 AM CDT TUE APR 1 2014

...................................

...THE SAN ANTONIO CLIMATE SUMMARY FOR THE MONTH OF MARCH 2014...

CLIMATE NORMAL PERIOD 1981 TO 2010
CLIMATE RECORD PERIOD 1886 TO 2014

WEATHER         OBSERVED          NORMAL  DEPART  LAST YEAR`S
                 VALUE   DATE(S)  VALUE   FROM    VALUE  DATE(S)
                                          NORMAL
................................................................
TEMPERATURE (F)
HIGHEST            95   03/28                         95  03/18
LOWEST             27   03/03                         33  03/01
AVG. MAXIMUM     72.7              73.5    -0.8     76.1
AVG. MINIMUM     48.5              50.8    -2.3     49.4
MEAN             60.6              62.2    -1.6     62.7
DAYS MAX >= 90      1                                  1
DAYS MAX <= 32      0                                  0
DAYS MIN <= 32      2                                  0
DAYS MIN <= 0       0                                  0

PRECIPITATION (INCHES)
TOTALS           1.06              2.31   -1.25     0.95
DAILY AVG.       0.03              0.07   -0.04     0.03
DAYS >= .01         9                                  4
DAYS >= .10         4                                  2
DAYS >= .50         0                                  1
DAYS >= 1.00        0                                  0
GREATEST
 24 HR. TOTAL    0.30   03/08 TO 03/08

SNOWFALL (INCHES)
TOTALS            0.0               0.0     0.0      0.0
SINCE 7/1         0.4               0.7    -0.3        T

DEGREE_DAYS
HEATING TOTAL     188               154      34      140
 SINCE 7/1       1522              1455      67     1134
COOLING TOTAL      61                65      -4       77
 SINCE 1/1        126                91      35      117
.................................................................

WIND (MPH)
AVERAGE WIND SPEED              9.5
HIGHEST WIND SPEED/DIRECTION    33/140    DATE  03/26
HIGHEST GUST SPEED/DIRECTION    42/140    DATE  03/26

SKY COVER
POSSIBLE SUNSHINE (PERCENT)   MM
AVERAGE SKY COVER           0.60
NUMBER OF DAYS FAIR            6
NUMBER OF DAYS PC             14
NUMBER OF DAYS CLOUDY         11

AVERAGE RH (PERCENT)     64

WEATHER CONDITIONS. NUMBER OF DAYS WITH
THUNDERSTORM              0     MIXED PRECIP               0
HEAVY RAIN                2     RAIN                       2
LIGHT RAIN               17     FREEZING RAIN              0
LT FREEZING RAIN          0     HAIL                       0
HEAVY SNOW                0     SNOW                       0
LIGHT SNOW                0     SLEET                      0
FOG                      17     FOG W/VIS <= 1/4 MILE      3
HAZE                     13

-  INDICATES NEGATIVE NUMBERS.
R  INDICATES RECORD WAS SET OR TIED.
MM INDICATES DATA IS MISSING.
T  INDICATES TRACE AMOUNT.

REMARKS
THE 95 DEGREES ON THE 28TH IS TIED FOR THE 11TH WARMEST DAY IN MARCH.


PRELIMINARY LOCAL CLIMATOLOGICAL DATA (WS FORM: F-6)

                                          STATION:   SAN ANTONIO
                                          MONTH:     MARCH
                                          YEAR:      2014
                                          LATITUDE:   29 31 N
                                          LONGITUDE:  98 28 W

  TEMPERATURE IN F:       :PCPN:    SNOW:  WIND      :SUNSHINE: SKY     :PK WND
================================================================================
1   2   3   4   5  6A  6B    7    8   9   10  11  12  13   14  15   16   17  18
                                     12Z  AVG MX 2MIN
DY MAX MIN AVG DEP HDD CDD  WTR  SNW DPTH SPD SPD DIR MIN PSBL S-S WX    SPD DR
================================================================================

 1  86  48  67   8   0   2    T  0.0    0  8.6 24 140   M    M   6 128    29 130
 2  80  31  56  -3   9   0    T  0.0    0 14.5 33 350   M    M  10 18     41 350
 3  48  27  38 -21  27   0 0.01  0.0    0 13.9 25 360   M    M   6 3      34 360
 4  49  34  42 -17  23   0    T  0.0    0  6.8 13  20   M    M  10 3      17  20
 5  62  41  52  -8  13   0    T  0.0    0  5.4 13 140   M    M   7 18     16 150
 6  66  43  55  -5  10   0 0.00  0.0    0  6.7 16 350   M    M   2        20 340
 7  70  41  56  -4   9   0 0.00  0.0    0  8.3 20 160   M    M   7 8      22 150
 8  64  42  53  -7  12   0 0.30  0.0    0 10.5 21 360   M    M  10 138    29 360
 9  54  45  50 -10  15   0 0.02  0.0    0  8.9 21 360   M    M  10 1      29 350
10  67  50  59  -2   6   0 0.28  0.0    0  4.5 15 210   M    M   9 1      18 220
11  81  55  68   7   0   3    T  0.0    0  9.2 20 230   M    M   5 1      27 240
12  69  45  57  -4   8   0 0.00  0.0    0 14.0 30 360   M    M   2        39  40
13  68  38  53  -9  12   0 0.00  0.0    0  7.5 17 160   M    M   3        21 100
14  77  48  63   1   2   0 0.00  0.0    0 10.1 18 150   M    M   7 1      22 200
15  80  64  72  10   0   7 0.02  0.0    0  7.0 15 220   M    M   9 18     21 230
16  70  49  60  -2   5   0 0.01  0.0    0 15.4 30 350   M    M   6        39 350
17  71  42  57  -5   8   0 0.00  0.0    0  8.0 20 350   M    M   3 8      28 350
18  86  43  65   2   0   0 0.00  0.0    0  9.0 18 170   M    M   2 8      26 220
19  75  55  65   2   0   0 0.00  0.0    0  9.7 21  20   M    M   7 8      29  20
20  78  45  62  -1   3   0 0.00  0.0    0  5.8 13 150   M    M   4 8      18  50
21  81  54  68   5   0   3 0.00  0.0    0 11.6 23 170   M    M   6 1      28 160
22  80  65  73   9   0   8    T  0.0    0  5.5 12 170   M    M  10 128    14 170
23  71  49  60  -4   5   0    T  0.0    0 14.1 30  10   M    M  10        40  30
24  60  50  55  -9  10   0 0.23  0.0    0  4.2 15 230   M    M   9 138    18 220
25  70  47  59  -5   6   0    T  0.0    0  8.6 18 100   M    M   6 1      24  30
26  65  55  60  -4   5   0 0.15  0.0    0 14.1 33 140   M    M   9 1      42 140
27  82  62  72   7   0   7 0.04  0.0    0  8.5 18 150   M    M   9 12     24 150
28  95  66  81  16   0  16 0.00  0.0    0  8.6 24 280   M    M   5 18     31 310
29  82  57  70   5   0   5 0.00  0.0    0 11.3 22 360   M    M   4        29  20
30  82  51  67   2   0   2 0.00  0.0    0 11.8 25 140   M    M   3        32 150
31  85  60  73   7   0   8 0.00  0.0    0 11.5 21 160   M    M   6 1      27 160
================================================================================
SM 2254 1502       188  61  1.06     0.0 293.6          M      202
================================================================================
AV 72.7 48.5                               9.5 FASTST   M    M   7    MAX(MPH)
                                 MISC ---->  # 33 350               # 42  140
================================================================================
NOTES:
# LAST OF SEVERAL OCCURRENCES

COLUMN 17 PEAK WIND IN M.P.H.

PRELIMINARY LOCAL CLIMATOLOGICAL DATA (WS FORM: F-6) , PAGE 2

                                          STATION:  SAN ANTONIO
                                          MONTH:    MARCH
                                          YEAR:     2014
                                          LATITUDE:   29 31 N
                                          LONGITUDE:  98 28 W

SYMBOLS USED IN COLUMN 16

1 = FOG OR MIST
2 = FOG REDUCING VISIBILITY
    TO 1/4 MILE OR LESS
3 = THUNDER
4 = ICE PELLETS
5 = HAIL
6 = FREEZING RAIN OR DRIZZLE
7 = DUSTSTORM OR SANDSTORM:
    VSBY 1/2 MILE OR LESS
8 = SMOKE OR HAZE
9 = BLOWING SNOW
X = TORNADO

[PRESSURE DATA]
 HIGHEST SLP 30.35 ON  3
 LOWEST  SLP 29.60 ON 11

$$







U.S. Dept. of Commerce
NOAA National Weather Service
1325 East West Highway
Silver Spring, MD 20910
E-mail: w-nws.webmaster@noaa.gov
Page last modified: May 16, 2007
NATIONAL WEATHER SERVICE: for Safety, for Work, for Fun - FOR LIFE