354
CXUS54 KEWX 011430
CLMSAT

CLIMATE REPORT
NATIONAL WEATHER SERVICE AUSTIN/SAN ANTONIO, TX
930 AM CDT TUE JUL 1 2014

...................................

...THE SAN ANTONIO CLIMATE SUMMARY FOR THE MONTH OF JUNE 2014...

CLIMATE NORMAL PERIOD 1981 TO 2010
CLIMATE RECORD PERIOD 1886 TO 2014

WEATHER         OBSERVED          NORMAL  DEPART  LAST YEAR`S
                 VALUE   DATE(S)  VALUE   FROM    VALUE  DATE(S)
                                          NORMAL
................................................................
TEMPERATURE (F)
HIGHEST            96   06/23                        108  06/29
                        06/12
LOWEST             67   06/11                         65  06/08
AVG. MAXIMUM     91.9              92.3    -0.4     93.3
AVG. MINIMUM     74.3              72.6     1.7     74.4
MEAN             83.1              82.4     0.7     83.9
DAYS MAX >= 90     25                                 26
DAYS MAX <= 32      0                                  0
DAYS MIN <= 32      0                                  0
DAYS MIN <= 0       0                                  0

PRECIPITATION (INCHES)
TOTALS           5.38              4.14    1.24     2.02
DAILY AVG.       0.18              0.14    0.04     0.07
DAYS >= .01         7                                  9
DAYS >= .10         6                                  7
DAYS >= .50         3                                  0
DAYS >= 1.00        2                                  0
GREATEST
 24 HR. TOTAL    2.98   06/25 TO 06/25
                        06/24 TO 06/25
                        06/25 TO 06/25

SNOWFALL (INCHES)
TOTALS            0.0               0.0     0.0      0.0
SINCE 7/1         0.4               0.7    -0.3        T

DEGREE_DAYS
HEATING TOTAL       0                 0       0        0
 SINCE 7/1       1566              1496      70     1206
COOLING TOTAL     551               523      28      575
 SINCE 1/1       1255              1152     103     1192
.................................................................

WIND (MPH)
AVERAGE WIND SPEED              11.9
HIGHEST WIND SPEED/DIRECTION    33/030    DATE  06/12
HIGHEST GUST SPEED/DIRECTION    45/030    DATE  06/12

SKY COVER
POSSIBLE SUNSHINE (PERCENT)   MM
AVERAGE SKY COVER           0.70
NUMBER OF DAYS FAIR            3
NUMBER OF DAYS PC             16
NUMBER OF DAYS CLOUDY         11

AVERAGE RH (PERCENT)     67

WEATHER CONDITIONS. NUMBER OF DAYS WITH
THUNDERSTORM              0     MIXED PRECIP               0
HEAVY RAIN                4     RAIN                       5
LIGHT RAIN               13     FREEZING RAIN              0
LT FREEZING RAIN          0     HAIL                       0
HEAVY SNOW                0     SNOW                       0
LIGHT SNOW                0     SLEET                      0
FOG                      10     FOG W/VIS <= 1/4 MILE      2
HAZE                     13

-  INDICATES NEGATIVE NUMBERS.
R  INDICATES RECORD WAS SET OR TIED.
MM INDICATES DATA IS MISSING.
T  INDICATES TRACE AMOUNT.

[REMARKS]
TIED A RECORD HIGHEST MINIMUM ON THE 17TH OF 79 DEGREES.
 PREVIOUSLY OCCURRED ON 1939.
JUNE 2014 HAD THE 8TH HIGHEST AVERAGE MINIMUMS. THE AVERAGE
 MINIMUM TEMPERATURE WAS 74.3 DEGREES.

[SEA LEVEL PRESSURE DATA]
HIGHEST SLP OF 30.04 ON THE 25TH
LOWEST SLP OF 29.71 ON THE 11TH

PRELIMINARY LOCAL CLIMATOLOGICAL DATA (WS FORM: F-6)

                                          STATION:   SAN ANTONIO
                                          MONTH:     JUNE
                                          YEAR:      2014
                                          LATITUDE:   29 31 N
                                          LONGITUDE:  98 28 W

  TEMPERATURE IN F:       :PCPN:    SNOW:  WIND      :SUNSHINE: SKY     :PK WND
================================================================================
1   2   3   4   5  6A  6B    7    8   9   10  11  12  13   14  15   16   17  18
                                     12Z  AVG MX 2MIN
DY MAX MIN AVG DEP HDD CDD  WTR  SNW DPTH SPD SPD DIR MIN PSBL S-S WX    SPD DR
================================================================================

 1  90  71  81   1   0  16 0.00  0.0    0  6.8 18 150   M    M   3 18     25 160
 2  90  75  83   2   0  18 0.00  0.0    0 10.4 17 130   M    M   6 8      22 130
 3  91  73  82   1   0  17 0.00  0.0    0  8.5 18 150   M    M   6        23 150
 4  92  75  84   3   0  19 0.00  0.0    0 11.3 20 140   M    M   6 8      27 180
 5  92  76  84   3   0  19 0.00  0.0    0 13.4 21 150   M    M   6 8      26 160
 6  93  75  84   3   0  19 0.00  0.0    0 15.1 25 140   M    M   6        31 140
 7  94  76  85   3   0  20 0.00  0.0    0 15.4 22 140   M    M   6 18     29 140
 8  90  74  82   0   0  17 0.12  0.0    0 12.7 25 160   M    M   8 1      32 150
 9  89  71  80  -2   0  15 1.18  0.0    0  7.9 20 170   M    M   7 1238   25 160
10  94  68  81  -1   0  16 0.00  0.0    0  6.3 15  10   M    M   1        20 360
11  95  67  81  -1   0  16 0.00  0.0    0  7.5 18 120   M    M   2        23 150
12  96  69  83   1   0  18 0.73  0.0    0 11.4 33  30   M    M   7 138    45  30
13  90  68  79  -3   0  14 0.00  0.0    0  7.3 17 150   M    M   4 3      21 150
14  90  75  83   1   0  18    T  0.0    0 11.0 24 140   M    M   7 1      28 140
15  93  77  85   2   0  20 0.00  0.0    0 13.9 22 130   M    M   7        27 170
16  93  78  86   3   0  21 0.00  0.0    0 15.0 23 140   M    M   7 8      29 150
17  93  79  86   3   0  21 0.00  0.0    0 16.1 23 130   M    M   8 8      30 160
18  93  78  86   3   0  21    T  0.0    0 16.0 28 130   M    M   8 8      33 130
19  88  77  83   0   0  18    T  0.0    0 13.4 22 120   M    M   9        27 110
20  93  75  84   1   0  19 0.00  0.0    0 11.0 21  90   M    M   7        27 100
21  93  77  85   2   0  20 0.00  0.0    0 11.4 23 140   M    M   8        28 150
22  89  73  81  -2   0  16 0.01  0.0    0 11.7 21 150   M    M   8 1      24 150
23  96  77  87   4   0  22 0.24  0.0    0 12.0 23 150   M    M   7 18     26 160
24  94  77  86   3   0  21    T  0.0    0 10.0 30 130   M    M   9 8      39 120
25  88  70  79  -5   0  14 2.98  0.0    0  8.8 28 130   M    M  10 123    35 120
26  88  71  80  -4   0  15 0.12  0.0    0  8.3 26 120   M    M   8 138    36 150
27  91  76  84   0   0  19    T  0.0    0 15.3 26 140   M    M   9        32 140
28  92  78  85   1   0  20    T  0.0    0 15.9 25 130   M    M   8        31 130
29  94  77  86   2   0  21    T  0.0    0 16.1 24 130   M    M   6        30 160
30  94  77  86   2   0  21 0.00  0.0    0 16.8 26 130   M    M   5        32 150
================================================================================
SM 2758 2230         0 551  5.38     0.0 356.7          M      199
================================================================================
AV 91.9 74.3                              11.9 FASTST   M    M   7    MAX(MPH)
                                 MISC ---->  # 33  30               # 45   30
================================================================================
NOTES:
# LAST OF SEVERAL OCCURRENCES

COLUMN 17 PEAK WIND IN M.P.H.

SYMBOLS USED IN COLUMN 16

1 = FOG OR MIST
2 = FOG REDUCING VISIBILITY
    TO 1/4 MILE OR LESS
3 = THUNDER
4 = ICE PELLETS
5 = HAIL
6 = FREEZING RAIN OR DRIZZLE
7 = DUSTSTORM OR SANDSTORM:
    VSBY 1/2 MILE OR LESS
8 = SMOKE OR HAZE
9 = BLOWING SNOW
X = TORNADO

$$








U.S. Dept. of Commerce
NOAA National Weather Service
1325 East West Highway
Silver Spring, MD 20910
E-mail: w-nws.webmaster@noaa.gov
Page last modified: May 16, 2007
NATIONAL WEATHER SERVICE: for Safety, for Work, for Fun - FOR LIFE