772
CXUS56 KSGX 011433
CLMSAN


CLIMATE REPORT
NATIONAL WEATHER SERVICE SAN DIEGO, CA
732 AM PDT TUE APR 1 2014

...................................

...THE SAN DIEGO/LINDBERGH FIELD CA CLIMATE SUMMARY FOR THE MONTH OF MARCH 2014...

CLIMATE NORMAL PERIOD 1981 TO 2010
CLIMATE RECORD PERIOD 1850 TO 2014

WEATHER         OBSERVED          NORMAL  DEPART  LAST YEAR`S
                 VALUE   DATE(S)  VALUE   FROM    VALUE  DATE(S)
                                          NORMAL
................................................................
TEMPERATURE (F)
RECORD
 HIGH              99   03/29/1879
 LOW               36   03/05/1894
HIGHEST            87   03/16        66      21       80  03/02
                                                          03/01
LOWEST             52   03/03        53      -1       48  03/10
AVG. MAXIMUM     69.9              65.6     4.3     65.9
AVG. MINIMUM     58.3              53.2     5.1     54.3
MEAN             64.1              59.4     4.7     60.1
DAYS MAX >= 90      0               0.1    -0.1        0
DAYS MAX <= 32      0               0.0     0.0        0
DAYS MAX >= 100     0                                  0
DAYS MIN <= 32      0               0.0     0.0        0

PRECIPITATION (INCHES)
RECORD
 MAXIMUM         7.88   1867
 MINIMUM         0.00   1997
                        1865
                        1857
TOTALS           1.28              1.81   -0.53     1.22
DAILY AVG.       0.04              0.06   -0.02     0.04
DAYS >= .01         4               6.5    -2.5        2
DAYS >= .10         2               3.4    -1.4        2
DAYS >= .50         1               1.3    -0.3        1
DAYS >= 1.00        1               0.4     0.6        1
DAYS >= 1.50        0                                  0
DAYS >= 2.00        0                                  0
GREATEST
 24 HR. TOTAL    1.01   03/01 TO 03/01           03/08 TO 03/08
                                                          03/31 TO 03/31
                                                          03/31 TO 03/31
 STORM TOTAL       MM                                 MM
 (MM/DD(HH))            MM                    03/08(00) TO 03/08(00)
                                                 03/31(00) TO 03/31(00)1
                                                 03/31(00) TO 03/31(00)1

SNOWFALL (INCHES)
TOTALS            0.0               0.0     0.0      0.0
SINCE 7/1         0.0               0.0     0.0      0.0
SNOWDEPTH AVG.      0

DEGREE_DAYS
HEATING TOTAL      40               178    -138      148
 SINCE 7/1        496              1036    -540      981
COOLING TOTAL      20                 5      15        3
 SINCE 1/1         29                10      19        4

FREEZE DATES
RECORD
 EARLIEST     MM
 LATEST       MM
EARLIEST                        MM
LATEST                          MM
..................................................

WIND (MPH)
AVERAGE WIND SPEED              5.5
RESULTANT WIND SPEED/DIRECTION   3/279
HIGHEST WIND SPEED/DIRECTION    23/240    DATE  03/01
HIGHEST GUST SPEED/DIRECTION    30/250    DATE  03/01

SKY COVER
POSSIBLE SUNSHINE (PERCENT)   MM
AVERAGE SKY COVER           0.60
NUMBER OF DAYS FAIR            5
NUMBER OF DAYS PC             18
NUMBER OF DAYS CLOUDY          8

AVERAGE RH (PERCENT)     62

WEATHER CONDITIONS. NUMBER OF DAYS WITH
THUNDERSTORM              0     MIXED PRECIP               0
HEAVY RAIN                2     RAIN                       2
LIGHT RAIN                6     FREEZING RAIN              0
LT FREEZING RAIN          0     HAIL                       0
HEAVY SNOW                0     SNOW                       0
LIGHT SNOW                0     SLEET                      0
FOG                       5     FOG W/VIS <= 1/4 MILE      0
HAZE                      8

-  INDICATES NEGATIVE NUMBERS.
R  INDICATES RECORD WAS SET OR TIED.
MM INDICATES DATA IS MISSING.
T  INDICATES TRACE AMOUNT.

$$




U.S. Dept. of Commerce
NOAA National Weather Service
1325 East West Highway
Silver Spring, MD 20910
E-mail: w-nws.webmaster@noaa.gov
Page last modified: May 16, 2007
NATIONAL WEATHER SERVICE: for Safety, for Work, for Fun - FOR LIFE