662
CXUS55 KCYS 081700
CLMRWL


CLIMATE REPORT
NATIONAL WEATHER SERVICE CHEYENNE WY
1100 AM MDT TUE APR 8 2014

...................................

...THE RAWLINS WY AIRPORT CLIMATE SUMMARY FOR THE MONTH OF MARCH 2014...

CLIMATE NORMAL PERIOD 1981 TO 2010
CLIMATE RECORD PERIOD 1951 TO 2014

WEATHER         OBSERVED          NORMAL  DEPART  LAST YEAR`S
                 VALUE   DATE(S)  VALUE   FROM    VALUE
                                          NORMAL
.............................................................
TEMPERATURE (F)
RECORD
 HIGH              73   03/31/2012
 LOW              -23   03/08/1998
HIGHEST            58   03/29        MM      MM       63
                        03/26
                        03/25
LOWEST              6   03/01        MM      MM        0
AVG. MAXIMUM     46.3              43.6     2.7     45.4
AVG. MINIMUM     22.4              20.9     1.5     20.2
MEAN             34.4              32.3     2.1     32.8
DAYS MAX >= 90      0               0.0                0
DAYS MAX <= 32      1               4.6                2
DAYS MIN <= 32     28              27.7               27
DAYS MIN <= 0       0               1.4                1

PRECIPITATION (INCHES)
RECORD
 MAXIMUM         2.09   1998
 MINIMUM         0.00   2000
TOTALS           0.59              0.68   -0.09     0.10
DAYS >= .01        11               7.4     3.6        6
DAYS >= .10         3               2.1     0.9        0
DAYS >= .50         0               0.1    -0.1        0
DAYS >= 1.00        0               0.0     0.0        0
GREATEST
 24 HR. TOTAL    0.17   03/01 TO 03/01

DEGREE_DAYS
HEATING TOTAL     941              1015     -74      992
 SINCE 7/1       6705              6972    -267     6593
COOLING TOTAL       0                 0       0        0
 SINCE 1/1          0                 0       0        0
..............................................................

WIND (MPH)
AVERAGE WIND SPEED              15.1
HIGHEST WIND SPEED/DIRECTION    44/280    DATE  03/17
HIGHEST GUST SPEED/DIRECTION    54/200    DATE  03/30

SKY COVER
POSSIBLE SUNSHINE (PERCENT)   MM
AVERAGE SKY COVER           0.30
NUMBER OF DAYS FAIR           16
NUMBER OF DAYS PC             14
NUMBER OF DAYS CLOUDY          1

AVERAGE RH (PERCENT)     57

WEATHER CONDITIONS. NUMBER OF DAYS WITH
THUNDERSTORM              0     MIXED PRECIP               0
HEAVY RAIN                1     RAIN                       0
LIGHT RAIN                5     FREEZING RAIN              0
LT FREEZING RAIN          0     HAIL                       0
HEAVY SNOW                2     SNOW                       8
LIGHT SNOW               15     SLEET                      0
FOG                      15     FOG W/VIS <= 1/4 MILE      6
HAZE                      3

-  INDICATES NEGATIVE NUMBERS.
R  INDICATES RECORD WAS SET OR TIED.
MM INDICATES DATA IS MISSING.
T  INDICATES TRACE AMOUNT.

$$




U.S. Dept. of Commerce
NOAA National Weather Service
1325 East West Highway
Silver Spring, MD 20910
E-mail: w-nws.webmaster@noaa.gov
Page last modified: May 16, 2007
NATIONAL WEATHER SERVICE: for Safety, for Work, for Fun - FOR LIFE