159
CXUS55 KCYS 052050
CLMRWL


CLIMATE REPORT
NATIONAL WEATHER SERVICE CHEYENNE WY
150 PM MST WED NOV 5 2014

...................................

...THE RAWLINS WY AIRPORT CLIMATE SUMMARY FOR THE MONTH OF OCTOBER 2014...

CLIMATE NORMAL PERIOD 1981 TO 2010
CLIMATE RECORD PERIOD 1951 TO 2014

WEATHER         OBSERVED          NORMAL  DEPART  LAST YEAR`S
                 VALUE   DATE(S)  VALUE   FROM    VALUE
                                          NORMAL
.............................................................
TEMPERATURE (F)
RECORD
 HIGH              81   10/11/1996
                        10/10/1996
 LOW               -7   10/31/1972
HIGHEST            72   10/25        MM      MM       71
LOWEST             21   10/31        MM      MM       22
AVG. MAXIMUM     62.0              56.3     5.7     51.1
AVG. MINIMUM     34.1              30.3     3.8     28.5
MEAN             48.0              43.3     4.7     39.8
DAYS MAX >= 90      0               0.0                0
DAYS MAX <= 32      0               0.7                2
DAYS MIN <= 32     14              17.2               25
DAYS MIN <= 0       0               0.1                0

PRECIPITATION (INCHES)
RECORD
 MAXIMUM         3.14   1971
 MINIMUM         0.02   1988
TOTALS           0.18              0.75   -0.57     1.41
DAYS >= .01         4               7.0    -3.0       10
DAYS >= .10         1               2.5    -1.5        4
DAYS >= .50         0               0.2    -0.2        0
DAYS >= 1.00        0               0.0     0.0        0
GREATEST
 24 HR. TOTAL    0.11   10/12 TO 10/12

DEGREE_DAYS
HEATING TOTAL     517               673    -156      774
 SINCE 7/1        838              1059    -221      989
COOLING TOTAL       0                 0       0        0
 SINCE 1/1        211               186      25      371
..............................................................

WIND (MPH)
AVERAGE WIND SPEED              12.5
HIGHEST WIND SPEED/DIRECTION    43/210    DATE  10/15
HIGHEST GUST SPEED/DIRECTION    52/220    DATE  10/15

SKY COVER
POSSIBLE SUNSHINE (PERCENT)   MM
AVERAGE SKY COVER           0.10
NUMBER OF DAYS FAIR           29
NUMBER OF DAYS PC              2
NUMBER OF DAYS CLOUDY          0

AVERAGE RH (PERCENT)     48

WEATHER CONDITIONS. NUMBER OF DAYS WITH
THUNDERSTORM              0     MIXED PRECIP               0
HEAVY RAIN                0     RAIN                       3
LIGHT RAIN                2     FREEZING RAIN              0
LT FREEZING RAIN          0     HAIL                       0
HEAVY SNOW                0     SNOW                       0
LIGHT SNOW                0     SLEET                      0
FOG                       1     FOG W/VIS <= 1/4 MILE      0
HAZE                      1

-  INDICATES NEGATIVE NUMBERS.
R  INDICATES RECORD WAS SET OR TIED.
MM INDICATES DATA IS MISSING.
T  INDICATES TRACE AMOUNT.

$$




U.S. Dept. of Commerce
NOAA National Weather Service
1325 East West Highway
Silver Spring, MD 20910
E-mail: w-nws.webmaster@noaa.gov
Page last modified: May 16, 2007
NATIONAL WEATHER SERVICE: for Safety, for Work, for Fun - FOR LIFE