837
CXUS55 KCYS 060239
CLMRWL


CLIMATE REPORT
NATIONAL WEATHER SERVICE CHEYENNE WY
839 PM MDT SUN OCT 5 2014

...................................

...THE RAWLINS WY AIRPORT CLIMATE SUMMARY FOR THE MONTH OF SEPTEMBER 2014...

CLIMATE NORMAL PERIOD 1981 TO 2010
CLIMATE RECORD PERIOD 1951 TO 2014

WEATHER         OBSERVED          NORMAL  DEPART  LAST YEAR`S
                 VALUE   DATE(S)  VALUE   FROM    VALUE
                                          NORMAL
.............................................................
TEMPERATURE (F)
RECORD
 HIGH              95   09/04/1998
 LOW                8   09/30/1985
HIGHEST            85   09/03        MM      MM       89
LOWEST             21   09/12        MM      MM       29
AVG. MAXIMUM     73.4              70.7     2.7     72.0
AVG. MINIMUM     41.5              40.1     1.4     46.7
MEAN             57.5              55.4     2.1     59.4
DAYS MAX >= 90      0               0.2                0
DAYS MAX <= 32      0               0.1                0
DAYS MIN <= 32      2               4.3                2
DAYS MIN <= 0       0               0.0                0

PRECIPITATION (INCHES)
RECORD
 MAXIMUM         3.64   1965
 MINIMUM            T   2010
TOTALS           1.26              0.97    0.29     2.47
DAYS >= .01        10               6.9     3.1       14
DAYS >= .10         4               2.9     1.1        7
DAYS >= .50         1               0.3     0.7        1
DAYS >= 1.00        0               0.0     0.0        0
GREATEST
 24 HR. TOTAL    0.51   09/28 TO 09/28

DEGREE_DAYS
HEATING TOTAL     221               293     -72      207
 SINCE 7/1        321               386     -65      215
COOLING TOTAL       2                 5      -3       49
 SINCE 1/1        211               186      25      371
..............................................................

WIND (MPH)
AVERAGE WIND SPEED              10.1
HIGHEST WIND SPEED/DIRECTION    38/240    DATE  09/03
HIGHEST GUST SPEED/DIRECTION    48/250    DATE  09/03

SKY COVER
POSSIBLE SUNSHINE (PERCENT)   MM
AVERAGE SKY COVER           0.20
NUMBER OF DAYS FAIR           25
NUMBER OF DAYS PC              4
NUMBER OF DAYS CLOUDY          1

AVERAGE RH (PERCENT)     52

WEATHER CONDITIONS. NUMBER OF DAYS WITH
THUNDERSTORM              0     MIXED PRECIP               0
HEAVY RAIN                0     RAIN                       5
LIGHT RAIN               13     FREEZING RAIN              0
LT FREEZING RAIN          0     HAIL                       0
HEAVY SNOW                0     SNOW                       0
LIGHT SNOW                0     SLEET                      0
FOG                       6     FOG W/VIS <= 1/4 MILE      0
HAZE                      2

-  INDICATES NEGATIVE NUMBERS.
R  INDICATES RECORD WAS SET OR TIED.
MM INDICATES DATA IS MISSING.
T  INDICATES TRACE AMOUNT.

$$




U.S. Dept. of Commerce
NOAA National Weather Service
1325 East West Highway
Silver Spring, MD 20910
E-mail: w-nws.webmaster@noaa.gov
Page last modified: May 16, 2007
NATIONAL WEATHER SERVICE: for Safety, for Work, for Fun - FOR LIFE