567
CXUS53 KARX 010747
CLMRST


CLIMATE REPORT
NATIONAL WEATHER SERVICE LA CROSSE WI
243 AM CDT FRI AUG 1 2014

...................................

...THE ROCHESTER MN CLIMATE SUMMARY FOR THE MONTH OF JULY 2014...

CLIMATE NORMAL PERIOD 1981 TO 2010
CLIMATE RECORD PERIOD 1886 TO 2014

WEATHER         OBSERVED          NORMAL  DEPART  LAST YEAR`S
                 VALUE   DATE(S)  VALUE   FROM    VALUE  DATE(S)
                                          NORMAL
................................................................
TEMPERATURE (F)
RECORD
 HIGH             108   07/14/1936
 LOW               40   07/17/1911
HIGHEST            86   07/21        MM      MM       92  07/18
LOWEST             50   07/16        MM      MM       46  07/28
AVG. MAXIMUM     76.9              81.4    -4.5     81.3
AVG. MINIMUM     58.2              61.3    -3.1     61.5
MEAN             67.6              71.4    -3.8     71.4
DAYS MAX >= 90      0               2.5    -2.5        4
DAYS MAX <= 32      0               0.0     0.0        0
DAYS MIN <= 32      0               0.0     0.0        0
DAYS MIN <= 0       0               0.0     0.0        0

PRECIPITATION (INCHES)
RECORD
 MAXIMUM        12.33   1978
 MINIMUM         0.41   1946
TOTALS           2.23              4.55   -2.32     2.14
DAILY AVG.       0.07              0.15   -0.08     0.07
DAYS >= .01        10              10.5    -0.5        9
DAYS >= .10         5               6.8    -1.8        6
DAYS >= .50         1               3.1    -2.1        2
DAYS >= 1.00        0               1.2    -1.2        0
GREATEST
 24 HR. TOTAL    0.97   07/07 TO 07/07           07/13 TO 07/13
                        07/06 TO 07/07                    07/12 TO 07/13
                        07/07 TO 07/07                    07/13 TO 07/13

SNOWFALL (INCHES)
RECORDS
 TOTAL             MM   MM
 24 HR TOTAL       MM
TOTALS            0.0               0.0     0.0      0.0
SINCE 7/1         0.0               0.0     0.0      0.0
SNOWDEPTH AVG.      0                MM      MM        0
DAYS >= TRACE       0               0.0     0.0        0
DAYS >= 1.0         0               0.0     0.0        0
GREATEST
 SNOW DEPTH         0   MM                             0
 24 HR TOTAL      0.0   07/31 TO 07/31               0.0

DEGREE_DAYS
HEATING TOTAL      22                11      11       23
 SINCE 7/1         22                11      11       23
COOLING TOTAL     110               207     -97      229
 SINCE 1/1        280               371     -91      385
....................................................

WIND (MPH)
AVERAGE WIND SPEED              9.8
HIGHEST WIND SPEED/DIRECTION    30/300    DATE  07/07
HIGHEST GUST SPEED/DIRECTION    51/280    DATE  07/07

SKY COVER
POSSIBLE SUNSHINE (PERCENT)   MM
AVERAGE SKY COVER           0.40
NUMBER OF DAYS FAIR           15
NUMBER OF DAYS PC             15
NUMBER OF DAYS CLOUDY          1

AVERAGE RH (PERCENT)     72

WEATHER CONDITIONS. NUMBER OF DAYS WITH
THUNDERSTORM              0     MIXED PRECIP               0
HEAVY RAIN                2     RAIN                       5
LIGHT RAIN               13     FREEZING RAIN              0
LT FREEZING RAIN          0     HAIL                       0
HEAVY SNOW                0     SNOW                       0
LIGHT SNOW                0     SLEET                      0
FOG                      16     FOG W/VIS <= 1/4 MILE      3
HAZE                      6

-  INDICATES NEGATIVE NUMBERS.
R  INDICATES RECORD WAS SET OR TIED.
MM INDICATES DATA IS MISSING.
T  INDICATES TRACE AMOUNT.

$$




U.S. Dept. of Commerce
NOAA National Weather Service
1325 East West Highway
Silver Spring, MD 20910
E-mail: w-nws.webmaster@noaa.gov
Page last modified: May 16, 2007
NATIONAL WEATHER SERVICE: for Safety, for Work, for Fun - FOR LIFE