320
CXUS53 KARX 010716
CLMRST


CLIMATE REPORT
NATIONAL WEATHER SERVICE LA CROSSE WI
215 AM CDT SAT NOV 1 2014

...................................

...THE ROCHESTER MN CLIMATE SUMMARY FOR THE MONTH OF OCTOBER 2014...

CLIMATE NORMAL PERIOD 1981 TO 2010
CLIMATE RECORD PERIOD 1886 TO 2014

WEATHER         OBSERVED          NORMAL  DEPART  LAST YEAR`S
                 VALUE   DATE(S)  VALUE   FROM    VALUE  DATE(S)
                                          NORMAL
................................................................
TEMPERATURE (F)
RECORD
 HIGH              93   10/03/1997
 LOW               -6   10/25/1887
HIGHEST            72   10/16        MM      MM       76  10/02
                                                          10/01
LOWEST             25   10/31        MM      MM       24  10/25
                                                          10/22
AVG. MAXIMUM     57.3              58.4    -1.1     57.0
AVG. MINIMUM     37.5              38.4    -0.9     38.4
MEAN             47.4              48.4    -1.0     47.7
DAYS MAX >= 90      0               0.1    -0.1        0
DAYS MAX <= 32      0               0.1    -0.1        0
DAYS MIN <= 32      8               8.1    -0.1       10
DAYS MIN <= 0       0               0.0     0.0        0

PRECIPITATION (INCHES)
RECORD
 MAXIMUM         9.11   1911
 MINIMUM         0.01   1952
TOTALS           2.37              2.24    0.13     2.98
DAILY AVG.       0.08              0.07    0.01     0.10
DAYS >= .01         8               9.4    -1.4       10
DAYS >= .10         5               4.8     0.2        5
DAYS >= .50         2               1.4     0.6        3
DAYS >= 1.00        0               0.4    -0.4        0
GREATEST
 24 HR. TOTAL    1.18   10/13 TO 10/14           10/15 TO 10/15
                                                          10/19 TO 10/19
                                                          10/20 TO 10/20

SNOWFALL (INCHES)
RECORDS
 TOTAL           10.0   1887
 24 HR TOTAL      4.2   MM
TOTALS              T               0.8    -0.8        T
SINCE 7/1           T               0.8    -0.8        T
SNOWDEPTH AVG.      0                MM      MM        0
DAYS >= TRACE       2               0.9     1.1        4
DAYS >= 1.0         0               0.2    -0.2        0
GREATEST
 SNOW DEPTH         0   MM                             0
 24 HR TOTAL        T   10/04 TO 10/04                 T

DEGREE_DAYS
HEATING TOTAL     540               521      19      529
 SINCE 7/1        745               736       9      683
COOLING TOTAL       0                 6      -6        0
 SINCE 1/1        491               585     -94      656
.................................................

WIND (MPH)
AVERAGE WIND SPEED              10.2
HIGHEST WIND SPEED/DIRECTION    31/010    DATE  10/14
HIGHEST GUST SPEED/DIRECTION    43/340    DATE  10/30

SKY COVER
POSSIBLE SUNSHINE (PERCENT)   MM
AVERAGE SKY COVER           0.40
NUMBER OF DAYS FAIR           15
NUMBER OF DAYS PC             10
NUMBER OF DAYS CLOUDY          6

AVERAGE RH (PERCENT)     71

WEATHER CONDITIONS. NUMBER OF DAYS WITH
THUNDERSTORM              0     MIXED PRECIP               0
HEAVY RAIN                2     RAIN                       4
LIGHT RAIN               12     FREEZING RAIN              0
LT FREEZING RAIN          0     HAIL                       0
HEAVY SNOW                0     SNOW                       0
LIGHT SNOW                2     SLEET                      0
FOG                      12     FOG W/VIS <= 1/4 MILE      3
HAZE                      3

-  INDICATES NEGATIVE NUMBERS.
R  INDICATES RECORD WAS SET OR TIED.
MM INDICATES DATA IS MISSING.
T  INDICATES TRACE AMOUNT.

$$




U.S. Dept. of Commerce
NOAA National Weather Service
1325 East West Highway
Silver Spring, MD 20910
E-mail: w-nws.webmaster@noaa.gov
Page last modified: May 16, 2007
NATIONAL WEATHER SERVICE: for Safety, for Work, for Fun - FOR LIFE