996
CXUS55 KREV 221217 CCA
CLMRNO

CLIMATE REPORT
NATIONAL WEATHER SERVICE RENO NV
151 AM PDT FRI AUG 1 2014

...................................

...THE RENO TAHOE AIRPORT NV CLIMATE SUMMARY FOR THE MONTH OF JULY 2014...

THE AVERAGE TEMPERATURE FOR JULY 2014 AT THE RENO-TAHOE INTERNATIONAL
AIRPORT WAS 80.5 DEGREES WHICH WAS 5.6 DEGREES ABOVE NORMAL. THIS MAKES
JULY 2014 THE WARMEST JULY AT RENO SINCE 1888. THE HIGHEST TEMPERATURE
FOR JULY WAS 105 DEGREES WHICH OCCURED ON THE 14TH. THE LOWEST TEMPERATURE
FOR THE MONTH WAS 57 DEGREES WHICH WAS RECORDED ON THE 24TH.

FOR JULY 2014 A TOTAL OF 0.20 INCHES OF PRECIPITATION WAS RECORDED AT THE
RENO-TAHOE INTERNATIONAL AIRPORT. THIS WAS 0.02 INCHES ABOVE NORMAL.

THE AVERAGE WIND SPEED FOR THE MONTH WAS 6.6 MPH. THE PEAK WIND GUST FOR
THE MONTH WAS 68 MPH FROM THE SOUTH-SOUTHWEST WHICH OCCURED ON THE 1ST.

CLIMATE NORMAL PERIOD 1981 TO 2010
CLIMATE RECORD PERIOD 1888 TO 2014

WEATHER         OBSERVED          NORMAL  DEPART
                 VALUE   DATE(S)  VALUE   FROM
                                          NORMAL
................................................
TEMPERATURE (F)
RECORD
 HIGH             108   07/05/2007
                        07/11/2002
                        07/10/2002
 LOW               33   07/11/1974
                        07/10/1965
                        07/11/1960
HIGHEST           105   07/14       104       1
LOWEST             57   07/24        33      24
AVG. MAXIMUM     96.2              92.2     4.0
AVG. MINIMUM     64.7              57.7     7.0
MEAN             80.5              74.9     5.6
DAYS MAX >= 90     29              21.0     8.0
DAYS MAX <= 32      0               0.0     0.0
DAYS MIN <= 32      0               0.0     0.0
DAYS MIN <= 0       0               0.0     0.0

PRECIPITATION (INCHES)
RECORD
 MAXIMUM         1.75   1913
 MINIMUM         0.00   2000
TOTALS           0.20              0.18    0.02
DAILY AVG.       0.01              0.01    0.00
DAYS >= .01         3               1.6     1.4
DAYS >= .10         1               0.5     0.5
DAYS >= .50         0               0.1    -0.1
DAYS >= 1.00        0               0.0     0.0
GREATEST
 24 HR. TOTAL    0.15   07/20 TO 07/21
 STORM TOTAL       MM
 (MM/DD(HH))            MM

SNOWFALL (INCHES)
RECORDS
 TOTAL            0.0   5
                        0
 24 HR TOTAL       MM
TOTALS            0.0               0.0     0.0
 LIQUID EQUIV    0.00              0.00    0.00
SINCE 7/1         0.0               0.0     0.0
 LIQUID 7/1      0.00
DAYS >= TRACE       0               0.0     0.0
DAYS >= 1.0         0               0.0     0.0
GREATEST
 SNOW DEPTH         0   MM
 24 HR TOTAL      0.0   07/31 TO 07/31
 STORM TOTAL       MM
 (MM/DD(HH))            MM

DEGREE_DAYS
HEATING TOTAL       0                 5      -5
 SINCE 7/1          0                 5      -5
COOLING TOTAL     490               314     176
 SINCE 1/1        749               487     262

FREEZE DATES
RECORD
 EARLIEST     08/23/1973
 LATEST       06/27/1974
EARLIEST                        10/03
LATEST                          05/21
.................................................

WIND (MPH)
AVERAGE WIND SPEED              6.6
HIGHEST WIND SPEED/DIRECTION    51/170    DATE  07/01
HIGHEST GUST SPEED/DIRECTION    68/200    DATE  07/01

AVERAGE RH (PERCENT)     33

WEATHER CONDITIONS. NUMBER OF DAYS WITH
THUNDERSTORM             11     MIXED PRECIP               0
HEAVY RAIN                0     RAIN                       0
LIGHT RAIN                7     FREEZING RAIN              0
LT FREEZING RAIN          0     HAIL                       0
HEAVY SNOW                0     SNOW                       0
LIGHT SNOW                0     SLEET                      0
FOG                       1     FOG W/VIS <= 1/4 MILE      0
HAZE                      1

-  INDICATES NEGATIVE NUMBERS.
R  INDICATES RECORD WAS SET OR TIED.
MM INDICATES DATA IS MISSING.
T  INDICATES TRACE AMOUNT.

$$








U.S. Dept. of Commerce
NOAA National Weather Service
1325 East West Highway
Silver Spring, MD 20910
E-mail: w-nws.webmaster@noaa.gov
Page last modified: May 16, 2007
NATIONAL WEATHER SERVICE: for Safety, for Work, for Fun - FOR LIFE