654
CXUS55 KREV 010912
CLMRNO

CLIMATE REPORT
NATIONAL WEATHER SERVICE RENO NV
101 AM PST MON DEC 1 2014

...................................

...THE RENO TAHOE AIRPORT NV CLIMATE SUMMARY FOR THE MONTH OF NOVEMBER 2014...

THE AVERAGE TEMPERATURE FOR NOVEMBER 2014 AT THE RENO TAHOE AIRPORT
WAS 45.8 DEGREES WHICH IS 3.0 DEGREES ABOVE NORMAL.  THIS MAKES
NOVEMBER 2014 THE SIXTH WARMEST NOVEMBER ON RECORD AT RENO.  IN
ADDITION...WITH AN AVERAGE TEMPERATURE OF 57.7 DEGREES...AUTUMN 2014
(SEPTEMBER THROUGH NOVEMBER) IS NOW THE SECOND WARMEST AUTUMN ON
RECORD AT RENO.

THE HIGHEST TEMPERATURE FOR NOVEMBER WAS 76 DEGREES WHICH OCCURRED
ON THE 9TH.  THE LOWEST TEMPERATURE FOR THE MONTH WAS 19 DEGREES
WHICH WAS RECORDED ON THE 17TH.

FOR NOVEMBER 2014 A TOTAL OF 0.31 INCH OF PRECIPITATION WAS RECORDED
AT THE RENO TAHOE INTERNATIONAL AIRPORT.  THIS IS 0.51 INCH BELOW
NORMAL.

THE AVERAGE WIND SPEED FOR THE MONTH WAS 4.5 MPH.  THE PEAK WIND
GUST FOR THE MONTH WAS 47 MPH FROM THE WEST WHICH OCCURRED ON THE
28TH AND 47 MPH FROM THE SOUTHEAST WHICH OCCURRED ON THE 29TH.

CLIMATE NORMAL PERIOD 1981 TO 2010
CLIMATE RECORD PERIOD 1888 TO 2014

WEATHER         OBSERVED          NORMAL  DEPART
                 VALUE   DATE(S)  VALUE   FROM
                                          NORMAL
................................................
TEMPERATURE (F)
RECORD
 HIGH              77   11/01/2005
                        11/05/1980
                        11/01/1960
 LOW                1   11/17/1958
HIGHEST            76   11/09        77      -1
LOWEST             19   11/17         1      18
AVG. MAXIMUM     58.9              55.0     3.9
AVG. MINIMUM     32.6              30.5     2.1
MEAN             45.8              42.7     3.1
DAYS MAX >= 90      0               0.0     0.0
DAYS MAX <= 32      0               0.4    -0.4
DAYS MIN <= 32     14              18.2    -4.2
DAYS MIN <= 0       0               0.0     0.0

PRECIPITATION (INCHES)
RECORD
 MAXIMUM         4.65   1892
 MINIMUM         0.00   1959
TOTALS           0.31              0.82   -0.51
DAILY AVG.       0.01              0.03   -0.02
DAYS >= .01         5               5.0     0.0
DAYS >= .10         1               2.2    -1.2
DAYS >= .50         0               0.4    -0.4
DAYS >= 1.00        0               0.1    -0.1
GREATEST
 24 HR. TOTAL    0.28   10/31 TO 11/01
 STORM TOTAL       MM
 (MM/DD(HH))            MM

SNOWFALL (INCHES)
RECORDS
 TOTAL           16.5   5
                        0
 24 HR TOTAL       MM
TOTALS            0.0               3.1    -3.1
 LIQUID EQUIV    0.00              0.30   -0.30
SINCE 7/1         0.0               3.5    -3.5
 LIQUID 7/1      0.00
DAYS >= TRACE       0               1.9    -1.9
DAYS >= 1.0         0               0.8    -0.8
GREATEST
 SNOW DEPTH         0   MM
 24 HR TOTAL      0.0   11/30 TO 11/30
 STORM TOTAL       MM
 (MM/DD(HH))            MM

DEGREE_DAYS
HEATING TOTAL     570               667     -97
 SINCE 7/1        825              1103    -278
COOLING TOTAL       0                 0       0
 SINCE 1/1       1211               839     372

FREEZE DATES
RECORD
 EARLIEST     08/23/1973
 LATEST       06/27/1974
EARLIEST                        10/03
LATEST                          05/21
.................................................

WIND (MPH)
AVERAGE WIND SPEED              4.5
HIGHEST WIND SPEED/DIRECTION    37/170    DATE  11/29
HIGHEST GUST SPEED/DIRECTION    47/140    DATE  11/29

AVERAGE RH (PERCENT)     53

WEATHER CONDITIONS. NUMBER OF DAYS WITH
THUNDERSTORM              0     MIXED PRECIP               0
HEAVY RAIN                0     RAIN                       3
LIGHT RAIN                6     FREEZING RAIN              0
LT FREEZING RAIN          0     HAIL                       0
HEAVY SNOW                0     SNOW                       0
LIGHT SNOW                0     SLEET                      0
FOG                       1     FOG W/VIS <= 1/4 MILE      0
HAZE                      0

-  INDICATES NEGATIVE NUMBERS.
R  INDICATES RECORD WAS SET OR TIED.
MM INDICATES DATA IS MISSING.
T  INDICATES TRACE AMOUNT.

$$








U.S. Dept. of Commerce
NOAA National Weather Service
1325 East West Highway
Silver Spring, MD 20910
E-mail: w-nws.webmaster@noaa.gov
Page last modified: May 16, 2007
NATIONAL WEATHER SERVICE: for Safety, for Work, for Fun - FOR LIFE