151
CXUS51 KRNK 011119
CLMRNK


CLIMATE REPORT
NATIONAL WEATHER SERVICE BLACKSBURG VA
611 AM EST MON DEC 1 2014

...................................

...THE BLACKSBURG VA CLIMATE SUMMARY FOR THE MONTH OF NOVEMBER 2014...

CLIMATE NORMAL PERIOD 1981 TO 2010
CLIMATE RECORD PERIOD 1952 TO 2014

WEATHER         OBSERVED          NORMAL  DEPART  LAST YEAR`S
                 VALUE   DATE(S)  VALUE   FROM    VALUE
                                          NORMAL
.............................................................
TEMPERATURE (F)
RECORD
 HIGH              82   11/01/2004
 LOW                0   11/25/1970
HIGHEST            71   11/11                         70
LOWEST             12   11/15                         13
AVG. MAXIMUM     49.6              55.5    -5.9     50.1
AVG. MINIMUM     27.7              31.0    -3.3     28.5
MEAN             38.6              43.3    -4.7     39.3
DAYS MAX >= 90      0               0.0     0.0
DAYS MAX <= 32      2               0.4     1.6
DAYS MIN <= 32     23              17.3     5.7
DAYS MIN <= 0       0               0.0     0.0

PRECIPITATION (INCHES)
RECORD
 MAXIMUM         7.41   1077
 MINIMUM         0.41   2001
TOTALS           2.73              2.87   -0.14     3.01
DAILY AVG.       0.09              0.10   -0.01     0.10
DAYS >= .01         7               9.1    -2.1
DAYS >= .10         5               6.0    -1.0
DAYS >= .50         2               2.1    -0.1
DAYS >= 1.00        0               0.4    -0.4
GREATEST
 24 HR. TOTAL    0.99   11/26 TO 11/26

SNOWFALL (INCHES)
TOTALS            2.4                                0.1
SINCE 7/1         2.4
SNOWDEPTH AVG.      0
DAYS >= 1.0         1
GREATEST
 SNOW DEPTH         1

DEGREE_DAYS
HEATING TOTAL     783               653     130
 SINCE 7/1       1193              1180      13
COOLING TOTAL       0                 0       0
 SINCE 1/1        609               573      36
..............................................................

WIND (MPH)
AVERAGE WIND SPEED              4.8
HIGHEST WIND SPEED/DIRECTION    25/320    DATE  11/02
HIGHEST GUST SPEED/DIRECTION    38/290    DATE  11/21

SKY COVER
POSSIBLE SUNSHINE (PERCENT)   MM
AVERAGE SKY COVER           0.40
NUMBER OF DAYS FAIR           16
NUMBER OF DAYS PC              7
NUMBER OF DAYS CLOUDY          7

AVERAGE RH (PERCENT)     72

WEATHER CONDITIONS. NUMBER OF DAYS WITH
THUNDERSTORM              0     MIXED PRECIP               0
HEAVY RAIN                2     RAIN                       6
LIGHT RAIN               10     FREEZING RAIN              0
LT FREEZING RAIN          0     HAIL                       0
HEAVY SNOW                0     SNOW                       1
LIGHT SNOW                9     SLEET                      0
FOG                       4     FOG W/VIS <= 1/4 MILE      1
HAZE                      0

-  INDICATES NEGATIVE NUMBERS.
R  INDICATES RECORD WAS SET OR TIED.
MM INDICATES DATA IS MISSING.
T  INDICATES TRACE AMOUNT.

$$




U.S. Dept. of Commerce
NOAA National Weather Service
1325 East West Highway
Silver Spring, MD 20910
E-mail: w-nws.webmaster@noaa.gov
Page last modified: May 16, 2007
NATIONAL WEATHER SERVICE: for Safety, for Work, for Fun - FOR LIFE