713
CXUS51 KRNK 010949
CLMRNK


CLIMATE REPORT
NATIONAL WEATHER SERVICE BLACKSBURG VA
542 AM EDT FRI AUG 1 2014

...................................

...THE BLACKSBURG VA CLIMATE SUMMARY FOR THE MONTH OF JULY 2014...

CLIMATE NORMAL PERIOD 1981 TO 2010
CLIMATE RECORD PERIOD 1952 TO 2014

WEATHER         OBSERVED          NORMAL  DEPART  LAST YEAR`S
                 VALUE   DATE(S)  VALUE   FROM    VALUE
                                          NORMAL
.............................................................
TEMPERATURE (F)
RECORD
 HIGH              99   07/15/1954
 LOW               41   07/07/1972
                        07/10/1961
HIGHEST            89   07/02                         89
LOWEST             47   07/05                         51
AVG. MAXIMUM     81.2              82.2    -1.0     80.1
AVG. MINIMUM     59.5              60.1    -0.6     62.9
MEAN             70.3              71.2    -0.9     71.5
DAYS MAX >= 90      0               2.0    -2.0
DAYS MAX <= 32      0               0.0     0.0
DAYS MIN <= 32      0               0.0     0.0
DAYS MIN <= 0       0               0.0     0.0

PRECIPITATION (INCHES)
RECORD
 MAXIMUM         9.35   1992
 MINIMUM         1.56   1998
TOTALS           1.92              4.26   -2.34     7.78
DAILY AVG.       0.06              0.14   -0.08     0.25
DAYS >= .01        11              12.7    -1.7
DAYS >= .10         5               8.8    -3.8
DAYS >= .50         2               2.9    -0.9
DAYS >= 1.00        0               0.9    -0.9
GREATEST
 24 HR. TOTAL    0.66   07/14 TO 07/14

SNOWFALL (INCHES)
TOTALS            0.0                                0.0
SINCE 7/1         0.0
SNOWDEPTH AVG.      0
DAYS >= 1.0         0
GREATEST
 SNOW DEPTH         0

DEGREE_DAYS
HEATING TOTAL       8                 6       2
 SINCE 7/1          8                 6       2
COOLING TOTAL     180               196     -16
 SINCE 1/1        404               344      60
..............................................................

WIND (MPH)
AVERAGE WIND SPEED              3.3
HIGHEST WIND SPEED/DIRECTION    21/300    DATE  07/28
HIGHEST GUST SPEED/DIRECTION    33/300    DATE  07/28

SKY COVER
POSSIBLE SUNSHINE (PERCENT)   MM
AVERAGE SKY COVER           0.40
NUMBER OF DAYS FAIR           16
NUMBER OF DAYS PC             13
NUMBER OF DAYS CLOUDY          2

AVERAGE RH (PERCENT)     77

WEATHER CONDITIONS. NUMBER OF DAYS WITH
THUNDERSTORM              8     MIXED PRECIP               0
HEAVY RAIN                3     RAIN                       5
LIGHT RAIN               18     FREEZING RAIN              0
LT FREEZING RAIN          0     HAIL                       0
HEAVY SNOW                0     SNOW                       0
LIGHT SNOW                0     SLEET                      0
FOG                      24     FOG W/VIS <= 1/4 MILE      3
SMOKE                     1

-  INDICATES NEGATIVE NUMBERS.
R  INDICATES RECORD WAS SET OR TIED.
MM INDICATES DATA IS MISSING.
T  INDICATES TRACE AMOUNT.

$$





U.S. Dept. of Commerce
NOAA National Weather Service
1325 East West Highway
Silver Spring, MD 20910
E-mail: w-nws.webmaster@noaa.gov
Page last modified: May 16, 2007
NATIONAL WEATHER SERVICE: for Safety, for Work, for Fun - FOR LIFE