011
CXUS55 KRIW 012150
CLMRIW

CYSCLMRIW 000
TTAA00 KRIW 011910


CLIMATE REPORT
NATIONAL WEATHER SERVICE RIVERTON WY
108 PM MDT SAT NOV 1 2014

...PRELIMINARY MONTHLY CLIMATE SUMMARY FOR RIVERTON REGIONAL AIRPORT
FOR THE MONTH OF OCTOBER 2014...

...OFFICIAL CLIMATE DATA FOR THE MONTH OF OCTOBER 2014 WILL BE
AVAILABLE APPROXIMATELY IN DECEMBER 2014 FROM THE NATIONAL CLIMATIC
DATA CENTER (HTTP://WWW.NCDC.NOAA.GOV/OL/CLIMATEDATA.HTML).
UNOFFICIAL ASOS DAILY SUMMARIES ARE AVAILABLE ON THE INTERNET AT
HTTP://WWW.CRH.NOAA.GOV/RIW/CLIMATE/...

...OCTOBER WAS THE 2ND WARMEST AND 3RD DRIEST ON RECORD FOR THE
RIVERTON AIRPORT SITE....

THE AVERAGE TEMPERATURE FOR RIVERTON IN OCTOBER WAS 50.1
DEGREES...WHICH WAS 5.0 DEGREES ABOVE NORMAL. THIS MAKES IT THE 2ND
WARMEST OCTOBER ON RECORD FOR THE RIVERTON AIRPORT SITE. THE WARMEST
OCTOBER CAME IN 2010 WHEN AN AVERAGE TEMPERATURE OF 50.5 DEGREES
OCCURRED. THE WARMEST READING FOR THE MONTH WAS 75 DEGREES ON THE
6TH AND 7TH...WHICH SET NEW DAILY RECORDS FOR THE 6TH...BREAKING THE
OLD RECORD OF 73 DEGREES...LAST SET IN 2003...AND ON THE 7TH...TYING
THE OLD RECORD LAST SET IN 2003. 2 OTHER RECORD HIGH TEMPERATURES
WERE SET DURING THE MONTH. ON THE 24TH A RECORD HIGH TEMPERATURE OF
74 DEGREES BROKE THE PREVIOUS RECORD OF 68 DEGREES...WHICH WAS LAST
SET IN 2011. AND ON THE 25TH A RECORD HIGH TEMPERATURE OF 73 DEGREES
BROKE THE PREVIOUS RECORD OF 68 DEGREES...WHICH WAS LAST SET IN
1999. THE COLDEST READING FOR THE MONTH WAS 25 DEGREES ON THE 28TH.

TOTAL PRECIPITATION FOR THE MONTH WAS 0.16 OF AN INCH...WHICH WAS 18
PERCENT OF NORMAL. THIS MAKES IT THE 3RD DRIEST OCTOBER ON RECORD
FOR THE RIVERTON AIRPORT SITE. THE DRIEST OCTOBER CAME IN 2001 WHEN
ONLY 0.03 INCHES FELL DURING THE MONTH. THE WETTEST 24 HOUR PERIOD
OCCURRED ON THE 1ST...WHEN 0.08 OF AN INCH OF PRECIPITATION FELL.
ONLY A TRACE OF SNOW FELL DURING THE MONTH OF OCTOBER. THE HIGHEST
WIND GUST WAS 50 MPH...WHICH OCCURRED ON THE 21ST.

...THE RIVERTON WY CLIMATE SUMMARY FOR THE MONTH OF OCTOBER 2014...

CLIMATE NORMAL PERIOD 1981 TO 2010
CLIMATE RECORD PERIOD 1995 TO 2014

WEATHER         OBSERVED          NORMAL  DEPART
                 VALUE   DATE(S)  VALUE   FROM
                                          NORMAL
................................................
TEMPERATURE (F)
RECORD
 HIGH              82   10/02/2012
                        10/03/2010
                        10/09/2003
 LOW                0   10/10/2009
HIGHEST            75   10/07
                        10/06
LOWEST             25   10/28
AVG. MAXIMUM     64.6              57.8     6.8
AVG. MINIMUM     35.7              32.5     3.2
MEAN             50.1              45.1     5.0
DAYS MAX >= 90      0
DAYS MAX <= 32      0
DAYS MIN <= 32      9
DAYS MIN <= 0       0

PRECIPITATION (INCHES)
RECORD
 MAXIMUM         2.83   1998
 MINIMUM         0.03   2001
TOTALS           0.16              0.89   -0.73
DAILY AVG.       0.01              0.03   -0.02
DAYS >= .01         3
DAYS >= .10         0
DAYS >= .50         0
DAYS >= 1.00        0
GREATEST
 24 HR. TOTAL    0.08   10/01 TO 10/01
                        09/30 TO 10/01
                        10/01 TO 10/01
 STORM TOTAL       MM
 (MM/DD(HH))

SNOWFALL (INCHES)
TOTALS              T                MM      MM
SINCE 7/1         0.3                MM      MM
SNOWDEPTH AVG.      0
DAYS >= 1.0         0

DEGREE_DAYS
HEATING TOTAL     454               616    -162
 SINCE 7/1        676               880    -204
COOLING TOTAL       0                 0       0
 SINCE 1/1        431               494     -63
.................................................

WIND (MPH)
AVERAGE WIND SPEED              9.3
RESULTANT WIND SPEED/DIRECTION   5/303
HIGHEST WIND SPEED/DIRECTION    41/270    DATE  10/21
HIGHEST GUST SPEED/DIRECTION    50/280    DATE  10/21

SKY COVER
POSSIBLE SUNSHINE (PERCENT)   MM
AVERAGE SKY COVER           0.10
NUMBER OF DAYS FAIR           29
NUMBER OF DAYS PC              1
NUMBER OF DAYS CLOUDY          1

AVERAGE RH (PERCENT)     47

WEATHER CONDITIONS. NUMBER OF DAYS WITH
THUNDERSTORM              0     MIXED PRECIP               0
HEAVY RAIN                0     RAIN                       2
LIGHT RAIN                4     FREEZING RAIN              0
LT FREEZING RAIN          0     HAIL                       0
HEAVY SNOW                0     SNOW                       0
LIGHT SNOW                1     SLEET                      0
FOG                       2     FOG W/VIS <= 1/4 MILE      0
HAZE                      0

-  INDICATES NEGATIVE NUMBERS.
R  INDICATES RECORD WAS SET OR TIED.
MM INDICATES DATA IS MISSING.
T  INDICATES TRACE AMOUNT.

LOOKING AHEAD TO NOVEMBER 2014...THE AVERAGE HIGH TEMPERATURE ON THE
FIRST OF THE MONTH IS 50 DEGREES...AND THE AVERAGE LOW TEMPERATURE
IS 27 DEGREES. THE AVERAGE HIGH BY THE END OF THE MONTH IS 35
DEGREES...AND THE AVERAGE LOW TEMPERATURE IS 12 DEGREES. THE AVERAGE
MONTHLY PRECIPITATION IS 0.50 INCHES.

$$








U.S. Dept. of Commerce
NOAA National Weather Service
1325 East West Highway
Silver Spring, MD 20910
E-mail: w-nws.webmaster@noaa.gov
Page last modified: May 16, 2007
NATIONAL WEATHER SERVICE: for Safety, for Work, for Fun - FOR LIFE