337
CXUS51 KAKQ 012147
CLMRIC


CLIMATE REPORT
NATIONAL WEATHER SERVICE WAKEFIELD, VA
443 PM EST THU JAN 1 2015

...................................

...THE RICHMOND VA CLIMATE SUMMARY FOR THE YEAR OF 2014...

CLIMATE NORMAL PERIOD 1981 TO 2010
CLIMATE RECORD PERIOD 1871 TO 2014

WEATHER         OBSERVED          NORMAL  DEPART  LAST YEAR`S
                 VALUE   DATE(S)  VALUE   FROM    VALUE  DATE(S)
                                          NORMAL
................................................................
TEMPERATURE (F)
RECORD
 HIGH             107   08/06/1918
 LOW              -12   01/29/1940
HIGHEST           101   09/02        MM      MM       96  07/17
                                                          07/16
LOWEST              4   01/30        MM      MM       14  01/23
AVG. MAXIMUM     69.3              69.6    -0.3     69.1
AVG. MINIMUM     48.3              48.1     0.2     49.3
MEAN             58.8              58.9    -0.1     59.2
DAYS MAX >= 90     45              42.0     3.0       46
DAYS MAX <= 32      7               4.5     2.5        2
DAYS MIN <= 32     85              73.5    11.5       77
DAYS MIN <= 0       0               0.1    -0.1        0

PRECIPITATION (INCHES)
RECORD
 MAXIMUM           MM   MM
 MINIMUM           MM   MM
TOTALS          35.74             43.60   -7.86    53.68
DAILY AVG.       0.10              0.12   -0.02     0.15
DAYS >= .01       119             114.0     5.0      123
DAYS >= .10        68              73.6    -5.6       87
DAYS >= .50        24              29.3    -5.3       37
DAYS >= 1.00        8              11.1    -3.1       14
GREATEST
 24 HR. TOTAL    1.99
 STORM TOTAL       MM
 (MM/DD(HH))

SNOWFALL (INCHES)
RECORDS
 TOTAL             MM   MM
 24 HR TOTAL       MM
 SNOW DEPTH        MM   MM
TOTALS           14.5              10.3     4.2      8.6
 LIQUID EQUIV    1.45              1.00    0.45     0.86
SINCE 7/1           T               2.3    -2.3        T
 LIQUID 7/1        MM              0.20      MM       MM
SNOWDEPTH AVG.      0                MM      MM        0
DAYS >= TRACE      19               6.1    12.9       21
DAYS >= 1.0         6               2.9     3.1        6
GREATEST
 SNOW DEPTH         3   01/29                          3  03/25
 24 HR TOTAL      3.7   MM                       03/25 TO 03/25
                                                          03/25 TO 03/25
                                                          03/25 TO 03/25
 STORM TOTAL       MM
 (MM/DD(HH))

DEGREE_DAYS
HEATING TOTAL    3805              3771      34     3667
 SINCE 7/1         MM              1419      MM       MM
COOLING TOTAL    1679              1549     130     1662
 SINCE 1/1       1679              1549     130     1662
......................................................



-  INDICATES NEGATIVE NUMBERS.
R  INDICATES RECORD WAS SET OR TIED.
MM INDICATES DATA IS MISSING.
T  INDICATES TRACE AMOUNT.

$$




U.S. Dept. of Commerce
NOAA National Weather Service
1325 East West Highway
Silver Spring, MD 20910
E-mail: w-nws.webmaster@noaa.gov
Page last modified: May 16, 2007
NATIONAL WEATHER SERVICE: for Safety, for Work, for Fun - FOR LIFE