170
CXUS51 KAKQ 011207
CLMRIC


CLIMATE REPORT
NATIONAL WEATHER SERVICE WAKEFIELD, VA
806 AM EDT WED OCT 1 2014

...................................

...THE RICHMOND VA CLIMATE SUMMARY FOR THE MONTH OF SEPTEMBER 2014...

CLIMATE NORMAL PERIOD 1981 TO 2010
CLIMATE RECORD PERIOD 1871 TO 2014

WEATHER         OBSERVED          NORMAL  DEPART  LAST YEAR`S
                 VALUE   DATE(S)  VALUE   FROM    VALUE  DATE(S)
                                          NORMAL
................................................................
TEMPERATURE (F)
RECORD
 HIGH             103   09/07/1954
 LOW               35   09/24/1974
HIGHEST           101   09/02        81      20       MM  MM
LOWEST             52   09/23        59      -7       MM  MM
AVG. MAXIMUM     81.8              81.2     0.6       MM
AVG. MINIMUM     63.5              60.1     3.4       MM
MEAN             72.7              70.6     2.1       MM
DAYS MAX >= 90      8               3.2     4.8       MM
DAYS MAX <= 32      0               0.0     0.0       MM
DAYS MIN <= 32      0               0.0     0.0       MM
DAYS MIN <= 0       0               0.0     0.0       MM

PRECIPITATION (INCHES)
RECORD
 MAXIMUM        16.60   1999
 MINIMUM         0.08   2005
TOTALS           1.35              4.13   -2.78       MM
DAILY AVG.       0.05              0.14   -0.09       MM
DAYS >= .01         9               8.4     0.6       MM
DAYS >= .10         2               5.2    -3.2       MM
DAYS >= .50         1               2.6    -1.6       MM
DAYS >= 1.00        0               1.3    -1.3       MM
GREATEST
 24 HR. TOTAL    0.67   09/24 TO 09/25

DEGREE_DAYS
HEATING TOTAL       7
 SINCE 7/1          7                29     -22       MM
COOLING TOTAL     244               197      47       MM
 SINCE 1/1       1624              1504     120       MM
.................................................................

WIND (MPH)
AVERAGE WIND SPEED              6.2
HIGHEST WIND SPEED/DIRECTION    22/040    DATE  09/24
HIGHEST GUST SPEED/DIRECTION    30/330    DATE  09/22

SKY COVER
POSSIBLE SUNSHINE (PERCENT)   MM
AVERAGE SKY COVER           0.70

AVERAGE RH (PERCENT)     70

WEATHER CONDITIONS. NUMBER OF DAYS WITH
THUNDERSTORM              0     MIXED PRECIP               0
HEAVY RAIN                1     RAIN                       2
LIGHT RAIN               12     FREEZING RAIN              0
LT FREEZING RAIN          0     HAIL                       0
HEAVY SNOW                0     SNOW                       0
LIGHT SNOW                0     SLEET                      0
FOG                      14     FOG W/VIS <= 1/4 MILE      0
HAZE                      3

-  INDICATES NEGATIVE NUMBERS.
R  INDICATES RECORD WAS SET OR TIED.
MM INDICATES DATA IS MISSING.
T  INDICATES TRACE AMOUNT.

$$




U.S. Dept. of Commerce
NOAA National Weather Service
1325 East West Highway
Silver Spring, MD 20910
E-mail: w-nws.webmaster@noaa.gov
Page last modified: May 16, 2007
NATIONAL WEATHER SERVICE: for Safety, for Work, for Fun - FOR LIFE