158
CXUS51 KAKQ 011336
CLMRIC


CLIMATE REPORT
NATIONAL WEATHER SERVICE WAKEFIELD, VA
935 AM EDT MON SEP 1 2014

...................................

...THE RICHMOND VA CLIMATE SUMMARY FOR THE MONTH OF AUGUST 2014...

CLIMATE NORMAL PERIOD 1981 TO 2010
CLIMATE RECORD PERIOD 1871 TO 2014

WEATHER         OBSERVED          NORMAL  DEPART  LAST YEAR`S
                 VALUE   DATE(S)  VALUE   FROM    VALUE  DATE(S)
                                          NORMAL
................................................................
TEMPERATURE (F)
RECORD
 HIGH             107   08/06/1918
 LOW               46   08/31/1934
HIGHEST            94   08/31        87       7       93  08/09
LOWEST             60   08/27        66      -6       57  08/26
                        08/14
AVG. MAXIMUM     85.5              87.6    -2.1     84.6
AVG. MINIMUM     67.2              67.4    -0.2     67.1
MEAN             76.4              77.5    -1.1     75.9
DAYS MAX >= 90      5              10.8    -5.8        7
DAYS MAX <= 32      0               0.0     0.0        0
DAYS MIN <= 32      0               0.0     0.0        0
DAYS MIN <= 0       0               0.0     0.0        0

PRECIPITATION (INCHES)
RECORD
 MAXIMUM        16.30   2004
 MINIMUM         0.45   1896
TOTALS           3.61              4.66   -1.05     7.64
DAILY AVG.       0.12              0.15   -0.03     0.25
DAYS >= .01         9               9.1    -0.1       13
DAYS >= .10         8               6.3     1.7        8
DAYS >= .50         2               3.1    -1.1        5
DAYS >= 1.00        1               1.3    -0.3        3
GREATEST
 24 HR. TOTAL    1.15   08/01 TO 08/01

DEGREE_DAYS
HEATING TOTAL       0
 SINCE 7/1          0                 1      -1        0
COOLING TOTAL     358               388     -30      344
 SINCE 1/1       1380              1307      73     1405
.................................................................

WIND (MPH)
AVERAGE WIND SPEED              5.0
HIGHEST WIND SPEED/DIRECTION    22/220    DATE  08/14
HIGHEST GUST SPEED/DIRECTION    28/200    DATE  08/31

SKY COVER
POSSIBLE SUNSHINE (PERCENT)   MM
AVERAGE SKY COVER           0.70

AVERAGE RH (PERCENT)     69

WEATHER CONDITIONS. NUMBER OF DAYS WITH
THUNDERSTORM              0     MIXED PRECIP               0
HEAVY RAIN                6     RAIN                       6
LIGHT RAIN               10     FREEZING RAIN              0
LT FREEZING RAIN          0     HAIL                       0
HEAVY SNOW                0     SNOW                       0
LIGHT SNOW                0     SLEET                      0
FOG                      15     FOG W/VIS <= 1/4 MILE      0
HAZE                      5

-  INDICATES NEGATIVE NUMBERS.
R  INDICATES RECORD WAS SET OR TIED.
MM INDICATES DATA IS MISSING.
T  INDICATES TRACE AMOUNT.

$$




U.S. Dept. of Commerce
NOAA National Weather Service
1325 East West Highway
Silver Spring, MD 20910
E-mail: w-nws.webmaster@noaa.gov
Page last modified: May 16, 2007
NATIONAL WEATHER SERVICE: for Safety, for Work, for Fun - FOR LIFE