795
CXUS53 KGRB 010913
CLMRHI

CLIMATE REPORT
NATIONAL WEATHER SERVICE GREEN BAY
410 AM CDT SAT NOV 1 2014

...................................

...THE RHINELANDER WI CLIMATE SUMMARY FOR THE MONTH OF OCTOBER 2014...

CLIMATE NORMAL PERIOD 1981 TO 2010
CLIMATE RECORD PERIOD 1908 TO 2014

WEATHER         OBSERVED          NORMAL  DEPART  LAST YEAR`S
                 VALUE   DATE(S)  VALUE   FROM    VALUE  DATE(S)
                                          NORMAL
................................................................
TEMPERATURE (F)
RECORD
 HIGH              86   10/02/1953
 LOW                2   10/30/1925
HIGHEST            63   10/02        74     -11       75  10/01
LOWEST             18   10/31        20      -2       20  10/29
AVG. MAXIMUM     51.3              53.6    -2.3     53.1
AVG. MINIMUM     34.0              33.9     0.1     34.4
MEAN             42.6              43.7    -1.1     43.8
DAYS MAX >= 90      0               0.0     0.0        0
DAYS MAX <= 32      1               0.3     0.7        0
DAYS MIN <= 32     13              14.5    -1.5       16
DAYS MIN <= 0       0               0.0     0.0        0

PRECIPITATION (INCHES)
RECORD
 MAXIMUM         8.87   1911
 MINIMUM         0.23   1952
TOTALS           3.44              3.04    0.40     4.15
DAILY AVG.       0.11              0.10    0.01     0.13
DAYS >= .01        18                MM      MM       17
DAYS >= .10        10                MM      MM        7
DAYS >= .50         2                MM      MM        3
DAYS >= 1.00        0                MM      MM        0
GREATEST
 STORM TOTAL       MM
 (MM/DD(HH))            MM

SNOWFALL (INCHES)
RECORDS
 TOTAL           10.5   2002
TOTALS            2.7                MM      MM      2.2
SINCE 7/1         2.7                MM      MM      2.2
DAYS >= TRACE       7                MM      MM        9
DAYS >= 1.0         1                MM      MM        1
GREATEST
 SNOW DEPTH         1   10/31                          1  10/21
 24 HR TOTAL      2.3   MM

DEGREE_DAYS
HEATING TOTAL     685               661      24      650
 SINCE 7/1       1199              1093     106     1102
COOLING TOTAL       0                 2      -2        0
 SINCE 1/1        148               261    -113      281
.................................................................

WIND (MPH)
AVERAGE WIND SPEED              7.6
HIGHEST WIND SPEED/DIRECTION    26/280    DATE  10/25
HIGHEST GUST SPEED/DIRECTION    41/020    DATE  10/14

SKY COVER
POSSIBLE SUNSHINE (PERCENT)   MM
AVERAGE SKY COVER           0.70
NUMBER OF DAYS FAIR            7
NUMBER OF DAYS PC              7
NUMBER OF DAYS CLOUDY         17

AVERAGE RH (PERCENT)     76

WEATHER CONDITIONS. NUMBER OF DAYS WITH
THUNDERSTORM              1     MIXED PRECIP               0
HEAVY RAIN                3     RAIN                       3
LIGHT RAIN               17     FREEZING RAIN              0
LT FREEZING RAIN          0     HAIL                       0
HEAVY SNOW                0     SNOW                       2
LIGHT SNOW                7     SLEET                      0
FOG                      23     FOG W/VIS <= 1/4 MILE      4
HAZE                      1

-  INDICATES NEGATIVE NUMBERS.
R  INDICATES RECORD WAS SET OR TIED.
MM INDICATES DATA IS MISSING.
T  INDICATES TRACE AMOUNT.

$$





U.S. Dept. of Commerce
NOAA National Weather Service
1325 East West Highway
Silver Spring, MD 20910
E-mail: w-nws.webmaster@noaa.gov
Page last modified: May 16, 2007
NATIONAL WEATHER SERVICE: for Safety, for Work, for Fun - FOR LIFE