915
CXUS53 KGRB 010828
CLMRHI


CLIMATE REPORT
NATIONAL WEATHER SERVICE GREEN BAY
327 AM CDT WED OCT 1 2014

...................................

...THE RHINELANDER WI CLIMATE SUMMARY FOR THE MONTH OF SEPTEMBER 2014...

CLIMATE NORMAL PERIOD 1981 TO 2010
CLIMATE RECORD PERIOD 1908 TO 2014

WEATHER         OBSERVED          NORMAL  DEPART  LAST YEAR`S
                 VALUE   DATE(S)  VALUE   FROM    VALUE  DATE(S)
                                          NORMAL
................................................................
TEMPERATURE (F)
RECORD
 HIGH              98   09/10/1908
 LOW               21   09/30/1918
HIGHEST            79   09/28        83      -4       84  09/07
LOWEST             29   09/13        29       0       29  09/22
                        09/12                             09/16
AVG. MAXIMUM     66.5              66.5     0.0     69.6
AVG. MINIMUM     42.0              44.4    -2.4     43.5
MEAN             54.3              55.5    -1.2     56.6
DAYS MAX >= 90      0               0.0     0.0        0
DAYS MAX <= 32      0               0.0     0.0        0
DAYS MIN <= 32      6               2.3     3.7        4
DAYS MIN <= 0       0               0.0     0.0        0

PRECIPITATION (INCHES)
RECORD
 MAXIMUM         8.90   1934
 MINIMUM         0.40   1976
TOTALS           6.38              4.20    2.18     2.12
DAILY AVG.       0.21              0.14    0.07     0.07
DAYS >= .01        12                MM      MM       13
DAYS >= .10         8                MM      MM        6
DAYS >= .50         4                MM      MM        1
DAYS >= 1.00        2                MM      MM        1
GREATEST
 STORM TOTAL       MM
 (MM/DD(HH))            MM

SNOWFALL (INCHES)
RECORDS
 TOTAL            0.5   1942
TOTALS              T                MM      MM      0.0
SINCE 7/1           T                MM      MM      0.0
DAYS >= TRACE       1                MM      MM        0
DAYS >= 1.0         0                MM      MM        0
GREATEST
 SNOW DEPTH         0   MM                             0  MM
 24 HR TOTAL        T   09/10 TO 09/10

DEGREE_DAYS
HEATING TOTAL     314               305       9      262
 SINCE 7/1        514               432      82      452
COOLING TOTAL       1                18     -17       17
 SINCE 1/1        148               259    -111      281
.................................................................

WIND (MPH)
AVERAGE WIND SPEED              6.1
HIGHEST WIND SPEED/DIRECTION    24/200    DATE  09/19
HIGHEST GUST SPEED/DIRECTION    36/210    DATE  09/19

SKY COVER
POSSIBLE SUNSHINE (PERCENT)   MM
AVERAGE SKY COVER           0.40
NUMBER OF DAYS FAIR           15
NUMBER OF DAYS PC             10
NUMBER OF DAYS CLOUDY          5

AVERAGE RH (PERCENT)     77

WEATHER CONDITIONS. NUMBER OF DAYS WITH
THUNDERSTORM              4     MIXED PRECIP               0
HEAVY RAIN                5     RAIN                       7
LIGHT RAIN               12     FREEZING RAIN              0
LT FREEZING RAIN          0     HAIL                       0
HEAVY SNOW                0     SNOW                       0
LIGHT SNOW                1     SLEET                      0
FOG                      24     FOG W/VIS <= 1/4 MILE      7
HAZE                      0

-  INDICATES NEGATIVE NUMBERS.
R  INDICATES RECORD WAS SET OR TIED.
MM INDICATES DATA IS MISSING.
T  INDICATES TRACE AMOUNT.

$$





U.S. Dept. of Commerce
NOAA National Weather Service
1325 East West Highway
Silver Spring, MD 20910
E-mail: w-nws.webmaster@noaa.gov
Page last modified: May 16, 2007
NATIONAL WEATHER SERVICE: for Safety, for Work, for Fun - FOR LIFE