816
CXUS53 KGRB 010939
CLMRHI


CLIMATE REPORT
NATIONAL WEATHER SERVICE GREEN BAY
438 AM CDT TUE APR 1 2014

...................................

...THE RHINELANDER WI CLIMATE SUMMARY FOR THE MONTH OF MARCH 2014...

CLIMATE NORMAL PERIOD 1981 TO 2010
CLIMATE RECORD PERIOD 1908 TO 2014

WEATHER         OBSERVED          NORMAL  DEPART  LAST YEAR`S
                 VALUE   DATE(S)  VALUE   FROM    VALUE  DATE(S)
                                          NORMAL
................................................................
TEMPERATURE (F)
RECORD
 HIGH              79   03/29/1910
 LOW              -34   03/11/1948
HIGHEST            54   03/10        60      -6       48  03/29
LOWEST            -28   03/03       -11     -17      -10  03/17
                                                          03/03
AVG. MAXIMUM     29.3              37.2    -7.9     31.7
AVG. MINIMUM      7.4              17.1    -9.7     12.1
MEAN             18.3              27.1    -8.8     21.9
DAYS MAX >= 90      0               0.0     0.0        0
DAYS MAX <= 32     17              10.4     6.6       20
DAYS MIN <= 32     30              27.6     2.4       31
DAYS MIN <= 0      10               3.3     6.7        4

PRECIPITATION (INCHES)
RECORD
 MAXIMUM         5.75   1942
 MINIMUM         0.15   1978
TOTALS           0.76              1.57   -0.81     2.01
DAILY AVG.       0.02              0.05   -0.03     0.06
DAYS >= .01         8                MM      MM       11
DAYS >= .10         1                MM      MM        5
DAYS >= .50         1                MM      MM        1
DAYS >= 1.00        0                MM      MM        0
GREATEST
 STORM TOTAL       MM
 (MM/DD(HH))            MM

SNOWFALL (INCHES)
RECORDS
 TOTAL           27.6   2011
TOTALS            9.6                MM      MM     16.2
SINCE 7/1        82.1                MM      MM     68.8
DAYS >= TRACE      18                MM      MM       21
DAYS >= 1.0         2                MM      MM        5
GREATEST
 SNOW DEPTH        28   03/04                         24  03/20
                                                          03/19
 24 HR TOTAL      4.2   MM

DEGREE_DAYS
HEATING TOTAL    1439              1173     266     1329
 SINCE 7/1       9068              7795    1273     7729
COOLING TOTAL       0                 0       0        0
 SINCE 1/1          0                 0       0        0
.................................................................

WIND (MPH)
AVERAGE WIND SPEED              7.6
HIGHEST WIND SPEED/DIRECTION    25/270    DATE  03/24
HIGHEST GUST SPEED/DIRECTION    33/270    DATE  03/24

SKY COVER
POSSIBLE SUNSHINE (PERCENT)   MM
AVERAGE SKY COVER           0.40
NUMBER OF DAYS FAIR           15
NUMBER OF DAYS PC             11
NUMBER OF DAYS CLOUDY          5

AVERAGE RH (PERCENT)     69

WEATHER CONDITIONS. NUMBER OF DAYS WITH
THUNDERSTORM              0     MIXED PRECIP               0
HEAVY RAIN                0     RAIN                       0
LIGHT RAIN                1     FREEZING RAIN              0
LT FREEZING RAIN          0     HAIL                       0
HEAVY SNOW                1     SNOW                       2
LIGHT SNOW               17     SLEET                      0
FOG                      15     FOG W/VIS <= 1/4 MILE      1
HAZE                     14

-  INDICATES NEGATIVE NUMBERS.
R  INDICATES RECORD WAS SET OR TIED.
MM INDICATES DATA IS MISSING.
T  INDICATES TRACE AMOUNT.

$$





U.S. Dept. of Commerce
NOAA National Weather Service
1325 East West Highway
Silver Spring, MD 20910
E-mail: w-nws.webmaster@noaa.gov
Page last modified: May 16, 2007
NATIONAL WEATHER SERVICE: for Safety, for Work, for Fun - FOR LIFE