137
CXUS53 KGRB 010704
CLMRHI


CLIMATE REPORT
NATIONAL WEATHER SERVICE GREEN BAY
204 AM CDT FRI AUG 1 2014

...................................

...THE RHINELANDER WI CLIMATE SUMMARY FOR THE MONTH OF JULY 2014...

CLIMATE NORMAL PERIOD 1981 TO 2010
CLIMATE RECORD PERIOD 1908 TO 2014

WEATHER         OBSERVED          NORMAL  DEPART  LAST YEAR`S
                 VALUE   DATE(S)  VALUE   FROM    VALUE  DATE(S)
                                          NORMAL
................................................................
TEMPERATURE (F)
RECORD
 HIGH             108   07/13/1936
 LOW               31   07/13/1930
HIGHEST            84   07/21        90      -6       90  07/18
                                                          07/17
                                                          07/16
LOWEST             39   07/04        42      -3       40  07/29
AVG. MAXIMUM     73.6              79.0    -5.4     77.5
AVG. MINIMUM     51.1              54.5    -3.4     55.1
MEAN             62.4              66.8    -4.4     66.3
DAYS MAX >= 90      0               1.0    -1.0        3
DAYS MAX <= 32      0               0.0     0.0        0
DAYS MIN <= 32      0               0.0     0.0        0
DAYS MIN <= 0       0               0.0     0.0        0

PRECIPITATION (INCHES)
RECORD
 MAXIMUM        10.24   2000
 MINIMUM         0.63   1989
TOTALS           3.99              4.02   -0.03     2.74
DAILY AVG.       0.13              0.13    0.00     0.09
DAYS >= .01        13                MM      MM       11
DAYS >= .10         6                MM      MM        6
DAYS >= .50         3                MM      MM        2
DAYS >= 1.00        1                MM      MM        1
GREATEST
 STORM TOTAL       MM
 (MM/DD(HH))            MM

SNOWFALL (INCHES)
RECORDS
 TOTAL            0.0   MM
TOTALS            0.0                MM      MM      0.0
SINCE 7/1         0.0                MM      MM      0.0
DAYS >= TRACE       0                MM      MM        0
DAYS >= 1.0         0                MM      MM        0
GREATEST
 SNOW DEPTH         0   MM                             0  MM
 24 HR TOTAL      0.0   07/31 TO 07/31

DEGREE_DAYS
HEATING TOTAL     124                51      73       84
 SINCE 7/1        124                51      73       84
COOLING TOTAL      49               105     -56      132
 SINCE 1/1        118               170     -52      186
.................................................................

WIND (MPH)
AVERAGE WIND SPEED              6.6
HIGHEST WIND SPEED/DIRECTION    30/260    DATE  07/12
HIGHEST GUST SPEED/DIRECTION    40/330    DATE  07/06

SKY COVER
POSSIBLE SUNSHINE (PERCENT)   MM
AVERAGE SKY COVER           0.50
NUMBER OF DAYS FAIR            8
NUMBER OF DAYS PC             18
NUMBER OF DAYS CLOUDY          5

AVERAGE RH (PERCENT)     74

WEATHER CONDITIONS. NUMBER OF DAYS WITH
THUNDERSTORM              0     MIXED PRECIP               0
HEAVY RAIN                3     RAIN                       6
LIGHT RAIN               15     FREEZING RAIN              0
LT FREEZING RAIN          0     HAIL                       0
HEAVY SNOW                0     SNOW                       0
LIGHT SNOW                0     SLEET                      0
FOG                      22     FOG W/VIS <= 1/4 MILE      5
HAZE                      1

-  INDICATES NEGATIVE NUMBERS.
R  INDICATES RECORD WAS SET OR TIED.
MM INDICATES DATA IS MISSING.
T  INDICATES TRACE AMOUNT.

$$





U.S. Dept. of Commerce
NOAA National Weather Service
1325 East West Highway
Silver Spring, MD 20910
E-mail: w-nws.webmaster@noaa.gov
Page last modified: May 16, 2007
NATIONAL WEATHER SERVICE: for Safety, for Work, for Fun - FOR LIFE