812
CXUS53 KGRB 010849
CLMRHI


CLIMATE REPORT
NATIONAL WEATHER SERVICE GREEN BAY
242 AM CST MON DEC 1 2014

...COLDEST NOVEMBER ON RECORD...
...SNOWIEST NOVEMBER ON RECORD...
...................................

...THE RHINELANDER WI CLIMATE SUMMARY FOR THE MONTH OF NOVEMBER 2014...

CLIMATE NORMAL PERIOD 1981 TO 2010
CLIMATE RECORD PERIOD 1908 TO 2014

WEATHER         OBSERVED          NORMAL  DEPART  LAST YEAR`S
                 VALUE   DATE(S)  VALUE   FROM    VALUE  DATE(S)
                                          NORMAL
................................................................
TEMPERATURE (F)
RECORD
 HIGH              73   11/05/1975
 LOW              -16   11/30/1976
HIGHEST            49   11/03        57      -8       52  11/16
LOWEST            -11   11/27         2     -13       -9  11/24
AVG. MAXIMUM     28.2              37.9    -9.7     34.9
AVG. MINIMUM     13.1              22.7    -9.6     19.7
MEAN             20.6              30.3    -9.7     27.3
DAYS MAX >= 90      0               0.0     0.0        0
DAYS MAX <= 32     18              10.0     8.0       10
DAYS MIN <= 32     27              25.6     1.4       27
DAYS MIN <= 0       8               0.5     7.5        2

PRECIPITATION (INCHES)
RECORD
 MAXIMUM         5.71   1934
 MINIMUM         0.12   1939
TOTALS           3.32              1.84    1.48     2.10
DAILY AVG.       0.11              0.06    0.05     0.07
DAYS >= .01        20                MM      MM       17
DAYS >= .10         9                MM      MM        6
DAYS >= .50         3                MM      MM        1
DAYS >= 1.00        0                MM      MM        0
GREATEST
 STORM TOTAL       MM
 (MM/DD(HH))            MM

SNOWFALL (INCHES)
RECORDS
 TOTAL           21.5   1957
TOTALS           32.4R               MM      MM      7.6
SINCE 7/1        35.1                MM      MM      9.8
DAYS >= TRACE      23                MM      MM       19
DAYS >= 1.0        10                MM      MM        3
GREATEST
 SNOW DEPTH        14   11/11                          2  11/30
                                                          11/29
                                                          11/28
 24 HR TOTAL      8.3   MM

DEGREE_DAYS
HEATING TOTAL    1322              1041     281     1125
 SINCE 7/1       2521              2134     387     2227
COOLING TOTAL       0                 0       0        0
 SINCE 1/1        148               261    -113      281
.................................................................

WIND (MPH)
AVERAGE WIND SPEED              8.4
HIGHEST WIND SPEED/DIRECTION    26/270    DATE  11/04
HIGHEST GUST SPEED/DIRECTION    40/270    DATE  11/04

SKY COVER
POSSIBLE SUNSHINE (PERCENT)   MM
AVERAGE SKY COVER           0.70
NUMBER OF DAYS FAIR            5
NUMBER OF DAYS PC              7
NUMBER OF DAYS CLOUDY         18

AVERAGE RH (PERCENT)     80

WEATHER CONDITIONS. NUMBER OF DAYS WITH
THUNDERSTORM              0     MIXED PRECIP               0
HEAVY RAIN                0     RAIN                       2
LIGHT RAIN                4     FREEZING RAIN              0
LT FREEZING RAIN          2     HAIL                       0
HEAVY SNOW                2     SNOW                       5
LIGHT SNOW               22     SLEET                      1
FOG                      28     FOG W/VIS <= 1/4 MILE      7
HAZE                     13

-  INDICATES NEGATIVE NUMBERS.
R  INDICATES RECORD WAS SET OR TIED.
MM INDICATES DATA IS MISSING.
T  INDICATES TRACE AMOUNT.

$$





U.S. Dept. of Commerce
NOAA National Weather Service
1325 East West Highway
Silver Spring, MD 20910
E-mail: w-nws.webmaster@noaa.gov
Page last modified: May 16, 2007
NATIONAL WEATHER SERVICE: for Safety, for Work, for Fun - FOR LIFE